

--
-- Name: _system; Type: SCHEMA; Schema: -; Owner: neondb_owner
--

CREATE SCHEMA _system;


ALTER SCHEMA _system OWNER TO neondb_owner;



--
-- Name: replit_database_migrations_v1; Type: TABLE; Schema: _system; Owner: neondb_owner
--

CREATE TABLE _system.replit_database_migrations_v1 (
    id bigint NOT NULL,
    build_id text NOT NULL,
    deployment_id text NOT NULL,
    statement_count bigint NOT NULL,
    applied_at timestamp with time zone DEFAULT CURRENT_TIMESTAMP
);


ALTER TABLE _system.replit_database_migrations_v1 OWNER TO neondb_owner;

--
-- Name: replit_database_migrations_v1_id_seq; Type: SEQUENCE; Schema: _system; Owner: neondb_owner
--

CREATE SEQUENCE _system.replit_database_migrations_v1_id_seq
    START WITH 1
    INCREMENT BY 1
    NO MINVALUE
    NO MAXVALUE
    CACHE 1;


ALTER SEQUENCE _system.replit_database_migrations_v1_id_seq OWNER TO neondb_owner;

--
-- Name: replit_database_migrations_v1_id_seq; Type: SEQUENCE OWNED BY; Schema: _system; Owner: neondb_owner
--

ALTER SEQUENCE _system.replit_database_migrations_v1_id_seq OWNED BY _system.replit_database_migrations_v1.id;

--
-- Name: applications; Type: TABLE; Schema: public; Owner: neondb_owner
--

CREATE TABLE public.applications (
    id character varying DEFAULT gen_random_uuid() NOT NULL,
    applicant_user_id character varying,
    property_id character varying,
    unit_id character varying,
    status character varying(20) DEFAULT 'draft'::character varying,
    application_data jsonb,
    submitted_at timestamp without time zone,
    created_at timestamp without time zone DEFAULT now(),
    updated_at timestamp without time zone DEFAULT now()
);


ALTER TABLE public.applications OWNER TO neondb_owner;

--
-- Name: audit_logs; Type: TABLE; Schema: public; Owner: neondb_owner
--

CREATE TABLE public.audit_logs (
    id character varying DEFAULT gen_random_uuid() NOT NULL,
    actor_user_id character varying,
    action character varying(100) NOT NULL,
    entity_type character varying(50) NOT NULL,
    entity_id character varying,
    metadata jsonb,
    created_at timestamp without time zone DEFAULT now()
);


ALTER TABLE public.audit_logs OWNER TO neondb_owner;

--
-- Name: entities; Type: TABLE; Schema: public; Owner: neondb_owner
--

CREATE TABLE public.entities (
    id character varying DEFAULT gen_random_uuid() NOT NULL,
    name character varying(255) NOT NULL,
    type character varying(50) DEFAULT 'llc'::character varying,
    tax_id character varying(50),
    address character varying(500),
    city character varying(100),
    state character varying(50),
    zip character varying(20),
    contact_name character varying(255),
    contact_email character varying(255),
    contact_phone character varying(20),
    stripe_account_id character varying(255),
    stripe_account_status character varying(50) DEFAULT 'pending'::character varying,
    payment_enabled boolean DEFAULT false,
    created_at timestamp without time zone DEFAULT now(),
    updated_at timestamp without time zone DEFAULT now()
);


ALTER TABLE public.entities OWNER TO neondb_owner;

--
-- Name: expenses; Type: TABLE; Schema: public; Owner: neondb_owner
--

CREATE TABLE public.expenses (
    id character varying DEFAULT gen_random_uuid() NOT NULL,
    property_id character varying,
    tenant_id character varying,
    maintenance_request_id character varying,
    date character varying(20) NOT NULL,
    amount character varying(50) NOT NULL,
    category character varying(100) NOT NULL,
    description text,
    notes text,
    file_url character varying(1000),
    file_name character varying(500),
    created_at timestamp without time zone DEFAULT now(),
    updated_at timestamp without time zone DEFAULT now()
);


ALTER TABLE public.expenses OWNER TO neondb_owner;

--
-- Name: files; Type: TABLE; Schema: public; Owner: neondb_owner
--

CREATE TABLE public.files (
    id character varying DEFAULT gen_random_uuid() NOT NULL,
    owner_type character varying(50) NOT NULL,
    owner_id character varying NOT NULL,
    filename character varying(255) NOT NULL,
    mime_type character varying(100),
    size integer,
    storage_key character varying(500) NOT NULL,
    tags text[],
    uploaded_by_user_id character varying,
    created_at timestamp without time zone DEFAULT now()
);


ALTER TABLE public.files OWNER TO neondb_owner;

--
-- Name: invoice_items; Type: TABLE; Schema: public; Owner: neondb_owner
--

CREATE TABLE public.invoice_items (
    id character varying DEFAULT gen_random_uuid() NOT NULL,
    rent_charge_id character varying NOT NULL,
    description character varying(255) NOT NULL,
    amount numeric(10,2) NOT NULL,
    created_at timestamp without time zone DEFAULT now()
);


ALTER TABLE public.invoice_items OWNER TO neondb_owner;

--
-- Name: leases; Type: TABLE; Schema: public; Owner: neondb_owner
--

CREATE TABLE public.leases (
    id character varying DEFAULT gen_random_uuid() NOT NULL,
    tenant_id character varying NOT NULL,
    property_id character varying NOT NULL,
    unit_id character varying,
    start_date timestamp without time zone NOT NULL,
    end_date timestamp without time zone NOT NULL,
    rent_amount numeric(10,2) NOT NULL,
    deposit_amount numeric(10,2),
    status character varying(20) DEFAULT 'active'::character varying,
    lease_file_id character varying,
    created_at timestamp without time zone DEFAULT now(),
    lease_type character varying(20) DEFAULT 'annual'::character varying,
    late_fee_rate numeric(5,4) DEFAULT 0.0500,
    late_fee_grace_days integer DEFAULT 5,
    last_month_rent numeric(10,2)
);


ALTER TABLE public.leases OWNER TO neondb_owner;

--
-- Name: maintenance_attachments; Type: TABLE; Schema: public; Owner: neondb_owner
--

CREATE TABLE public.maintenance_attachments (
    id character varying DEFAULT gen_random_uuid() NOT NULL,
    request_id character varying NOT NULL,
    file_id character varying NOT NULL
);


ALTER TABLE public.maintenance_attachments OWNER TO neondb_owner;

--
-- Name: maintenance_messages; Type: TABLE; Schema: public; Owner: neondb_owner
--

CREATE TABLE public.maintenance_messages (
    id character varying DEFAULT gen_random_uuid() NOT NULL,
    request_id character varying NOT NULL,
    sender_type character varying(20) NOT NULL,
    sender_user_id character varying,
    message text NOT NULL,
    created_at timestamp without time zone DEFAULT now()
);


ALTER TABLE public.maintenance_messages OWNER TO neondb_owner;

--
-- Name: maintenance_requests; Type: TABLE; Schema: public; Owner: neondb_owner
--

CREATE TABLE public.maintenance_requests (
    id character varying DEFAULT gen_random_uuid() NOT NULL,
    tenant_id character varying,
    property_id character varying,
    unit_id character varying,
    ticket_number character varying(20) NOT NULL,
    name character varying(255) NOT NULL,
    email character varying(255) NOT NULL,
    phone character varying(20),
    property_address character varying(500),
    unit_label character varying(50),
    category character varying(100),
    description text NOT NULL,
    status character varying(20) DEFAULT 'submitted'::character varying,
    priority character varying(20) DEFAULT 'medium'::character varying,
    entry_permission boolean DEFAULT false,
    has_pets boolean DEFAULT false,
    created_at timestamp without time zone DEFAULT now(),
    updated_at timestamp without time zone DEFAULT now(),
    photos text[]
);


ALTER TABLE public.maintenance_requests OWNER TO neondb_owner;

--
-- Name: payments; Type: TABLE; Schema: public; Owner: neondb_owner
--

CREATE TABLE public.payments (
    id character varying DEFAULT gen_random_uuid() NOT NULL,
    tenant_id character varying,
    property_id character varying,
    property_code character varying(50),
    email character varying(255),
    amount numeric(10,2) NOT NULL,
    method character varying(20),
    status character varying(20) DEFAULT 'pending'::character varying,
    stripe_payment_intent_id character varying(255),
    paid_at timestamp without time zone,
    receipt_url character varying(500),
    description character varying(255),
    created_at timestamp without time zone DEFAULT now(),
    entity_id character varying,
    stripe_transfer_id character varying(255)
);


ALTER TABLE public.payments OWNER TO neondb_owner;

--
-- Name: properties; Type: TABLE; Schema: public; Owner: neondb_owner
--

CREATE TABLE public.properties (
    id character varying DEFAULT gen_random_uuid() NOT NULL,
    property_code character varying(50) NOT NULL,
    name character varying(255) NOT NULL,
    address character varying(500) NOT NULL,
    city character varying(100) NOT NULL,
    state character varying(50) NOT NULL,
    zip character varying(20) NOT NULL,
    type character varying(50) DEFAULT 'house'::character varying,
    status character varying(20) DEFAULT 'active'::character varying,
    description text,
    image_url character varying(500),
    created_at timestamp without time zone DEFAULT now(),
    updated_at timestamp without time zone DEFAULT now(),
    entity_id character varying,
    bedrooms integer DEFAULT 1,
    bathrooms numeric(3,1) DEFAULT '1'::numeric,
    sqft integer,
    nickname character varying(100)
);


ALTER TABLE public.properties OWNER TO neondb_owner;

--
-- Name: public_properties; Type: TABLE; Schema: public; Owner: neondb_owner
--

CREATE TABLE public.public_properties (
    id character varying DEFAULT gen_random_uuid() NOT NULL,
    property_id character varying(50) NOT NULL,
    address character varying(500) NOT NULL,
    unit_number character varying(50),
    bedrooms integer DEFAULT 0,
    bathrooms numeric(3,1) DEFAULT '0'::numeric,
    owner_name character varying(255),
    description text,
    amenities text[],
    images text[],
    is_available boolean DEFAULT true,
    monthly_rent numeric(10,2),
    created_at timestamp without time zone DEFAULT now(),
    updated_at timestamp without time zone DEFAULT now()
);


ALTER TABLE public.public_properties OWNER TO neondb_owner;

--
-- Name: rent_charges; Type: TABLE; Schema: public; Owner: neondb_owner
--

CREATE TABLE public.rent_charges (
    id character varying DEFAULT gen_random_uuid() NOT NULL,
    lease_id character varying NOT NULL,
    tenant_id character varying NOT NULL,
    property_id character varying NOT NULL,
    charge_month character varying(7) NOT NULL,
    base_rent numeric(10,2) NOT NULL,
    late_fee_amount numeric(10,2) DEFAULT '0'::numeric,
    late_fee_applied boolean DEFAULT false,
    late_fee_applied_at timestamp without time zone,
    total_due numeric(10,2) NOT NULL,
    amount_paid numeric(10,2) DEFAULT '0'::numeric,
    status character varying(20) DEFAULT 'open'::character varying,
    due_date timestamp without time zone NOT NULL,
    paid_at timestamp without time zone,
    created_at timestamp without time zone DEFAULT now()
);


ALTER TABLE public.rent_charges OWNER TO neondb_owner;

--
-- Name: sessions; Type: TABLE; Schema: public; Owner: neondb_owner
--

CREATE TABLE public.sessions (
    sid character varying NOT NULL,
    sess jsonb NOT NULL,
    expire timestamp without time zone NOT NULL
);


ALTER TABLE public.sessions OWNER TO neondb_owner;

--
-- Name: tenants; Type: TABLE; Schema: public; Owner: neondb_owner
--

CREATE TABLE public.tenants (
    id character varying DEFAULT gen_random_uuid() NOT NULL,
    user_id character varying,
    property_id character varying,
    unit_id character varying,
    first_name character varying(100) NOT NULL,
    last_name character varying(100) NOT NULL,
    email character varying(255) NOT NULL,
    phone character varying(20),
    status character varying(20) DEFAULT 'inactive'::character varying,
    move_in_date timestamp without time zone,
    move_out_date timestamp without time zone,
    created_at timestamp without time zone DEFAULT now(),
    rent_amount numeric(10,2),
    security_deposit numeric(10,2),
    last_month_payment numeric(10,2)
);


ALTER TABLE public.tenants OWNER TO neondb_owner;

--
-- Name: units; Type: TABLE; Schema: public; Owner: neondb_owner
--

CREATE TABLE public.units (
    id character varying DEFAULT gen_random_uuid() NOT NULL,
    property_id character varying NOT NULL,
    unit_label character varying(50) NOT NULL,
    bedrooms integer DEFAULT 1,
    bathrooms numeric(3,1) DEFAULT '1'::numeric,
    sqft integer,
    rent_amount numeric(10,2),
    status character varying(20) DEFAULT 'available'::character varying,
    created_at timestamp without time zone DEFAULT now()
);


ALTER TABLE public.units OWNER TO neondb_owner;

--
-- Name: user_profiles; Type: TABLE; Schema: public; Owner: neondb_owner
--

CREATE TABLE public.user_profiles (
    id character varying DEFAULT gen_random_uuid() NOT NULL,
    user_id character varying NOT NULL,
    role character varying(20) DEFAULT 'TENANT'::character varying,
    phone character varying(20),
    status character varying(20) DEFAULT 'active'::character varying,
    created_at timestamp without time zone DEFAULT now(),
    updated_at timestamp without time zone DEFAULT now(),
    profile_image text
);


ALTER TABLE public.user_profiles OWNER TO neondb_owner;

--
-- Name: users; Type: TABLE; Schema: public; Owner: neondb_owner
--

CREATE TABLE public.users (
    id character varying DEFAULT gen_random_uuid() NOT NULL,
    email character varying,
    first_name character varying,
    last_name character varying,
    profile_image_url character varying,
    created_at timestamp without time zone DEFAULT now(),
    updated_at timestamp without time zone DEFAULT now()
);


ALTER TABLE public.users OWNER TO neondb_owner;

--
-- Name: replit_database_migrations_v1 id; Type: DEFAULT; Schema: _system; Owner: neondb_owner
--

ALTER TABLE ONLY _system.replit_database_migrations_v1 ALTER COLUMN id SET DEFAULT nextval('_system.replit_database_migrations_v1_id_seq'::regclass);


--
-- Data for Name: replit_database_migrations_v1; Type: TABLE DATA; Schema: _system; Owner: neondb_owner
--

COPY _system.replit_database_migrations_v1 (id, build_id, deployment_id, statement_count, applied_at) FROM stdin;
1	2468ee66-5376-469e-9270-fd5aa40f9aa7	112a6625-236f-4f8e-a52a-56658fd4e81d	6	2026-01-29 03:26:21.914434+00
2	b7ad7581-b8f9-473d-8053-8c5c0e5e295c	112a6625-236f-4f8e-a52a-56658fd4e81d	8	2026-02-02 17:13:15.96953+00
3	eedf05f7-b511-48a5-8070-fd3f284d2696	112a6625-236f-4f8e-a52a-56658fd4e81d	1	2026-02-04 22:06:36.306072+00
4	51ecf4d6-438f-4561-ad51-c0045b82dee6	112a6625-236f-4f8e-a52a-56658fd4e81d	1	2026-02-04 22:39:08.926612+00
5	ac8cf597-f7cb-475c-920f-28c1ef670e09	112a6625-236f-4f8e-a52a-56658fd4e81d	1	2026-02-05 20:12:50.530575+00
6	76a4454f-b0fa-4164-b776-7bfb0cb37b7a	112a6625-236f-4f8e-a52a-56658fd4e81d	1	2026-02-05 22:09:28.712346+00
7	a81b60ed-add2-4b4f-9681-86386df9ff12	112a6625-236f-4f8e-a52a-56658fd4e81d	2	2026-02-07 01:19:03.7504+00
8	b9e8812e-1a5b-43b7-b93c-529dd721d652	112a6625-236f-4f8e-a52a-56658fd4e81d	5	2026-02-10 00:28:53.30705+00
9	b0978cf0-fa1e-4347-b5ac-1ef267b52e04	112a6625-236f-4f8e-a52a-56658fd4e81d	4	2026-02-11 05:01:55.606753+00
10	f3f75b40-6009-422b-9fe4-a423d4682438	112a6625-236f-4f8e-a52a-56658fd4e81d	6	2026-02-11 05:53:39.018519+00
11	cc6bf83f-f499-448c-8579-1f354f29e66e	112a6625-236f-4f8e-a52a-56658fd4e81d	2	2026-02-16 21:08:25.394536+00
12	544360db-ced8-49e3-8e39-4c767d1d2d9c	112a6625-236f-4f8e-a52a-56658fd4e81d	2	2026-02-16 23:18:38.319401+00
13	5186dfc5-79a3-4e72-8379-b8a50999ac34	112a6625-236f-4f8e-a52a-56658fd4e81d	2	2026-02-17 16:00:46.771071+00
14	f1ae5f28-9433-4286-a3bc-6de053db61a0	112a6625-236f-4f8e-a52a-56658fd4e81d	2	2026-02-17 21:34:38.312616+00
15	eb884d18-69d7-461a-b4a0-858ebee26bb5	112a6625-236f-4f8e-a52a-56658fd4e81d	2	2026-02-18 20:03:47.322007+00
16	cecb5f54-7ce2-4f86-8926-d2850ee3af41	112a6625-236f-4f8e-a52a-56658fd4e81d	1	2026-02-18 20:32:10.719674+00
\.


--
-- Data for Name: applications; Type: TABLE DATA; Schema: public; Owner: neondb_owner
--

COPY public.applications (id, applicant_user_id, property_id, unit_id, status, application_data, submitted_at, created_at, updated_at) FROM stdin;
\.


--
-- Data for Name: audit_logs; Type: TABLE DATA; Schema: public; Owner: neondb_owner
--

COPY public.audit_logs (id, actor_user_id, action, entity_type, entity_id, metadata, created_at) FROM stdin;
\.


--
-- Data for Name: entities; Type: TABLE DATA; Schema: public; Owner: neondb_owner
--

COPY public.entities (id, name, type, tax_id, address, city, state, zip, contact_name, contact_email, contact_phone, stripe_account_id, stripe_account_status, payment_enabled, created_at, updated_at) FROM stdin;
bfae676a-6310-4003-bdee-be325725f489	Atid Medical Center	llc							\N	\N	\N	pending	f	2026-02-05 20:11:41.568646	2026-02-10 00:06:27.373
da45dbd5-04ae-4786-aa8f-2ec4c3a8b504	Atid Realty	llc							\N	\N	\N	pending	f	2026-02-05 20:11:26.326676	2026-02-10 00:06:40.63
e4f1d9b1-6672-47e7-9b9b-7695b829d372	Beraz Investment	llc							\N	\N	\N	pending	f	2026-02-05 20:12:17.382595	2026-02-10 00:06:48.618
26dc033b-8d71-411e-80eb-2ac85218ec86	DCPC	llc							\N	\N	\N	pending	f	2026-02-05 14:57:02.059579	2026-02-10 00:06:56.372
3fa1e91c-f52f-4095-b92b-fbcb7ec738a2	Cocomil	llc							\N	\N	\N	pending	f	2026-02-05 14:57:02.18624	2026-02-10 00:07:03.535
c549fe59-23d1-45d5-838d-85f551957912	Factory 26	llc							\N	\N	\N	pending	f	2026-02-05 14:57:02.156636	2026-02-10 00:07:18.51
dc4d2931-e43b-4f86-a487-9fe5eefcd5aa	Mars Real Estate	llc							\N	\N	\N	pending	f	2026-02-05 14:57:01.79285	2026-02-10 00:07:28.503
6c37f1e9-f30b-4c04-b69a-249798bde6b2	Lubren	llc							\N	\N	\N	pending	f	2026-02-05 14:57:02.216078	2026-02-10 00:07:41.807
a9de61aa-42e3-409d-b183-baea5b237b99	Prosperity ARN	llc							\N	\N	\N	pending	f	2026-02-06 00:15:17.104676	2026-02-10 00:08:05.945
8b7cb4fe-2542-4cd8-abbc-28feeba55822	Niritb	llc							\N	\N	\N	pending	f	2026-02-05 14:57:01.822678	2026-02-10 00:08:18.016
bd5001c1-8633-41ed-a1cd-9089e096012d	Yugolo	llc							\N	\N	\N	pending	f	2026-02-05 14:57:01.881801	2026-02-10 00:08:30.44
98ec115e-e98b-4f0e-af4e-e9bf1c2e18dc	Maximiliano	individual						Maximiliano Belgrano	\N	\N	\N	pending	f	2026-02-05 20:12:45.318143	2026-02-19 02:34:59.67
dd2c3274-b04f-41c0-bac8-8ca4d0e725a2	Asaf	llc						Asaf Hasson                         	\N	\N	\N	pending	f	2026-02-05 14:57:01.738399	2026-02-19 02:36:13.566
3987a416-fc35-416c-b086-36a5f138a8d5	Marcela Sabag	individual							\N	\N	\N	pending	f	2026-02-05 14:57:02.001163	2026-02-05 20:58:36.489
35a4ff06-18a0-484a-8da8-b648c06f66b0	Martin Piliponsky	individual							\N	\N	\N	pending	f	2026-02-05 14:57:02.123722	2026-02-05 20:58:50.589
959b423a-2b09-4acb-8087-de75ef5522f4	Asher Ron	individual							\N	\N	\N	pending	f	2026-02-05 14:57:02.030436	2026-02-05 22:00:39.277
efec181c-4168-457a-9ba3-26b23ddcc95d	Elad Goldstein	individual							\N	\N	\N	pending	f	2026-02-05 14:57:01.942639	2026-02-05 22:00:52.575
4032f9e7-ad7d-4f76-8bd2-7f356339ef2e	Eliyahu Sabag	individual							\N	\N	\N	pending	f	2026-02-05 14:57:02.093681	2026-02-05 22:01:02.063
9f3e0261-305c-422e-87a9-1389a22cb167	Moti Levy	individual							\N	\N	\N	pending	f	2026-02-05 14:57:01.911847	2026-02-05 22:01:14.835
9e442be2-ead7-40ea-8c7b-52d6599d3303	Yaakov Sayag	individual							\N	\N	\N	pending	f	2026-02-05 14:57:01.852421	2026-02-05 22:01:28.781
3bf1eda2-a356-4819-9b79-5137bcd6582b	Yehoshua Mizrahi	individual							\N	\N	\N	pending	f	2026-02-05 14:57:01.971597	2026-02-05 22:01:38.022
\.


--
-- Data for Name: expenses; Type: TABLE DATA; Schema: public; Owner: neondb_owner
--

COPY public.expenses (id, property_id, tenant_id, maintenance_request_id, date, amount, category, description, notes, file_url, file_name, created_at, updated_at) FROM stdin;
\.


--
-- Data for Name: files; Type: TABLE DATA; Schema: public; Owner: neondb_owner
--

COPY public.files (id, owner_type, owner_id, filename, mime_type, size, storage_key, tags, uploaded_by_user_id, created_at) FROM stdin;
ea598210-9010-446c-b82d-5038f0081416	general	admin	3-Day Notice.pdf	application/pdf	125035	documents/1771434006088_3-Day Notice.pdf	{}	\N	2026-02-18 17:00:06.105691
b985c67b-1213-4a45-b40d-81eefd4c5872	general	admin	Addendum To Lease.pdf	application/pdf	35768	documents/1771434013155_Addendum To Lease.pdf	{}	\N	2026-02-18 17:00:13.171678
3720e7aa-3969-414f-8c0a-968c8db1d7dd	general	admin	Asaf Invoice 2026.pdf	application/pdf	62941	documents/1771434020460_Asaf Invoice 2026.pdf	{}	\N	2026-02-18 17:00:20.476486
aa7df209-450c-4e13-9d1d-0a47eee70c27	general	admin	Asaf LLC Master Lease 2026.pdf	application/pdf	249756	documents/1771434026752_Asaf LLC Master Lease 2026.pdf	{}	\N	2026-02-18 17:00:26.769733
c5ac0775-1487-4067-961e-819d627c7ceb	general	admin	Mars Invoice 2026.pdf	application/pdf	54266	documents/1771434036809_Mars Invoice 2026.pdf	{}	\N	2026-02-18 17:00:36.828016
2dcc452a-b6cb-4fdf-a1bc-edd102abd088	general	admin	Mars Real Estate LLC Master Lease 2026.pdf	application/pdf	248455	documents/1771434044441_Mars Real Estate LLC Master Lease 2026.pdf	{}	\N	2026-02-18 17:00:44.457837
a7efdd6f-eea2-4444-b0c8-8f783336b72e	general	admin	Master Commercial Lease 7351 W Oakland 2026.pdf	application/pdf	344232	documents/1771434049768_Master Commercial Lease 7351 W Oakland 2026.pdf	{}	\N	2026-02-18 17:00:49.784511
2f42fc68-a908-4ca5-879a-1753b44476a1	general	admin	Master Lease Atid Realty LLC 2026.pdf	application/pdf	125367	documents/1771434055326_Master Lease Atid Realty LLC 2026.pdf	{}	\N	2026-02-18 17:00:55.343103
1d0e0529-dc7b-4f86-b3ca-b7705913f70a	lease	a807700e-9e65-41f4-88cf-3a1f442e4843	Signed Lease - Joseph Raussell - 455 S. Pine Island Rd. Apt 409C, Plantation, FL 33324.html	text/html	5854	signed-leases/signed_lease_a807700e-9e65-41f4-88cf-3a1f442e4843_1771368007766.html	\N	\N	2026-02-17 22:40:07.781759
90ad7e81-3056-454c-9324-dac87fea8462	lease	eb38211f-0970-42c7-ab44-9edee1d2d87d	Eliyahu 1800-1304 Liliana Churo & Peterson Pierre 2025.pdf	application/pdf	241935	documents/1771427597110_Eliyahu 1800-1304 Liliana Churo & Peterson Pierre 2025.pdf	{}	\N	2026-02-18 15:13:17.129789
f8d90c78-2ada-4429-94de-1b2191cf1897	lease	650334fd-aa3d-40cf-bedb-191e670f1e0e	Factory 7027 Harold Barranco & Jameele 2025.pdf	application/pdf	4786116	documents/1771433955008_Factory 7027 Harold Barranco & Jameele 2025.pdf	{}	\N	2026-02-18 16:59:15.028578
afa20b66-b494-4312-8122-752ffe621221	lease	6da5d7db-41fc-46d7-ae8d-7dd54453724e	Factory 7300 Paul 2025.pdf	application/pdf	9679176	documents/1771434057249_Factory 7300 Paul 2025.pdf	{}	\N	2026-02-18 17:00:57.271849
a7e63301-e403-4204-9e7b-b0286fd5f01e	general	admin	Release Form.pdf	application/pdf	42872	documents/1771434060465_Release Form.pdf	{}	\N	2026-02-18 17:01:00.48081
190fba68-fcf4-41c1-b5b4-e3f647cbea6a	general	admin	Security Deposit Legal Letter.pdf	application/pdf	149889	documents/1771434065543_Security Deposit Legal Letter.pdf	{}	\N	2026-02-18 17:01:05.559536
95b25e9b-4b93-4d71-a4e2-699a5d915bd1	lease	6073b604-86b5-440e-be97-fc5355ad2eba	Factory 721-116 Luis Mejias 2025.pdf	application/pdf	282211	documents/1771434175291_Factory 721-116 Luis Mejias 2025.pdf	{}	\N	2026-02-18 17:02:55.307825
c766ffa2-579b-4d6b-85f3-729eaa9ce743	lease	5dbe1e69-a6e7-4152-9c8b-0201a00bb7cf	Factory 26 4169 Janick 2026.pdf	application/pdf	357940	documents/1771434241064_Factory 26 4169 Janick 2026.pdf	{}	\N	2026-02-18 17:04:01.079542
d05f2d9c-fdc5-4777-b836-7a37b4ea1e5f	lease	e6cbcc99-b084-4f97-aecd-206281a27e88	Factory 3634 Jose Gnecco & Giorgina Ortega lopez 2025.pdf	application/pdf	377146	documents/1771434426591_Factory 3634 Jose Gnecco & Giorgina Ortega lopez 2025.pdf	{}	\N	2026-02-18 17:07:06.607479
c91859dc-213d-4a29-b13d-3b849c64d4f9	lease	cdcf6eae-8d79-4d61-8ff3-0eeb4edaada4	Factory 406-308 Terry 2025.pdf	application/pdf	317284	documents/1771434585570_Factory 406-308 Terry 2025.pdf	{}	\N	2026-02-18 17:09:45.586813
da485951-a026-46d1-93bc-c7a70f9a8597	lease	4dd2e94e-35df-4e69-a355-d1b91a499cad	Factory 406-509 Katie 2025.pdf	application/pdf	393846	documents/1771434644388_Factory 406-509 Katie 2025.pdf	{}	\N	2026-02-18 17:10:44.404511
b233eb6d-a81b-44ae-8e89-af8eeb5795e3	lease	ab57b285-385e-459b-b3dd-4015e42da4d1	Factory 3262 Jah 2025.pdf	application/pdf	351336	documents/1771434704983_Factory 3262 Jah 2025.pdf	{}	\N	2026-02-18 17:11:44.999808
887a80be-0b7f-4ded-b95b-9125762a3712	lease	2f60ba43-9926-4c70-bff9-0d205c483902	DCPC 1800-1205 Daniel Figueroa 2025.pdf	application/pdf	385702	documents/1771435284839_DCPC 1800-1205 Daniel Figueroa 2025.pdf	{}	\N	2026-02-18 17:21:24.855132
54c45820-3176-45b5-9c57-4bcc9095e6a3	lease	710a0cf7-5008-4690-9b82-2ef6170a37f5	DCPC 1800-1401 Fidel Jolly 2025.pdf	application/pdf	354093	documents/1771435344048_DCPC 1800-1401 Fidel Jolly 2025.pdf	{}	\N	2026-02-18 17:22:24.064067
4f84ea4c-c706-414f-ab94-6f982d3c607f	lease	e98a262a-7c0f-40e6-bf7e-56c920d29f71	DCPC 1820-3211 Luc Atis 2026.pdf	application/pdf	596137	documents/1771435409484_DCPC 1820-3211 Luc Atis 2026.pdf	{}	\N	2026-02-18 17:23:29.500617
0e998641-cc2a-435a-a0f0-59519e22df89	lease	b2ca8462-a53e-4d11-99b1-69af254515f8	DCPC 1820-3216 Adams Tilus 2025.pdf	application/pdf	365509	documents/1771435484516_DCPC 1820-3216 Adams Tilus 2025.pdf	{}	\N	2026-02-18 17:24:44.540621
550360ae-9020-4168-8b41-ed2a7945a7b8	lease	ce6d33c9-a4e9-43d2-8c2f-b0cd819b3e48	DCPC 1820-3200 Antonio 2025.pdf	application/pdf	789451	documents/1771435621372_DCPC 1820-3200 Antonio 2025.pdf	{}	\N	2026-02-18 17:27:01.388075
4e4b9f5a-9c92-4c85-84f1-ecacbcb44c3b	lease	f0bc1797-34f3-4dec-befc-a00948f68001	DCPC 1830-4215 Anthony Darden 2025.pdf	application/pdf	138378	documents/1771435871730_DCPC 1830-4215 Anthony Darden 2025.pdf	{}	\N	2026-02-18 17:31:11.746348
9e4940ca-f021-418f-8794-837d742c9c79	lease	97613182-1000-4a55-bb31-e22d5b91c0f6	DCPC 7900-206 Georgia 2025 innago.pdf	application/pdf	387172	documents/1771435977334_DCPC 7900-206 Georgia 2025 innago.pdf	{}	\N	2026-02-18 17:32:57.351227
46bbbd9e-aa38-4f40-aa91-66ee88194bd3	lease	b1dcaa8a-80ec-4d38-97c7-f2a6ebf79814	DCPC 8060-202 Donnell 2026.pdf	application/pdf	359110	documents/1771436054294_DCPC 8060-202 Donnell 2026.pdf	{}	\N	2026-02-18 17:34:14.310893
f9d9bf01-4279-4127-838f-25908e2c9308	lease	e09441b4-686b-4536-a094-c1847ff8c88c	DCPC 7800-102 Aura 2026.pdf	application/pdf	6131640	documents/1771436102599_DCPC 7800-102 Aura 2026.pdf	{}	\N	2026-02-18 17:35:02.617307
6b0a7533-0c81-40b4-bf7e-740864b12b14	lease	34914b15-e564-44f4-8c35-f36a8ffafc71	Signed Lease - Yanni Sabag - 1640 SW 40th Terrace # 1, Fort Lauderdale, FL 33317.html	text/html	3796	signed-leases/signed_lease_34914b15-e564-44f4-8c35-f36a8ffafc71_1771437515075.html	\N	\N	2026-02-18 17:58:35.09222
9fbe1f31-aaed-4e19-aaa9-05c1cbb7ffd2	lease	a807700e-9e65-41f4-88cf-3a1f442e4843	Signed Lease - Joseph Raussell - 455 S. Pine Island Rd. Apt 409C, Plantation, FL 33324.html	text/html	3810	signed-leases/signed_lease_a807700e-9e65-41f4-88cf-3a1f442e4843_1771459528641.html	\N	\N	2026-02-19 00:05:28.658609
5e6d55ce-65a9-4a77-afc3-194941e9d89a	lease	8ddbf2e8-545a-433d-bdb8-1855066368a2	Marcela 7801-209 Raymond 2026.pdf	application/pdf	378915	documents/1771506724930_Marcela 7801-209 Raymond 2026.pdf	{}	\N	2026-02-19 13:12:04.952013
537605fc-26a5-44dc-b063-e84f56c4476c	lease	b42e4e08-a6ee-434b-a7f0-f0124accf161	Maximiliano 10050 Roger Vilca 2025.pdf	application/pdf	478506	documents/1771506810816_Maximiliano 10050 Roger Vilca 2025.pdf	{}	\N	2026-02-19 13:13:30.833928
b4297629-398e-4cb9-a729-3f8028f1c11e	lease	43319232-c196-4182-8a50-92fc03ee5fed	Cocomil 711-102  Barbara 20251.pdf	application/pdf	614612	documents/1771506942847_Cocomil 711-102  Barbara 20251.pdf	{}	\N	2026-02-19 13:15:42.864532
93328031-6176-48e0-925b-43cc98117dac	lease	c88fc26e-2885-4053-8a0d-c39f6d7cf207	Cocomil 711-403 Mayanna 2025.pdf	application/pdf	2713447	documents/1771507000494_Cocomil 711-403 Mayanna 2025.pdf	{}	\N	2026-02-19 13:16:40.513635
f00864cf-9a66-48de-92a9-f0f8b407f79a	lease	9c3cc3be-0354-4fb9-9724-b90f6d752ab5	Cocomil 721-307 Mario 2026.pdf	application/pdf	351390	documents/1771507149772_Cocomil 721-307 Mario 2026.pdf	{}	\N	2026-02-19 13:19:09.788985
47fc661a-1c1e-4aa8-b0bf-29a69db81e6e	lease	ba307b62-df7f-46e8-b18d-6ab4047552d2	Cocomil 721-402 Nathaniel 2026.pdf	application/pdf	375248	documents/1771507221488_Cocomil 721-402 Nathaniel 2026.pdf	{}	\N	2026-02-19 13:20:21.506657
aac67fcd-642b-42c5-b010-e6400b71706a	lease	8ebb7b20-e804-4890-8cb1-472c9a039f90	Cocomil 701-102 Mr Chong 2026.pdf	application/pdf	1243328	documents/1771507305202_Cocomil 701-102 Mr Chong 2026.pdf	{}	\N	2026-02-19 13:21:45.220377
67232858-d5a8-4bb1-8a68-e945caccfa17	general	admin	Asaf LLC Master Lease 2026.doc	application/msword	169472	documents/1771553999363_Asaf LLC Master Lease 2026.doc	{}	\N	2026-02-20 02:19:59.384334
ad4816bc-7e6f-42e0-a0e7-e18d1bc27100	general	admin	Mars Real Estate LLC Master Lease 2026.doc	application/msword	170496	documents/1771554005898_Mars Real Estate LLC Master Lease 2026.doc	{}	\N	2026-02-20 02:20:05.919491
d433e93d-f199-4436-af07-12210ea7fd8a	general	admin	Security Deposit Legal Letter.doc	application/msword	31744	documents/1771554011795_Security Deposit Legal Letter.doc	{}	\N	2026-02-20 02:20:11.811025
093d5e5b-e1c9-4ac0-a3de-791933f34821	general	admin	Addendum To Lease.docx	application/vnd.openxmlformats-officedocument.wordprocessingml.document	20761	documents/1771554017975_Addendum To Lease.docx	{}	\N	2026-02-20 02:20:17.991523
644a8692-53dc-43d1-9cb3-d57351ab32ca	general	admin	Asaf Invoice 2026.docx	application/vnd.openxmlformats-officedocument.wordprocessingml.document	13879	documents/1771554025578_Asaf Invoice 2026.docx	{}	\N	2026-02-20 02:20:25.594871
7951476d-59dd-448d-ac70-414b19a0614a	general	admin	Mars Invoice 2026.docx	application/vnd.openxmlformats-officedocument.wordprocessingml.document	13890	documents/1771554030393_Mars Invoice 2026.docx	{}	\N	2026-02-20 02:20:30.409499
62bfc693-c121-47a1-bff6-4a2a79164d50	general	admin	Master Commercial Lease 7351 W Oakland 2026.docx	application/vnd.openxmlformats-officedocument.wordprocessingml.document	43239	documents/1771554036844_Master Commercial Lease 7351 W Oakland 2026.docx	{}	\N	2026-02-20 02:20:36.86108
cb9427b2-7eed-4926-9086-201496dd4833	general	admin	Master Lease Atid Realty LLC 2026.docx	application/vnd.openxmlformats-officedocument.wordprocessingml.document	48855	documents/1771554042869_Master Lease Atid Realty LLC 2026.docx	{}	\N	2026-02-20 02:20:42.889804
\.


--
-- Data for Name: invoice_items; Type: TABLE DATA; Schema: public; Owner: neondb_owner
--

COPY public.invoice_items (id, rent_charge_id, description, amount, created_at) FROM stdin;
c7b686b7-1566-4eba-ad41-4512e3c1559a	9862312b-92e3-422a-b9b6-a493ddf3b319	Late Fee	93.75	2026-02-19 04:08:07.562109
\.


--
-- Data for Name: leases; Type: TABLE DATA; Schema: public; Owner: neondb_owner
--

COPY public.leases (id, tenant_id, property_id, unit_id, start_date, end_date, rent_amount, deposit_amount, status, lease_file_id, created_at, lease_type, late_fee_rate, late_fee_grace_days, last_month_rent) FROM stdin;
17a3f2f6-44c2-4189-9de2-e745c3dd7c5c	e407f7e6-c8de-4e44-9467-9ffae0074195	89b8685b-d8e4-43fa-9739-913898d1322e	\N	2025-01-01 00:00:00	2026-12-31 00:00:00	2000.00	0.00	active	\N	2026-02-05 15:25:46.287257	annual	0.0500	5	\N
ac82b0e5-0ceb-435d-a2fe-bc0f633df32e	ef9e1cf1-5bc5-41e6-bbd5-5277650ccc14	51faa6a3-a75f-4c02-ab1a-24a25c42917d	\N	2025-04-01 00:00:00	2028-03-31 00:00:00	6270.83	0.00	active	\N	2026-02-05 15:25:45.641286	annual	0.0500	5	\N
cdcf6eae-8d79-4d61-8ff3-0eeb4edaada4	676223ba-a96d-419f-84c0-70e53399b9b9	abe74a99-2bb2-495a-9602-bbefaa9d30a0	\N	2025-07-01 00:00:00	2026-06-30 00:00:00	1600.00	975.00	active	\N	2026-02-05 15:25:46.405782	annual	0.0500	5	\N
ce6d33c9-a4e9-43d2-8c2f-b0cd819b3e48	387fdafb-4fc9-4628-b3c4-8e01cdbbbc4c	be8fe484-b83e-4a28-9563-a3ef22d34862	\N	2024-07-01 00:00:00	2026-06-30 00:00:00	1650.00	1050.00	active	\N	2026-02-05 15:25:46.665144	annual	0.0500	5	\N
4dd2e94e-35df-4e69-a355-d1b91a499cad	cc87fbd3-42ae-42b8-a0bf-393ad8d98b08	42cb0b25-7347-4d58-8194-298763c49d33	\N	2025-07-01 00:00:00	2026-06-30 00:00:00	1650.00	1100.00	active	\N	2026-02-05 15:25:46.376738	annual	0.0500	5	\N
e0eecb68-0eb3-49f5-9afb-e222a43fbf90	775fda8a-0a5c-4265-b129-561208527fa6	8f1d97be-3e81-41cf-9fc0-8919857ff31d	\N	2022-01-01 00:00:00	2026-12-31 00:00:00	2830.18	0.00	active	\N	2026-02-05 15:25:45.555249	annual	0.0500	5	\N
27415c42-877f-4b05-b0ad-221a9cd2fc40	9a061ce9-a28c-4c65-acfc-13afbae8f1b2	8a948e9e-08c6-441b-9088-7d07c453b370	\N	2022-04-01 00:00:00	2028-03-31 00:00:00	17775.00	0.00	active	\N	2026-02-05 15:25:45.75669	annual	0.0500	5	\N
d367f74c-66c8-42ba-b363-5b0ce0405b40	e601757e-e0bf-4f9d-98eb-aab1e07d7b84	60ea4864-efb7-43eb-bf7b-89289ae0a5ef	\N	2024-06-01 00:00:00	2026-05-31 00:00:00	111296.80	0.00	active	\N	2026-02-05 15:25:45.487732	annual	0.0500	5	\N
091557a4-e4e2-408d-ad0d-a9b78a2acd0d	4af12acd-6b9d-4594-bc38-e8f9ad363ff5	a676d548-44b7-4650-9d48-f2018d70ace2	\N	2025-04-01 00:00:00	2028-03-31 00:00:00	4940.83	0.00	active	\N	2026-02-05 15:25:45.5838	annual	0.0500	5	\N
2abe3e09-f69f-4413-af11-eb0a67d85659	95fda6d0-8705-4bad-aea8-16f89386264d	4366c6a4-72a1-4252-b6a5-64a33fdd170c	\N	2022-04-01 00:00:00	2027-03-31 00:00:00	18344.02	0.00	active	\N	2026-02-05 15:25:45.612345	annual	0.0500	5	\N
036ee103-d1ba-4bc5-8a5c-f0eeea5c58eb	05562977-ba94-4ab0-95b5-6f8f079d26c5	269da26f-21d6-4b5f-88fb-064a6ee484d8	\N	2023-04-01 00:00:00	2026-03-31 00:00:00	3700.00	0.00	active	\N	2026-02-05 15:25:45.670401	annual	0.0500	5	\N
65febff4-3847-42e8-a707-2015c9e87f5b	156a0479-b7ec-4409-83cd-df2cfcd42fd8	969baf09-8994-41fb-afde-ac67fd532fa6	\N	2024-09-01 00:00:00	2027-11-30 00:00:00	3427.74	0.00	active	\N	2026-02-05 15:25:45.786092	annual	0.0500	5	\N
3d5a0477-e964-42eb-b835-2e95f2d7e3c6	19d74eec-4607-4e74-a8ff-f110a0e303f3	67199d1c-bff2-4b61-b9d5-e8c705d7a6be	\N	2024-08-01 00:00:00	2027-07-31 00:00:00	3379.06	0.00	active	\N	2026-02-05 15:25:45.82003	annual	0.0500	5	\N
e3afb1e1-60d0-4a88-b25b-14e6128c6712	f4ad0dde-2f80-4fc6-a72a-52f8c459aeed	42c6c99f-893a-4b5c-8b3b-0a565f66a82d	\N	2024-10-01 00:00:00	2027-06-30 00:00:00	6194.60	0.00	active	\N	2026-02-05 15:25:45.849725	annual	0.0500	5	\N
b2ca8462-a53e-4d11-99b1-69af254515f8	7f3cf108-79c5-41c5-a8d8-1cdcfe7b9192	b2d5c003-a7d9-48d8-92b5-140a63e41fc9	\N	2025-09-01 00:00:00	2026-08-31 00:00:00	1875.00	1850.00	active	\N	2026-02-05 15:25:46.606578	annual	0.0500	5	\N
8ddbf2e8-545a-433d-bdb8-1855066368a2	d5789aeb-3df6-413d-be54-f85190e324c2	e8bac227-c8ff-42fe-adb4-c131e85bf61d	\N	2026-01-01 00:00:00	2026-12-31 00:00:00	1875.00	1700.00	active	\N	2026-02-05 15:25:46.520531	annual	0.0500	5	\N
fd435234-8554-4401-abc6-b7b81154b3f0	b5b430a2-cf8e-417b-a758-56b8e05488ca	bb4dbf04-dd29-4cf2-9c72-310b3388698f	\N	2024-10-01 00:00:00	2026-09-30 00:00:00	3000.00	0.00	active	\N	2026-02-05 15:25:46.051796	annual	0.0500	5	\N
97613182-1000-4a55-bb31-e22d5b91c0f6	47346ea8-fa52-4ba9-a9b5-ccc77972f869	455195c3-bd74-418f-b604-b8973e63888d	\N	2024-09-20 00:00:00	2026-08-31 00:00:00	1850.00	1250.00	active	\N	2026-02-05 15:25:45.878829	annual	0.0500	5	\N
e6cbcc99-b084-4f97-aecd-206281a27e88	02715854-9903-4614-83bd-ababe94e0bda	72d41b3a-57da-401e-b935-e4df326e908d	\N	2025-08-01 00:00:00	2026-07-31 00:00:00	2300.00	2300.00	active	\N	2026-02-05 15:25:46.434157	annual	0.0500	5	\N
79577654-1eab-49ff-ab6c-0c35ec850af0	c20b400c-982f-41e4-8a3f-e03a540f6e44	14768530-05db-4656-b419-8ca2a1c664d9	\N	2025-02-01 00:00:00	2026-02-28 00:00:00	1800.00	0.00	active	\N	2026-02-05 15:25:46.197135	annual	0.0500	5	\N
cc7bac68-e28d-4ebe-8007-cd7bd7ea4587	92351ec6-bd88-4325-bf78-40b792f7d86a	cc7c14fc-3218-493c-bd93-3924788d0bfa	\N	2023-05-01 00:00:00	2026-03-31 00:00:00	1850.00	0.00	active	\N	2026-02-05 15:25:46.22743	m2m	0.0500	5	\N
3aac5884-9026-4278-8808-8f5407c424e1	418c14d6-8945-48f4-ad32-50c3e8f537e1	7b30c68a-d317-4ee2-97aa-f4bbf42f9b12	\N	2024-09-01 00:00:00	2026-08-31 00:00:00	2150.00	0.00	active	\N	2026-02-05 15:25:46.316631	annual	0.0500	5	\N
7b1664ae-53ad-4cf5-9f2b-f700edd0c128	6d28935a-c2c0-4b11-8aa2-98aaf948f15b	183262a6-dfef-45f2-b103-cdf3cb232877	\N	2025-02-01 00:00:00	2027-01-31 00:00:00	1875.00	0.00	active	\N	2026-02-05 15:25:46.346139	annual	0.0500	5	\N
ab57b285-385e-459b-b3dd-4015e42da4d1	4c7acff0-69a8-4492-b9ce-83e88037b125	2ad6b6cc-0ddd-411b-b04d-f3b443faef79	\N	2025-04-01 00:00:00	2026-03-31 00:00:00	1850.00	1800.00	active	\N	2026-02-05 15:25:46.25777	annual	0.0500	5	\N
5dbe1e69-a6e7-4152-9c8b-0201a00bb7cf	bf180b48-07c9-4d0f-beba-acab894d5a66	d91bcd2a-01e1-48c8-94bf-4f4070c108f6	\N	2026-02-01 00:00:00	2027-01-31 00:00:00	1850.00	1750.00	active	\N	2026-02-05 15:25:46.080043	annual	0.0500	5	\N
e09441b4-686b-4536-a094-c1847ff8c88c	e98f0623-49a8-4eac-a0e4-330c92900ff2	5eb0172c-2bd3-497a-8aa0-eab3e6151aa8	\N	2026-01-01 00:00:00	2026-12-31 00:00:00	1850.00	1800.00	active	\N	2026-02-05 15:25:46.548982	annual	0.0500	5	\N
292eecab-0fef-4c8f-b844-c147c9ce3dc1	29be5c7c-205b-4851-a829-1108fcd5c3a4	fc8496d2-6418-452c-b00f-933f0e6ac1a9	\N	2024-06-01 00:00:00	2026-05-31 00:00:00	1850.00	0.00	active	\N	2026-02-05 15:25:46.491647	annual	0.0500	5	\N
eab56592-bd8e-441e-a946-20c189ab9d9b	c5553482-066e-4931-bdfc-19e33ca0c712	4d0aa3df-a596-4365-90dd-daa354f7e54c	\N	2023-05-31 00:00:00	2026-02-28 00:00:00	1800.00	1450.00	active	\N	2026-02-05 15:25:46.136699	annual	0.0500	5	\N
e98a262a-7c0f-40e6-bf7e-56c920d29f71	86aa7513-2cfc-481e-8ef3-799e54a4ad78	09e02c29-ca98-4401-a02c-bf7ff8c05690	\N	2026-03-01 00:00:00	2027-02-28 00:00:00	1550.00	1500.00	active	\N	2026-02-05 15:25:46.636383	annual	0.0500	5	\N
b1dcaa8a-80ec-4d38-97c7-f2a6ebf79814	a5996f00-086c-4ceb-82a5-7c98d442f799	c6b6c9a9-56f9-4aaa-bb36-195ca6bf816b	\N	2026-02-01 00:00:00	2027-01-31 00:00:00	1825.00	1750.00	active	\N	2026-02-05 15:25:46.462804	annual	0.0500	5	\N
f0bc1797-34f3-4dec-befc-a00948f68001	b3fcd381-a046-4c25-a28d-71992ac1ebf1	1c6aa700-bc22-4acb-9159-01eab97f09f9	\N	2025-10-01 00:00:00	2026-09-30 00:00:00	2050.00	1950.00	active	\N	2026-02-05 15:25:46.577663	annual	0.0500	5	\N
4a5fb498-0496-4754-881e-21d87a32e307	60b12745-2f37-463b-8122-68959b522b81	27abbaba-c587-4e63-8904-e6aca672a77b	\N	2025-03-01 00:00:00	2027-02-28 00:00:00	1850.00	0.00	active	\N	2026-02-05 15:25:46.693739	annual	0.0500	5	\N
43319232-c196-4182-8a50-92fc03ee5fed	40167b05-30f6-4952-94c8-edc9e7c550ad	98074ce8-8e6b-43d7-b364-6df96cd393a2	\N	2025-10-01 00:00:00	2026-09-30 00:00:00	1900.00	1300.00	active	\N	2026-02-05 15:25:45.907387	annual	0.0500	5	\N
6da5d7db-41fc-46d7-ae8d-7dd54453724e	d7a221fc-0dcd-4504-874e-5ef686290b93	02da684a-bd59-4c73-bdd6-f58d5c2eba87	\N	2025-05-01 00:00:00	2026-04-30 00:00:00	1850.00	1700.00	active	\N	2026-02-05 15:25:46.167977	annual	0.0500	5	\N
c88fc26e-2885-4053-8a0d-c39f6d7cf207	7f75947a-6576-4644-9061-01f593d5b975	4f6a2ee5-190f-4234-96ce-c22b8c496e9a	\N	2025-03-01 00:00:00	2026-02-28 00:00:00	1850.00	1850.00	active	\N	2026-02-05 15:25:47.155893	annual	0.0500	5	\N
c1ea5ea4-78c8-42ac-9097-b65173587f51	755fd861-0122-48b8-a0d2-fa33d9266758	30edf4a6-bcec-4a51-b113-a67ba4162030	\N	2024-07-01 00:00:00	2026-06-30 00:00:00	1900.00	0.00	active	\N	2026-02-05 15:25:47.213968	annual	0.0500	5	\N
1f75c58e-c016-4872-9071-53705ce27cd9	ec6b578f-2814-4e56-8ec8-f3b78956585b	83e3e8c8-3a19-43e7-ac98-decf70e07373	\N	2021-09-01 00:00:00	2026-08-31 00:00:00	2247.00	0.00	active	\N	2026-02-09 04:01:50.147049	annual	0.0500	5	\N
13142a3f-ed20-4201-bd67-6efb89f8e65f	5285bdc3-fd24-4657-ad05-95fc6158d319	86f68b5a-519e-451b-aa3f-3715e0d4e312	\N	2026-03-01 00:00:00	2029-02-28 00:00:00	2200.00	2200.00	active	\N	2026-02-09 02:55:21.939625	annual	0.0500	5	\N
6b31a584-091d-4edb-b318-b6cb7e35330f	db290e15-abbc-4293-aa64-604cf78d9796	90070f5e-3a98-4ebf-8ad5-3e6f40e10a89	\N	2026-01-01 00:00:00	2026-12-31 00:00:00	1900.00	1900.00	active	\N	2026-02-09 02:57:16.733506	annual	0.0500	5	\N
eb97b9bd-9e8e-4957-8697-343ab5e2ec6a	90460276-b6bb-4859-b5eb-06d5a452fb67	4d0b1796-73dc-4845-a88e-15defa0a6597	\N	2025-12-01 00:00:00	2026-11-30 00:00:00	2200.00	2200.00	active	\N	2026-02-09 03:04:34.900811	annual	0.0500	5	\N
bcc784b1-fc07-4419-9c1f-d4fadcbebbf5	0eb4a8cf-ecac-4106-9847-76b875c048b4	e0d13e3b-0693-4a08-a08a-a08f96743052	\N	2025-12-15 00:00:00	2026-12-31 00:00:00	3200.00	3200.00	active	\N	2026-02-09 03:06:12.417881	annual	0.0500	5	\N
b4b192da-9e07-427b-964c-02c4d011fd46	57daac38-7e27-4bd0-9124-9518be954dc9	f8481f03-f05a-48f3-9c41-49dd2ceb22b7	\N	2025-11-01 00:00:00	2027-10-31 00:00:00	3500.00	3500.00	active	\N	2026-02-09 03:07:31.162701	annual	0.0500	5	\N
3d7e16df-219e-4249-8c81-7df230acf6f8	98a9fbb2-2d28-4b6c-91cd-70a95b97022a	d77557c8-e5c1-4bb8-a615-91b762b4ce44	\N	2025-10-15 00:00:00	2026-10-31 00:00:00	1900.00	1900.00	active	\N	2026-02-09 03:08:47.944188	annual	0.0500	5	\N
21477e28-59bb-4e0d-9000-c8c4d4bddba8	b0174803-da61-4ff8-8ed8-f57d03d4cbb0	b3049bba-0101-4c43-9f9f-4444591f9d1a	\N	2025-11-01 00:00:00	2026-10-31 00:00:00	2000.00	2000.00	active	\N	2026-02-09 03:10:05.161901	annual	0.0500	5	\N
d38ffc32-8c53-45e8-bef4-8ed7da4f29b7	da1db128-3ee4-4648-b736-5b4cf1f6d83a	59ef9f3d-685c-4557-92f8-7bb67244d303	\N	2025-10-01 00:00:00	2026-09-30 00:00:00	1900.00	1900.00	active	\N	2026-02-09 03:11:45.60507	annual	0.0500	5	\N
02e444a6-af65-4c97-93ad-afb30c7c38e2	8a3ac9d3-7d4a-473f-bf80-f43a8cd5db64	164584b9-d32b-46e8-aa11-b09957e47c3e	\N	2025-09-15 00:00:00	2026-09-30 00:00:00	1750.00	1750.00	active	\N	2026-02-09 03:13:06.060526	annual	0.0500	5	\N
ee2ee37d-c4be-4251-b783-518d44c06577	443f3c98-78c2-4344-b378-1b60a711255e	43195ca4-5135-4371-bce8-3b5e6ecc7372	\N	2025-08-01 00:00:00	2028-07-31 00:00:00	3500.00	3500.00	active	\N	2026-02-09 03:20:15.174574	annual	0.0500	5	\N
1f13c4ae-1a25-4c44-bbc0-8cefa575ac6e	3ba53dee-cbc3-44cc-9bf4-1b956c8258c7	c772f7e6-edc6-4152-9b94-f47653df0094	\N	2025-07-10 00:00:00	2026-07-31 00:00:00	2200.00	2200.00	active	\N	2026-02-06 02:52:56.114082	m2m	0.0500	5	\N
da67beac-6a3f-46da-b825-4a1a8b5f1732	0e6a0f87-c26a-4810-adaa-93eb993b0e90	36586d77-bd0e-46b2-95e0-bf8eae913eb9	\N	2024-08-01 00:00:00	2027-07-31 00:00:00	7936.49	0.00	active	\N	2026-02-09 03:39:34.185016	annual	0.0500	5	\N
fb71289f-60ff-4b5d-911a-b031952e5c16	d48f96fc-74c4-4ae8-a1a8-125c294aaef2	08a4ac57-f238-4da3-9bae-2fe844271b97	\N	2024-09-20 00:00:00	2026-09-30 00:00:00	1700.00	0.00	active	\N	2026-02-09 03:42:31.564076	annual	0.0500	5	\N
ddf0b58b-71c1-4338-8587-c43a6c0bbd83	b8179d2a-2831-4889-b6a2-46e621f62da2	d4c28d6e-b53a-47e9-b162-596be30afdc4	\N	2026-02-01 00:00:00	2027-01-31 00:00:00	2000.00	0.00	active	\N	2026-02-09 03:50:23.721671	annual	0.0500	5	\N
4b3cdcd6-3640-4029-8ba8-be27495eed1b	e482bc80-5b03-4556-93cf-0a945c5de35c	196b5689-3295-4b2a-a79b-cb111ad934ec	\N	2026-02-01 00:00:00	2027-01-31 00:00:00	11000.00	0.00	active	\N	2026-02-09 03:54:20.694254	annual	0.0500	5	\N
13c0d43e-c327-4d50-bf21-65cdd968b05a	0946dcb5-100a-417e-9810-505628513a45	e3816d0c-ecf7-4513-bc85-c8bfd9cd8205	\N	2024-08-01 00:00:00	2026-07-31 00:00:00	1823.20	0.00	active	\N	2026-02-09 03:57:59.260051	annual	0.0500	5	\N
a7c2e607-b16d-47dd-b805-52de32710674	14044383-1b71-42b2-8777-82d3cc09dcb1	67708874-dff1-4013-baa7-7781a95ed6a6	\N	2023-01-01 00:00:00	2027-12-31 00:00:00	1843.96	0.00	active	\N	2026-02-09 03:59:22.915914	annual	0.0500	5	\N
6377cfaa-28c0-44cd-9c00-10af8c90dffb	f66f312c-7270-4a9a-8b46-bfc07687bdd3	0da4bc3f-b4af-4d76-9236-6d357eb629d6	\N	2024-04-01 00:00:00	2028-03-31 00:00:00	3800.00	0.00	active	\N	2026-02-09 04:00:26.756363	annual	0.0500	5	\N
bf29a770-2cf8-44c5-be65-09babaf66220	4f6730b8-5351-48d3-af64-485a8ba3ff19	e88fd285-ed8f-4704-a29e-9453177c1a78	\N	2023-08-01 00:00:00	2028-07-31 00:00:00	5400.00	0.00	active	\N	2026-02-09 04:02:50.004298	annual	0.0500	5	\N
9f67e196-ddce-48b3-bcae-e60bfeaacdf1	48d65dcf-badd-44c2-8cea-48f380e85805	fa3d9be2-16fc-4144-aec3-d484b7b08de7	\N	2023-04-01 00:00:00	2026-03-31 00:00:00	1250.00	0.00	active	\N	2026-02-09 04:04:24.840199	m2m	0.0500	5	\N
225684ec-89cb-426c-9da8-87f851167db7	dd0e9bff-2c5b-41e3-898d-a5eb61797aab	a86ac1b9-2e41-4e82-bef0-f89a4c2c6af3	\N	2023-04-01 00:00:00	2026-03-31 00:00:00	1050.00	0.00	active	\N	2026-02-09 04:05:21.035401	m2m	0.0500	5	\N
b6c318f6-2abe-469e-8c3b-411efaf2de4f	44ae318e-01e2-429a-8fb5-a5808c1ea797	ddd7b82e-4db2-40a0-bcbe-fe71d2929a23	\N	2023-04-01 00:00:00	2026-03-31 00:00:00	1050.00	0.00	active	\N	2026-02-09 04:06:27.836542	annual	0.0500	5	\N
b8ddbfe3-792c-49e6-ac9c-d3e7cc8442e9	319c445e-131e-4beb-b85b-44e58ae2b06f	21aa2680-ec07-4f0d-9422-73a55b6fb60d	\N	2024-08-01 00:00:00	2026-07-31 00:00:00	2325.00	0.00	active	\N	2026-02-05 15:25:46.839023	annual	0.0500	5	\N
650334fd-aa3d-40cf-bedb-191e670f1e0e	1e95d34d-5dce-4ec2-a749-0ce70d7e5ff5	1f346dfa-32c1-44eb-a9dd-556d4d1de13f	\N	2025-08-01 00:00:00	2026-07-31 00:00:00	2000.00	2000.00	active	\N	2026-02-09 03:15:33.963915	annual	0.0500	5	\N
fde9a8a0-2f8f-44a2-86a4-3da365143e47	fe5243c2-dca1-46b0-a98c-b9bd09e8edde	b89f602d-1298-41e5-90fc-9b63afec44e9	\N	2024-05-01 00:00:00	2026-04-30 00:00:00	1825.00	0.00	active	\N	2026-02-05 15:25:46.895932	annual	0.0500	5	\N
1c9d630b-8a2c-45d8-9da3-4e9c679c0860	507b7e5c-655d-48f7-b9b4-17c1441c77ae	011896b8-9ba6-4d23-9513-b63271aa508f	\N	2025-01-01 00:00:00	2026-12-31 00:00:00	1700.00	0.00	active	\N	2026-02-05 15:25:46.95362	annual	0.0500	5	\N
9c6156a3-c50b-4e18-b847-6ee08e8ac1d3	e73e273f-1c08-4b92-a73c-e03b6ff26518	9026f5c4-57cd-424a-b2f5-530bf180c84f	\N	2024-07-01 00:00:00	2026-06-30 00:00:00	1900.00	0.00	active	\N	2026-02-05 15:25:46.982157	annual	0.0500	5	\N
45da57e1-7967-45b5-bd81-4e4c076720c5	69f472b0-c0b1-4c0d-a016-f51cd07c9a8a	8cee52a3-83f8-4901-b8dd-dd4cb7ce691b	\N	2024-06-01 00:00:00	2026-05-31 00:00:00	1900.00	0.00	active	\N	2026-02-05 15:25:47.01105	annual	0.0500	5	\N
a807700e-9e65-41f4-88cf-3a1f442e4843	6a5073bc-24d2-421f-b8b5-7ee1ae241b15	90a27344-6e91-46d9-953a-8ed29d05d856	\N	2025-03-01 00:00:00	2027-02-28 00:00:00	1925.00	1900.00	active	9fbe1f31-aaed-4e19-aaa9-05c1cbb7ffd2	2026-02-05 15:25:46.867445	annual	0.0500	5	\N
ba307b62-df7f-46e8-b18d-6ab4047552d2	b1ac5f2e-f232-405c-a20f-2e121313bd3f	6ff38c86-1c2f-4c91-9acf-7458690fee8a	\N	2026-01-01 00:00:00	2026-12-31 00:00:00	1900.00	1850.00	active	\N	2026-02-05 15:25:47.039835	annual	0.0500	5	\N
0defb5b2-04c9-4edd-b3eb-2a4c37a5d140	6deb9d17-9d36-40cd-b1fd-f0967c04c3fc	ac746e92-6ecb-4e56-b4e7-eebbc1f7b27d	\N	2024-11-01 00:00:00	2026-10-31 00:00:00	1975.00	0.00	active	\N	2026-02-05 15:25:47.097118	annual	0.0500	5	\N
2f60ba43-9926-4c70-bff9-0d205c483902	3feb20b8-aa55-465d-9ee1-161a5ca508d6	5b25bdca-4101-4e1e-b4cd-36e8ce0e2b0e	\N	2025-06-01 00:00:00	2026-05-31 00:00:00	1500.00	1500.00	active	\N	2026-02-09 03:37:33.32858	annual	0.0500	5	\N
9c3cc3be-0354-4fb9-9724-b90f6d752ab5	38211b59-9de9-4767-be3a-02ba13c8ca02	7ce7b18e-da70-49ee-b9c3-204e3142a749	\N	2026-01-01 00:00:00	2026-12-31 00:00:00	1875.00	0.00	active	\N	2026-02-05 15:25:47.068681	annual	0.0500	5	\N
b42e4e08-a6ee-434b-a7f0-f0124accf161	7845ce20-b115-4785-a452-ecda45d633b0	a591f7bd-9537-4d4d-a3dd-ade92561d0a9	\N	2025-05-01 00:00:00	2026-04-30 00:00:00	1700.00	1700.00	active	\N	2026-02-06 22:40:32.567925	annual	0.0500	5	\N
6073b604-86b5-440e-be97-fc5355ad2eba	73666509-04c7-4196-bbb1-32bb625aabc8	aa936a22-415e-421f-a8f6-864de4bea92e	\N	2025-10-01 00:00:00	2026-09-30 00:00:00	2300.00	2200.00	active	\N	2026-02-05 15:25:47.125568	annual	0.0500	5	\N
e560b5db-4033-4a1e-b78a-42b3238d8eff	1ec163c9-fd42-45a1-ad8f-810523061042	92930759-61f7-4699-98a1-bc5fdd072327	\N	2024-04-01 00:00:00	2026-03-31 00:00:00	2600.00	0.00	active	\N	2026-02-09 04:08:46.865147	annual	0.0500	5	\N
738c4af9-7982-40b2-acf8-7a0ae849d1e3	41d84dfe-4957-44af-8a98-cd2d59c4d711	5af20f69-9c8a-4e08-a4fb-1424a3c8b4ba	\N	2024-11-01 00:00:00	2026-10-31 00:00:00	2100.00	2100.00	active	\N	2026-02-09 04:11:11.304781	annual	0.0500	5	\N
7b190fab-a3c8-45d3-a113-a4d6b15f2096	1dd67894-ce61-4481-a7f9-5333f7d75f00	a4ca4214-210f-436d-8f8c-6fc1b51fb7fb	\N	2024-11-01 00:00:00	2026-10-31 00:00:00	2000.00	0.00	active	\N	2026-02-09 04:23:41.636075	annual	0.0500	5	\N
184f54bb-e74d-4c82-9f82-c60267c38752	5c60223e-f188-4b9d-9fb7-b1550ea2525e	d8a88cf6-3d2b-4d68-b777-b9a59b0559de	\N	2024-08-01 00:00:00	2026-07-31 00:00:00	1900.00	0.00	active	\N	2026-02-05 15:25:46.924661	annual	0.0500	5	\N
68bd918e-8af5-462c-a1aa-a93793a314e5	2cf23989-3794-41f0-bc24-2fd7b104f285	9c83270c-dae1-4cad-a21a-a6fb64f13b59	\N	2024-11-01 00:00:00	2026-10-31 00:00:00	2250.00	0.00	active	\N	2026-02-09 04:41:35.038366	annual	0.0500	5	\N
866bcf7b-087f-4a3f-9746-60df4073bbe6	303409bf-06de-49cc-842c-88cb9b25930c	1498ec04-ea47-48ab-affd-6bc5e645db54	\N	2025-03-04 00:00:00	2026-02-28 00:00:00	1700.00	1700.00	active	\N	2026-02-09 04:43:24.757084	annual	0.0500	5	\N
b79d77f4-eb40-4968-96e6-65965124cccd	7b106bde-0ce3-4ae1-97f3-1ff0a6136af6	a99f9e45-fecc-4c64-8914-7929e6c98ae9	\N	2024-06-01 00:00:00	2026-05-31 00:00:00	2050.00	0.00	active	\N	2026-02-09 04:45:39.191324	annual	0.0500	5	\N
416552ea-4ad5-4950-8a11-bf7f07e802ef	c1317972-e10e-4ff5-9dfc-b7a49065b703	fa291d82-436a-4552-a950-fc76c4ef3f94	\N	2025-10-01 00:00:00	2026-09-30 00:00:00	1700.00	1700.00	active	\N	2026-02-09 04:47:04.248207	annual	0.0500	5	\N
beb55f34-0bb8-4cd4-9a7f-2a705a55cc87	72842a58-b129-40f1-9d36-ae87ef2a0969	c2aaa73a-7f84-4c7d-931d-d5fba202d61c	\N	2024-12-01 00:00:00	2026-11-30 00:00:00	2050.00	0.00	active	\N	2026-02-09 04:48:25.761173	annual	0.0500	5	\N
30260d12-5414-4b86-a549-0e663992c872	f1a1a294-4139-4bb2-8483-b4985ea104b4	8c330a58-e474-4b1c-a2d0-294d9edf0a7f	\N	2025-07-01 00:00:00	2026-06-30 00:00:00	2300.00	2300.00	active	\N	2026-02-09 04:49:45.757919	annual	0.0500	5	\N
36471db9-43e0-4014-b296-53da729f9fa0	38828046-9d17-417e-a704-f96137e60581	a1c05875-31c4-474f-8cd8-20e36fc1372f	\N	2026-02-01 00:00:00	2027-01-31 00:00:00	1850.00	1850.00	active	\N	2026-02-09 13:46:37.099826	annual	0.0500	5	\N
eb38211f-0970-42c7-ab44-9edee1d2d87d	e38460d5-c080-40d9-a3d3-7d03a045108e	5bc42ae3-b5cc-4d58-9333-b33bec9dd821	\N	2025-12-01 00:00:00	2026-11-30 00:00:00	1695.00	1695.00	active	\N	2026-02-18 01:27:27.305403	annual	0.0500	5	\N
8ebb7b20-e804-4890-8cb1-472c9a039f90	ec0175d2-39cf-4c93-9b36-704922b9f9f2	e22bddd3-4771-4451-bdd9-95cd11e328ea	\N	2026-01-01 00:00:00	2026-12-31 00:00:00	2150.00	1500.00	active	\N	2026-02-09 04:13:37.139913	annual	0.0500	5	\N
8672f231-0a7e-49cc-bde1-62eb48183e29	18dbb1ab-a366-48fa-9aaf-3cdb5ae65c7a	b3e38bb5-c629-4dbe-a8e7-ba12833b79b7	\N	2026-03-01 00:00:00	2027-02-28 00:00:00	1800.00	1800.00	active	\N	2026-02-19 22:41:45.200789	annual	0.0500	5	\N
519e532b-5c82-4400-bb7e-306aaf1fae41	088d235c-277f-4a8b-9ebe-33f7d0f20221	2b357005-1311-4eb2-82de-ae4017d78303	\N	2025-03-01 00:00:00	2026-02-28 00:00:00	1875.00	1200.00	active	\N	2026-02-09 04:50:57.196463	annual	0.0500	5	\N
94e95a05-fc41-4a7f-87b2-df207dea12ca	216b86ab-2883-493e-ab68-f1a3ef1503e4	569d10ea-aadf-4416-9ece-4564c90b2da9	\N	2025-01-01 00:00:00	2025-12-31 00:00:00	2250.00	0.00	active	\N	2026-02-09 04:22:19.453454	m2m	0.0500	5	\N
710a0cf7-5008-4690-9b82-2ef6170a37f5	8c95b41e-1670-40e6-a3b7-41cca215b272	46e7ec52-2246-44b6-9c77-640bd843dba7	\N	2025-07-01 00:00:00	2026-06-30 00:00:00	1650.00	1050.00	active	\N	2026-02-05 15:25:46.781622	annual	0.0500	5	\N
\.


--
-- Data for Name: maintenance_attachments; Type: TABLE DATA; Schema: public; Owner: neondb_owner
--

COPY public.maintenance_attachments (id, request_id, file_id) FROM stdin;
\.


--
-- Data for Name: maintenance_messages; Type: TABLE DATA; Schema: public; Owner: neondb_owner
--

COPY public.maintenance_messages (id, request_id, sender_type, sender_user_id, message, created_at) FROM stdin;
\.


--
-- Data for Name: maintenance_requests; Type: TABLE DATA; Schema: public; Owner: neondb_owner
--

COPY public.maintenance_requests (id, tenant_id, property_id, unit_id, ticket_number, name, email, phone, property_address, unit_label, category, description, status, priority, entry_permission, has_pets, created_at, updated_at, photos) FROM stdin;
c697327a-16c7-4e06-9efd-f02ce3e029b3	\N	\N	\N	MR-MLSISH2K	Yanni Sabag	yanisho@hotmail.com	\N	\N	\N	hvac	my ac is not working please help	submitted	medium	t	t	2026-02-18 21:04:13.691668	2026-02-18 21:04:13.691668	\N
\.


--
-- Data for Name: payments; Type: TABLE DATA; Schema: public; Owner: neondb_owner
--

COPY public.payments (id, tenant_id, property_id, property_code, email, amount, method, status, stripe_payment_intent_id, paid_at, receipt_url, description, created_at, entity_id, stripe_transfer_id) FROM stdin;
763e0728-9bbf-4db7-b1e7-cf33bad428ab	\N	\N	\N	\N	1.00	ach	completed	\N	2026-02-11 18:56:50.013	\N	\N	2026-02-11 18:56:50.029781	\N	\N
90f2ecae-d054-4fee-94f9-835fc594c569	\N	\N	\N	\N	1.00	card	completed	\N	2026-02-18 21:23:51.708	\N	test	2026-02-18 21:23:51.723735	\N	\N
\.


--
-- Data for Name: properties; Type: TABLE DATA; Schema: public; Owner: neondb_owner
--

COPY public.properties (id, property_code, name, address, city, state, zip, type, status, description, image_url, created_at, updated_at, entity_id, bedrooms, bathrooms, sqft, nickname) FROM stdin;
92930759-61f7-4699-98a1-bc5fdd072327	1699	1699	1699 NW 127th Street	Miami	FL	33167	house	occupied		\N	2026-02-05 15:16:49.98324	2026-02-17 22:38:16.262	8b7cb4fe-2542-4cd8-abbc-28feeba55822	3	2.0	1500	
14768530-05db-4656-b419-8ca2a1c664d9	3900107	3900 Apt 107	3900 NW 76 Ave. Apt 107	Sunrise	FL	33351	condo	occupied		\N	2026-02-05 15:16:50.196009	2026-02-17 22:38:16.092	bd5001c1-8633-41ed-a1cd-9089e096012d	2	2.0	\N	
a1c05875-31c4-474f-8cd8-20e36fc1372f	711301	711 Apt 301	711 N. Pine Island Rd. Apt 301	Plantation	FL	33324	condo	occupied		\N	2026-02-05 15:16:51.240158	2026-02-17 22:38:15.161	6c37f1e9-f30b-4c04-b69a-249798bde6b2	2	2.0	\N	
a591f7bd-9537-4d4d-a3dd-ade92561d0a9	10050103	10050 Apt 103	10050 Winding Lakes Apt 103	Sunrise	FL	33351	condo	occupied		\N	2026-02-05 23:49:52.861744	2026-02-19 13:13:30.462	98ec115e-e98b-4f0e-af4e-e9bf1c2e18dc	2	2.0	1000	
e22bddd3-4771-4451-bdd9-95cd11e328ea	701102	701 Apt 102	701 SW 148th Ave Apt 102	Davie	FL	33325	townhouse	occupied		\N	2026-02-05 23:52:49.277215	2026-02-19 13:21:44.503	3fa1e91c-f52f-4095-b92b-fbcb7ec738a2	3	2.0	1200	
c772f7e6-edc6-4152-9b94-f47653df0094	129201	12920 # 1	12920 Westview Dr. #1	Miami	FL	33167	house	occupied		\N	2026-02-05 15:16:49.921399	2026-02-17 22:38:16.29	8b7cb4fe-2542-4cd8-abbc-28feeba55822	3	2.0	\N	
02da684a-bd59-4c73-bdd6-f58d5c2eba87	7300201	7300 Apt 201	7300 NW 17th Street Apt 201	Plantation	FL	33313	condo	occupied		\N	2026-02-05 15:16:50.165343	2026-02-18 17:00:56.397	c549fe59-23d1-45d5-838d-85f551957912	2	2.0	\N	
2ad6b6cc-0ddd-411b-b04d-f3b443faef79	3262	3262	3262 Coral Ridge Dr.	Coral Springs	FL	33065	condo	occupied		\N	2026-02-05 15:16:50.256319	2026-02-18 17:11:44.538	c549fe59-23d1-45d5-838d-85f551957912	2	2.0	\N	
cc7c14fc-3218-493c-bd93-3924788d0bfa	300303	300 Apt 303	300 Palm Circle W. Apt 303	Pembroke Pines	FL	33025	condo	occupied		\N	2026-02-05 15:16:50.226201	2026-02-17 22:38:16.064	9f3e0261-305c-422e-87a9-1389a22cb167	2	2.0	1100	
bb4dbf04-dd29-4cf2-9c72-310b3388698f	92O	92 Ohio	92 Ohio Rd.	Lake Worth	FL	33467	house	occupied		\N	2026-02-05 15:16:50.043783	2026-02-17 22:38:16.207	8b7cb4fe-2542-4cd8-abbc-28feeba55822	3	2.0	\N	
d91bcd2a-01e1-48c8-94bf-4f4070c108f6	4169205	4169 Apt 205	4169 SW 67th Ave. Apt 205	Davie	FL	33314	condo	occupied		\N	2026-02-05 15:16:50.074029	2026-02-19 02:48:48.701	c549fe59-23d1-45d5-838d-85f551957912	2	2.0	\N	
4d0aa3df-a596-4365-90dd-daa354f7e54c	3100202	3100 Apt 202	3100 N. Pine Island Rd. Apt 202	Sunrise	FL	33351	condo	occupied		\N	2026-02-05 15:16:50.134357	2026-02-20 02:16:03.587	c549fe59-23d1-45d5-838d-85f551957912	2	2.0	\N	
98074ce8-8e6b-43d7-b364-6df96cd393a2	711102	711 Apt 102	711 N. Pine Island Rd. Apt 102	Plantation	FL	33324	condo	occupied		\N	2026-02-05 15:16:49.89072	2026-02-19 13:15:42.19	3fa1e91c-f52f-4095-b92b-fbcb7ec738a2	2	2.0	\N	
fa3d9be2-16fc-4144-aec3-d484b7b08de7	129204	12920 # 4	12920 Westview Dr. #4	Miami	FL	33167	house	occupied		\N	2026-02-05 23:41:18.227561	2026-02-17 22:38:14.993	8b7cb4fe-2542-4cd8-abbc-28feeba55822	1	1.0	300	
ddd7b82e-4db2-40a0-bcbe-fe71d2929a23	129202	12920 # 2	12920 Westview Dr # 2	Miami	FL	33167	house	occupied		\N	2026-02-05 23:39:27.366943	2026-02-17 22:38:15.049	8b7cb4fe-2542-4cd8-abbc-28feeba55822	0	1.0	300	
7b30c68a-d317-4ee2-97aa-f4bbf42f9b12	99991004	9999 Apt 1004	9999 Summerbreeze Dr. Apt 1004	Sunrise	FL	33322	condo	occupied		\N	2026-02-05 15:16:50.318273	2026-02-17 22:38:15.97	efec181c-4168-457a-9ba3-26b23ddcc95d	2	2.0	\N	
89b8685b-d8e4-43fa-9739-913898d1322e	5090105	5090 Apt 105	5090 SW 64th Ave. Apt 105	Davie	FL	33314	condo	occupied		\N	2026-02-05 15:16:50.286901	2026-02-17 22:38:16.002	3bf1eda2-a356-4819-9b79-5137bcd6582b	2	2.0	\N	
455195c3-bd74-418f-b604-b8973e63888d	7900206	7900 Apt 206	7900 Fairview Dr Apt 206	Tamarac	FL	33321	condo	occupied		\N	2026-02-05 15:16:49.860579	2026-02-18 17:32:56.836	26dc033b-8d71-411e-80eb-2ac85218ec86	2	2.0	\N	
d77557c8-e5c1-4bb8-a615-91b762b4ce44	9971	9971	9971 Nob Hill Lane	Sunrise	FL	33351	condo	occupied		\N	2026-02-05 15:16:50.103915	2026-02-17 22:38:16.151	9e442be2-ead7-40ea-8c7b-52d6599d3303	2	2.0	\N	
59ef9f3d-685c-4557-92f8-7bb67244d303	909	909	909 NW 16th Ter.	Fort Lauderdale	FL	33311	house	occupied		\N	2026-02-05 15:16:50.013558	2026-02-17 22:38:16.235	8b7cb4fe-2542-4cd8-abbc-28feeba55822	1	1.0	\N	
67199d1c-bff2-4b61-b9d5-e8c705d7a6be	205 NW 4th Ave	205 NW 4th Ave	205 NW 4th Ave	Hallandale Beach	FL	33009	commercial	occupied		\N	2026-02-05 15:16:49.798832	2026-02-17 22:38:16.4	dc4d2931-e43b-4f86-a487-9fe5eefcd5aa	1	1.0	\N	
969baf09-8994-41fb-afde-ac67fd532fa6	207 NW 4th Ave	207 NW 4th Ave	207 NW 4th Ave	Hallandale Beach	FL	33009	commercial	occupied		\N	2026-02-05 15:16:49.768747	2026-02-17 22:38:16.428	dc4d2931-e43b-4f86-a487-9fe5eefcd5aa	1	1.0	\N	
8a948e9e-08c6-441b-9088-7d07c453b370	220-230 NW 4th Ave	220-230 NW 4th Ave	220-230 NW 4th Ave	Hallandale Beach	FL	33009	commercial	occupied		\N	2026-02-05 15:16:49.738348	2026-02-17 22:38:16.456	dc4d2931-e43b-4f86-a487-9fe5eefcd5aa	3	3.0	\N	
e0d13e3b-0693-4a08-a08a-a08f96743052	301 NW 10th Ter	301 NW 10th Ter	301 NW 10th Ter	Hallandale Beach	FL	33009	commercial	occupied		\N	2026-02-05 15:16:49.708009	2026-02-17 22:38:16.483	dc4d2931-e43b-4f86-a487-9fe5eefcd5aa	1	1.0	1700	
d4c28d6e-b53a-47e9-b162-596be30afdc4	226 NW 6th Ave	226 NW 6th Ave	226 NW 6th Ave	Hallandale Beach	FL	33009	commercial	occupied		\N	2026-02-05 15:16:49.67774	2026-02-17 22:38:16.511	dc4d2931-e43b-4f86-a487-9fe5eefcd5aa	1	1.0	\N	
51faa6a3-a75f-4c02-ab1a-24a25c42917d	221 NW 4th Ave	221 NW 4th Ave	221 NW 4th Ave	Hallandale Beach	FL	33009	commercial	occupied		\N	2026-02-05 15:16:49.585787	2026-02-17 22:38:16.567	dc4d2931-e43b-4f86-a487-9fe5eefcd5aa	1	1.0	\N	
4366c6a4-72a1-4252-b6a5-64a33fdd170c	213-227 NW 5th Ave	213-227 NW 5th Ave	213-227 NW 5th Ave	Hallandale Beach	FL	33009	commercial	occupied		\N	2026-02-05 15:16:49.555522	2026-02-17 22:38:16.594	dc4d2931-e43b-4f86-a487-9fe5eefcd5aa	4	4.0	\N	
a676d548-44b7-4650-9d48-f2018d70ace2	229 NW 5th Ave	229 NW 5th Ave	229 NW 5th Ave	Hallandale Beach	FL	33009	commercial	occupied		\N	2026-02-05 15:16:49.525224	2026-02-17 22:38:16.622	dc4d2931-e43b-4f86-a487-9fe5eefcd5aa	1	1.0	3688	
8f1d97be-3e81-41cf-9fc0-8919857ff31d	222 NW 6th Ave	222 NW 6th Ave	222 NW 6th Ave	Hallandale Beach	FL	33009	commercial	occupied		\N	2026-02-05 15:16:49.494661	2026-02-17 22:38:16.649	dc4d2931-e43b-4f86-a487-9fe5eefcd5aa	1	1.0	\N	
60ea4864-efb7-43eb-bf7b-89289ae0a5ef	233-237 NW 4th Ave	233-237 NW 4th Ave	233-237 NW 4th Ave	Hallandale Beach	FL	33009	commercial	occupied		\N	2026-02-05 15:16:49.41765	2026-02-17 22:38:16.705	dd2c3274-b04f-41c0-bac8-8ca4d0e725a2	3	2.0	\N	
dd5700cb-c3ec-49f6-907d-f059a6840dac	8214	8214	8214 SW 14th Court	North Lauderdale	FL	33068	house	active		\N	2026-02-05 15:16:49.952176	2026-02-18 01:16:28.055	8b7cb4fe-2542-4cd8-abbc-28feeba55822	3	2.0	\N	
1f346dfa-32c1-44eb-a9dd-556d4d1de13f	7027	7027	7027 W. Sunrise Blvd	Plantation	FL	33313	townhouse	occupied		\N	2026-02-05 23:34:12.859495	2026-02-18 16:59:14.483	c549fe59-23d1-45d5-838d-85f551957912	2	2.5	\N	
30edf4a6-bcec-4a51-b113-a67ba4162030	711203	711 Apt 203	711 N. Pine Island Rd. Apt 203	Plantation	FL	33324	condo	occupied		\N	2026-02-05 15:16:51.271516	2026-02-17 22:38:15.132	6c37f1e9-f30b-4c04-b69a-249798bde6b2	2	2.0	\N	
aa936a22-415e-421f-a8f6-864de4bea92e	721116	721 Apt 116	721 N. Pine Island Rd. Apt 116	Plantation	FL	33324	condo	occupied		\N	2026-02-05 15:16:51.179248	2026-02-18 17:02:55.027	c549fe59-23d1-45d5-838d-85f551957912	3	2.0	\N	
5b25bdca-4101-4e1e-b4cd-36e8ce0e2b0e	18001205	1800 Apt 1205	1800 SW 81st Ave. Apt 1205	North Lauderdale	FL	33068	condo	occupied		\N	2026-02-05 15:16:50.783605	2026-02-18 17:21:24.235	26dc033b-8d71-411e-80eb-2ac85218ec86	1	1.5	\N	
c6b6c9a9-56f9-4aaa-bb36-195ca6bf816b	8060202	8060 Apt 202	8060 Colony Circle N. Apt 202	Tamarac	FL	33321	condo	occupied		\N	2026-02-05 15:16:50.471683	2026-02-18 17:34:13.911	26dc033b-8d71-411e-80eb-2ac85218ec86	2	2.0	\N	
be8fe484-b83e-4a28-9563-a3ef22d34862	18203200	1820 Apt 3200	1820 SW 81st Ave Apt. Apt 3200	North Lauderdale	FL	33068	condo	occupied		\N	2026-02-05 15:16:50.692249	2026-02-18 17:27:00.963	26dc033b-8d71-411e-80eb-2ac85218ec86	1	1.5	\N	
fa291d82-436a-4552-a950-fc76c4ef3f94	721204	721 Apt 204	721 N. Pine Island Rd Apt 204	Plantation	FL	33324	condo	occupied		\N	2026-02-05 15:16:51.301643	2026-02-17 22:38:15.104	8b7cb4fe-2542-4cd8-abbc-28feeba55822	1	1.5	1200	
27abbaba-c587-4e63-8904-e6aca672a77b	18102110	1810 Apt 2110	1810 SW 81st Ave. Apt 2110	North Lauderdale	FL	33068	condo	occupied		\N	2026-02-05 15:16:50.722342	2026-02-17 22:38:15.607	959b423a-2b09-4acb-8087-de75ef5522f4	2	2.0	\N	
46e7ec52-2246-44b6-9c77-640bd843dba7	18001401	1800 Apt 1401	1800 SW 81st Ave. Apt 1401	North Lauderdale	FL	33068	condo	occupied		\N	2026-02-05 15:16:50.813847	2026-02-18 17:22:23.7	26dc033b-8d71-411e-80eb-2ac85218ec86	1	1.5	\N	
b2d5c003-a7d9-48d8-92b5-140a63e41fc9	18203216	1820 Apt 3216	1820 SW 81st Ave. Apt 3216	North Lauderdale	FL	33068	condo	occupied		\N	2026-02-05 15:16:50.63097	2026-02-18 17:24:44.176	26dc033b-8d71-411e-80eb-2ac85218ec86	2	2.0	\N	
1c6aa700-bc22-4acb-9159-01eab97f09f9	18304215	1830 Apt 4215	1830 SW 81st Ave. Apt 4215	North Lauderdale	FL	33068	condo	occupied		\N	2026-02-05 15:16:50.600707	2026-02-18 17:31:11.235	26dc033b-8d71-411e-80eb-2ac85218ec86	2	2.0	\N	
183262a6-dfef-45f2-b103-cdf3cb232877	9999418	9999 Apt 418	9999 Summerbreeze Dr. Apt 418	Sunrise	FL	33322	condo	occupied		\N	2026-02-05 15:16:50.348544	2026-02-17 22:38:15.942	efec181c-4168-457a-9ba3-26b23ddcc95d	2	2.0	\N	
21aa2680-ec07-4f0d-9422-73a55b6fb60d	605201	605 Apt 201A	605 S. Pine Island Rd. Apt 201A	Plantation	FL	33324	condo	occupied		\N	2026-02-05 15:16:50.874444	2026-02-19 02:19:45.055	e4f1d9b1-6672-47e7-9b9b-7695b829d372	3	2.0	\N	
b89f602d-1298-41e5-90fc-9b63afec44e9	455407	455 Apt 407C	455 S. Pine Island Rd. Apt 407C	Plantation	FL	33324	condo	occupied		\N	2026-02-05 15:16:50.934971	2026-02-17 22:38:15.441	4032f9e7-ad7d-4f76-8bd2-7f356339ef2e	2	2.0	\N	
4d0b1796-73dc-4845-a88e-15defa0a6597	4204	4204 NW 114th Ter	4204 NW 114th Ter	Coral Springs	FL	33065	townhouse	occupied		\N	2026-02-05 23:55:33.327884	2026-02-17 22:38:14.882	3fa1e91c-f52f-4095-b92b-fbcb7ec738a2	3	2.0	1600	
72d41b3a-57da-401e-b935-e4df326e908d	3634	3634	3634 NW 95th Ter. Apt 8L	Sunrise	FL	33351	condo	occupied		\N	2026-02-05 15:16:50.441614	2026-02-18 17:07:06.194	c549fe59-23d1-45d5-838d-85f551957912	3	2.0	\N	
a4ca4214-210f-436d-8f8c-6fc1b51fb7fb	7341	7341	7341 W. Sunrise Blvd	Plantation	FL	33313	townhouse	occupied		\N	2026-02-05 23:53:57.801969	2026-02-17 22:38:14.909	3fa1e91c-f52f-4095-b92b-fbcb7ec738a2	2	2.0	1000	
a86ac1b9-2e41-4e82-bef0-f89a4c2c6af3	129203	12920 # 3	12920 Westview Dr # 3	Miami	FL	33167	house	occupied		\N	2026-02-05 23:40:27.95739	2026-02-17 22:38:15.021	8b7cb4fe-2542-4cd8-abbc-28feeba55822	0	1.0	300	
7ce7b18e-da70-49ee-b9c3-204e3142a749	721307	721 Apt 307	721 N. Pine Island Rd. Apt 307	Plantation	FL	33324	condo	occupied		\N	2026-02-05 15:16:51.117185	2026-02-19 13:19:09.209	3fa1e91c-f52f-4095-b92b-fbcb7ec738a2	2	2.0	\N	
ac746e92-6ecb-4e56-b4e7-eebbc1f7b27d	721205	721 Apt 205	721 N. Pine Island Rd. Apt 205	Plantation	FL	33324	condo	occupied		\N	2026-02-05 15:16:51.148788	2026-02-17 22:38:15.245	6c37f1e9-f30b-4c04-b69a-249798bde6b2	2	2.0	\N	
6ff38c86-1c2f-4c91-9acf-7458690fee8a	721402	721 Apt 402	721 N. Pine Island Rd. Apt 402	Plantation	FL	33324	condo	occupied		\N	2026-02-05 15:16:51.087146	2026-02-19 13:20:20.87	3fa1e91c-f52f-4095-b92b-fbcb7ec738a2	2	2.0	\N	
90a27344-6e91-46d9-953a-8ed29d05d856	455409	455 Apt 409C	455 S. Pine Island Rd. Apt 409C	Plantation	FL	33324	condo	occupied		\N	2026-02-05 15:16:50.904882	2026-02-20 02:10:32.514	4032f9e7-ad7d-4f76-8bd2-7f356339ef2e	2	2.0	\N	
8cee52a3-83f8-4901-b8dd-dd4cb7ce691b	721405	721 Apt 405	721 N. Pine Island Rd. Apt 405	Plantation	FL	33324	condo	occupied		\N	2026-02-05 15:16:51.057033	2026-02-17 22:38:15.329	35a4ff06-18a0-484a-8da8-b648c06f66b0	2	2.0	\N	
9026f5c4-57cd-424a-b2f5-530bf180c84f	721407	721 Apt 407	721 N. Pine Island Rd. Apt 407	Plantation	FL	33324	condo	occupied		\N	2026-02-05 15:16:51.02588	2026-02-17 22:38:15.357	35a4ff06-18a0-484a-8da8-b648c06f66b0	2	2.0	\N	
011896b8-9ba6-4d23-9513-b63271aa508f	405214	405 Apt 214D	405 S. Pine Island Rd. Apt 214D	Plantation	FL	33324	condo	occupied		\N	2026-02-05 15:16:50.99575	2026-02-17 22:38:15.385	6c37f1e9-f30b-4c04-b69a-249798bde6b2	1	1.0	\N	
09e02c29-ca98-4401-a02c-bf7ff8c05690	18203211	1820 Apt 3211	1820 SW 81st Ave. Apt 3211	North Lauderdale	FL	33068	condo	active		\N	2026-02-05 15:16:50.661496	2026-02-19 02:42:01.966	26dc033b-8d71-411e-80eb-2ac85218ec86	1	1.5	\N	
90070f5e-3a98-4ebf-8ad5-3e6f40e10a89	605304	605 Apt 304A	605 S. Pine Island Rd. Apt 304A	Plantation	FL	33324	condo	occupied		\N	2026-02-05 15:16:50.844216	2026-02-19 02:19:58.495	e4f1d9b1-6672-47e7-9b9b-7695b829d372	2	2.0	\N	
d8a88cf6-3d2b-4d68-b777-b9a59b0559de	455304	455 Apt 304C	455 S. Pine Island Rd. Apt 304C	Plantation	FL	33324	condo	occupied		\N	2026-02-05 15:16:50.965658	2026-02-19 02:20:20.607	e4f1d9b1-6672-47e7-9b9b-7695b829d372	2	2.0	\N	
e8bac227-c8ff-42fe-adb4-c131e85bf61d	7801209	7801 Apt 209	7801 Colony Circle S. Apt 209	Tamarac	FL	33321	condo	occupied		\N	2026-02-05 15:16:50.534569	2026-02-19 13:12:04.568	3987a416-fc35-416c-b086-36a5f138a8d5	2	2.0	\N	
5bc42ae3-b5cc-4d58-9333-b33bec9dd821	18001304	1800 Apt 1304	1800 SW 81st Ave. Apt 1304	North Lauderdale	FL	33068	condo	occupied		\N	2026-02-05 15:16:50.753179	2026-02-18 20:15:34.868	4032f9e7-ad7d-4f76-8bd2-7f356339ef2e	2	2.0	\N	
4f6a2ee5-190f-4234-96ce-c22b8c496e9a	711403	711 Apt 403	711 N. Pine Island Rd. Apt 403	Plantation	FL	33324	condo	occupied		\N	2026-02-05 15:16:51.209477	2026-02-19 13:16:39.838	3fa1e91c-f52f-4095-b92b-fbcb7ec738a2	2	2.0	\N	
5eb0172c-2bd3-497a-8aa0-eab3e6151aa8	7800102	7800 Apt 102	7800 Colony Circle S. Apt 102	Tamarac	FL	33321	condo	occupied		\N	2026-02-05 15:16:50.564814	2026-02-18 17:35:01.937	26dc033b-8d71-411e-80eb-2ac85218ec86	2	2.0	\N	
42cb0b25-7347-4d58-8194-298763c49d33	406509	406 Apt 509	406 NW 68th Ave. Apt 509	Plantation	FL	33317	condo	occupied		\N	2026-02-05 15:16:50.380332	2026-02-18 17:10:43.975	c549fe59-23d1-45d5-838d-85f551957912	1	1.5	\N	
36586d77-bd0e-46b2-95e0-bf8eae913eb9	224 NW 6th Ave	224 NW 6th Ave	224 NW 6th Ave	Hallandale Beach	FL	33009	commercial	occupied		\N	2026-02-06 00:04:58.327397	2026-02-17 22:38:14.798	dc4d2931-e43b-4f86-a487-9fe5eefcd5aa	1	1.0	2500	
164584b9-d32b-46e8-aa11-b09957e47c3e	7925205	7925 Apt 205	7925 Colony Cir S. Apt 205	Tamarac	FL	33321	condo	occupied		\N	2026-02-06 00:25:43.012857	2026-02-17 22:38:14.631	da45dbd5-04ae-4786-aa8f-2ec4c3a8b504	2	2.0	1000	
a99f9e45-fecc-4c64-8914-7929e6c98ae9	3849	3849	3849 NW 90th Ave	Sunrise	FL	33351	townhouse	occupied		\N	2026-02-06 00:24:18.453339	2026-02-17 22:38:14.659	da45dbd5-04ae-4786-aa8f-2ec4c3a8b504	3	2.0	1300	
86f68b5a-519e-451b-aa3f-3715e0d4e312	7351103	7351 Suite # 103	7351 W. Oakland Park Blvd Suite 103	Tamarac	FL	33319	commercial	active		\N	2026-02-06 00:33:40.999847	2026-02-06 00:33:40.999847	bfae676a-6310-4003-bdee-be325725f489	5	2.0	1550	
569d10ea-aadf-4416-9ece-4564c90b2da9	10937	10937	10937 NW 30th Place	Sunrise	FL	33322	townhouse	active		\N	2026-02-05 23:59:09.564825	2026-02-18 02:40:12.703	3fa1e91c-f52f-4095-b92b-fbcb7ec738a2	3	2.0	1300	
0da4bc3f-b4af-4d76-9236-6d357eb629d6	7351104	7351 Suite # 104	7351 W. Oakland Park Blvd Suite 101	Tamarac	FL	33319	commercial	occupied		\N	2026-02-06 02:19:23.983241	2026-02-17 22:38:14.493	bfae676a-6310-4003-bdee-be325725f489	4	2.0	3000	
b3e38bb5-c629-4dbe-a8e7-ba12833b79b7	16401	1640 # 1	1640 SW 40th Terrace # 1	Fort Lauderdale	FL	33317	house	active		\N	2026-02-06 00:21:30.531857	2026-02-20 02:08:25.917	e4f1d9b1-6672-47e7-9b9b-7695b829d372	2	1.0	1000	
196b5689-3295-4b2a-a79b-cb111ad934ec	207 NW 3rd Ave	207-217 NW 3rd Ave	207-217 NW 3rd Ave	Hallandale Beach	FL	33009	commercial	occupied		\N	2026-02-06 02:32:53.924459	2026-02-17 22:38:14.405	dc4d2931-e43b-4f86-a487-9fe5eefcd5aa	1	1.0	10350	
83e3e8c8-3a19-43e7-ac98-decf70e07373	7351102	7351 Suite # 102	7351 W. Oakland Park Blvd Suite 102	Tamarac	FL	33319	commercial	occupied		\N	2026-02-06 00:33:08.454217	2026-02-17 22:38:14.521	bfae676a-6310-4003-bdee-be325725f489	3	2.0	1500	
e3816d0c-ecf7-4513-bc85-c8bfd9cd8205	7351106	7351 Suite # 106	7351 W. Oakland Park Blvd Suite 101	Tamarac	FL	33319	commercial	occupied		\N	2026-02-06 02:21:23.207781	2026-02-17 22:38:14.437	bfae676a-6310-4003-bdee-be325725f489	3	2.0	786	
67708874-dff1-4013-baa7-7781a95ed6a6	7351105	7351 Suite # 105	7351 W. Oakland Park Blvd Suite 101	Tamarac	FL	33319	commercial	occupied		\N	2026-02-06 02:20:51.727064	2026-02-17 22:38:14.465	bfae676a-6310-4003-bdee-be325725f489	3	2.0	1500	
e88fd285-ed8f-4704-a29e-9453177c1a78	7351101	7351 Suite # 101	7351 W. Oakland Park Blvd Suite 101	Tamarac	FL	33319	commercial	occupied		\N	2026-02-06 00:32:22.932184	2026-02-17 22:38:14.548	bfae676a-6310-4003-bdee-be325725f489	6	2.0	3000	
08a4ac57-f238-4da3-9bae-2fe844271b97	7901205	7901 Apt 205	7901 Colony Cir S. Apt 205	Tamarac	FL	33321	condo	occupied		\N	2026-02-06 00:30:04.415885	2026-02-17 22:38:14.576	da45dbd5-04ae-4786-aa8f-2ec4c3a8b504	2	2.0	1000	
1498ec04-ea47-48ab-affd-6bc5e645db54	8000205	8000 Apt 205	8000 Fairview Dr Apt # 205	Tamarac	FL	33321	condo	occupied		\N	2026-02-06 00:27:25.427135	2026-02-17 22:38:14.603	da45dbd5-04ae-4786-aa8f-2ec4c3a8b504	2	2.0	1000	
c2aaa73a-7f84-4c7d-931d-d5fba202d61c	505408	505 Apt 408B	505 S. Pine Island Rd Apt 408B	Plantation	FL	33324	condo	occupied		\N	2026-02-06 00:19:43.964954	2026-02-17 22:38:14.686	a9de61aa-42e3-409d-b183-baea5b237b99	2	2.0	1000	
8c330a58-e474-4b1c-a2d0-294d9edf0a7f	485201	485 Apt 201A	485 N. Pine Island Rd Apt 201A	Plantation	FL	33324	condo	occupied		\N	2026-02-06 00:16:23.970246	2026-02-17 22:38:14.715	a9de61aa-42e3-409d-b183-baea5b237b99	3	2.0	1150	
5af20f69-9c8a-4e08-a4fb-1424a3c8b4ba	3933	3933	3933 NW 94th Ave	Sunrise	FL	33351	townhouse	occupied		\N	2026-02-06 00:11:25.680391	2026-02-17 22:38:14.743	9e442be2-ead7-40ea-8c7b-52d6599d3303	3	2.0	1400	
b3049bba-0101-4c43-9f9f-4444591f9d1a	443919	4439 Apt 19D	4439 Treehouse Lane Apt 19D	Tamarac	FL	33319	townhouse	occupied		\N	2026-02-06 00:09:48.869033	2026-02-17 22:38:14.77	3bf1eda2-a356-4819-9b79-5137bcd6582b	3	2.0	1250	
f8481f03-f05a-48f3-9c41-49dd2ceb22b7	517 NE 2nd Ave # 1	517 NE 2nd Ave # 1	517 NE 2nd Ave #1	Hallandale Beach	FL	33009	commercial	occupied		\N	2026-02-06 00:01:45.227747	2026-02-17 22:38:14.825	dc4d2931-e43b-4f86-a487-9fe5eefcd5aa	1	1.0	2400	
9c83270c-dae1-4cad-a21a-a6fb64f13b59	471408	471 Apt 408D	471 N. Pine Island Rd Apt 408D	Plantation	FL	33324	condo	occupied		\N	2026-02-05 23:57:15.655564	2026-02-17 22:38:14.854	3fa1e91c-f52f-4095-b92b-fbcb7ec738a2	3	2.0	1200	
fc8496d2-6418-452c-b00f-933f0e6ac1a9	7925210	7925 Apt 210	7925 Fairview Dr. Apt 210	Tamarac	FL	33321	condo	occupied		\N	2026-02-05 15:16:50.502123	2026-02-17 22:38:15.801	3bf1eda2-a356-4819-9b79-5137bcd6582b	2	2.0	\N	
42c6c99f-893a-4b5c-8b3b-0a565f66a82d	219-221 NW 2nd Ave	219-221 NW 2nd Ave	219-221 NW 2nd Ave	Hallandale Beach	FL	33009	commercial	occupied		\N	2026-02-05 15:16:49.829923	2026-02-17 22:38:16.373	dc4d2931-e43b-4f86-a487-9fe5eefcd5aa	1	1.0	\N	
269da26f-21d6-4b5f-88fb-064a6ee484d8	517 NE 2nd Ave # 2	517 NE 2nd Ave # 2	517 NE 2nd Ave # 2	Hallandale Beach	FL	33009	commercial	occupied		\N	2026-02-05 15:16:49.617133	2026-02-17 22:38:16.539	dc4d2931-e43b-4f86-a487-9fe5eefcd5aa	1	1.0	\N	
43195ca4-5135-4371-bce8-3b5e6ecc7372	231 NW 4th Ave	231 NW 4th Ave	231 NW 4th Ave	Hallandale Beach	FL	33009	commercial	occupied		\N	2026-02-05 15:16:49.462778	2026-02-17 22:38:16.677	dd2c3274-b04f-41c0-bac8-8ca4d0e725a2	1	1.0	2500	
8ba371a7-9289-4d65-b742-7c9f46568829	16402	1640 # 2	1640 SW 40th Terrace # 2	Fort Lauderdale	FL	33317	house	active		\N	2026-02-06 00:22:36.521837	2026-02-20 02:10:53.876	e4f1d9b1-6672-47e7-9b9b-7695b829d372	1	1.0	350	
abe74a99-2bb2-495a-9602-bbefaa9d30a0	406308	406 Apt 308	406 NW 68th Ave. Apt 308	Plantation	FL	33317	condo	occupied		\N	2026-02-05 15:16:50.410673	2026-02-18 17:09:45.22	c549fe59-23d1-45d5-838d-85f551957912	1	1.5	\N	
2b357005-1311-4eb2-82de-ae4017d78303	483202	483 Apt 202C	483 N. Pine Island Rd Apt 202C	Plantation	FL	33324	condo	occupied		\N	2026-02-06 00:18:36.626242	2026-02-20 02:14:41.397	a9de61aa-42e3-409d-b183-baea5b237b99	2	2.0	1000	
\.


--
-- Data for Name: public_properties; Type: TABLE DATA; Schema: public; Owner: neondb_owner
--

COPY public.public_properties (id, property_id, address, unit_number, bedrooms, bathrooms, owner_name, description, amenities, images, is_available, monthly_rent, created_at, updated_at) FROM stdin;
90a60b86-f5f0-47fd-a515-8dc761a737ba	300303	300 Palm Circle W Pembroke Pines, FL 33025	303	2	2.0	Moti Levy	\N	\N	{}	t	\N	2026-02-05 23:01:34.288981	2026-02-13 00:35:34.071
872148c6-ad04-4a3e-9a5c-ef472453b61b	405214	405 S. Pine Island Rd Plantation, FL 33324	D214	1	1.0	Lubren LLC	\N	\N	{}	t	\N	2026-02-05 23:01:34.525799	2026-02-13 00:35:34.295
3a4a0a85-f362-42a5-aef5-8a01ddb127a4	8214	8214 SW 14th Court North Lauderdale, FL 33068	8214	4	2.0	Niritb LLC	\N	\N	{}	t	\N	2026-02-05 23:01:35.687557	2026-02-13 00:35:35.744
20156f64-0460-4778-946f-d2f92402e702	18203211	1820 SW 81st Ave North Lauderdale, FL 33068	3211	1	1.5	DCPC LLC	\N	\N	{}	t	\N	2026-02-05 23:01:34.197237	2026-02-13 00:35:33.947
7d7b3e4d-3299-480e-8029-feb521b6d0aa	909	909 NW 16th Ter Fort Lauderdale, FL 33311	909	2	2.0	Niritb LLC	\N	\N	{}	t	\N	2026-02-05 23:01:35.717212	2026-02-13 00:35:35.775
4d8b145b-da40-49b3-84f4-54d73d45118c	721402	721 N. Pine Island Rd Plantation, FL 33324	402	2	2.0	Cocomil LLC	\N	\N	{}	t	\N	2026-02-05 23:01:35.319718	2026-02-13 00:35:35.326
7253b802-0150-40f4-887b-48dc189bf63a	721204	721 N. Pine Island Rd Plantation, FL 33324	204	1	1.5	Niritb LLC	\N	\N	{}	t	\N	2026-02-05 23:01:35.227085	2026-02-13 00:35:35.358
1c0e4c84-bdec-41fb-8d1c-c5949aa13e23	92	92 Ohio Rd Lake Worth, FL 33467	92	3	2.0	Niritb LLC	\N	\N	{}	t	\N	2026-02-05 23:01:35.746588	2026-02-13 00:35:35.805
ff33855e-d606-4c16-a055-9703b520e7f1	129201	12920 Westview Dr Miami, FL 33167	1	3	2.0	Niritb LLC	\N	\N	{}	t	\N	2026-02-05 23:01:33.860817	2026-02-13 00:35:33.624
858b1209-0a0b-4509-8fe0-688a822bf38b	10937	10937 30th Place Sunrise, FL 33322	242	3	2.0	Cocomil LLC	\N	\N	{}	t	\N	2026-02-05 23:01:33.82998	2026-02-13 00:35:33.561
601ec8ff-c5ce-41d2-9a78-ef49ce38f684	129204	12920 Westview Dr Miami, FL 33167	4	1	1.0	Niritb LLC	\N	\N	{}	t	\N	2026-02-05 23:01:33.954558	2026-02-13 00:35:33.591
00e8154d-1762-4fd7-9fe1-6ed9da05cadc	3933	3933 NW 94th Ave Sunrise, FL 33351	3933	3	2.0	Yaakov Sayag	\N	\N	{}	t	\N	2026-02-05 23:01:34.49606	2026-02-13 00:35:34.264
4b00ca10-e8bd-472b-935a-c1ef970b324f	721307	721 N. Pine Island Rd Plantation, FL 33324	307	2	2.0	Cocomil LLC	\N	\N	{}	t	\N	2026-02-05 23:01:35.290082	2026-02-13 00:35:35.226
9bca3f34-3f30-4909-8b81-7291c9511fda	721116	721 N. Pine Island Rd Plantation, FL 33324	116	3	2.0	Factory 26 LLC	\N	\N	{}	t	\N	2026-02-05 23:01:35.197165	2026-02-13 00:35:35.422
be11725e-64ef-4cc8-b372-f1ba8af4d66e	7801209	7801 Colony Circle S Tamarac, FL 33321	209	2	2.0	Marcela Sabag	\N	\N	{}	t	\N	2026-02-05 23:01:35.497589	2026-02-13 00:35:35.551
bb21ab6b-d858-4af2-9b4b-7dda06700cf3	18001205	1800 SW 81st Ave North Lauderdale, FL 33068	1205	1	1.5	DCPC LLC	\N	\N	{}	t	\N	2026-02-05 23:01:34.076819	2026-02-13 00:35:33.823
5e5e8a87-95a0-47fc-9a02-46c8ed75ba62	18001304	1800 SW 81st Ave North Lauderdale, FL 33068	1304	2	2.0	Eliyahu Sabag	\N	\N	{}	t	\N	2026-02-05 23:01:34.107035	2026-02-13 00:35:33.885
26d09e7f-7d38-4871-a66d-712ce23882a4	721407	721 N. Pine Island Rd Plantation, FL 33324	407	2	2.0	Martin Piliponsky	\N	\N	{}	t	\N	2026-02-05 23:01:35.379115	2026-02-13 00:35:35.257
b22c81eb-fec5-403e-8584-6e4c4dc2934c	9971	9971 Nob Hill Lane Sunrise, FL 33351	9971	2	2.0	Yaakov Sayag	\N	\N	{}	t	\N	2026-02-05 23:01:35.776485	2026-02-13 00:35:35.836
f302fd02-8478-4ff4-a7bb-38172549e0f9	9999418	9999 Summerbreeze Dr Sunrise, FL 33322	418	2	2.0	Elad Goldstein	\N	\N	{}	t	\N	2026-02-05 23:01:35.836857	2026-02-13 00:35:35.898
faf260a3-fea9-4a06-a2cc-07afebfd2943	3900107	3900 NW 76th Ave Sunrise, FL 33351	107	2	2.0	Yugolo LLC	\N	\N	{/replit-objstore-9d4d7b5c-7c67-4425-bcaf-16d70225523d/public/property-images/193c7a1f-db5a-48f7-969c-c7df091c1760,/replit-objstore-9d4d7b5c-7c67-4425-bcaf-16d70225523d/public/property-images/cb447d4e-7adc-4db1-aad8-2d2648319a33,/replit-objstore-9d4d7b5c-7c67-4425-bcaf-16d70225523d/public/property-images/dbeeb089-99f4-49d1-8cdd-a1fc817f09ee,/replit-objstore-9d4d7b5c-7c67-4425-bcaf-16d70225523d/public/property-images/624b2280-cc14-496e-a619-e86e1bd9f2c6,/replit-objstore-9d4d7b5c-7c67-4425-bcaf-16d70225523d/public/property-images/d908a7f9-cdd3-4231-bc1e-d8e6c3c028af,/replit-objstore-9d4d7b5c-7c67-4425-bcaf-16d70225523d/public/property-images/8207d37f-18a8-4fd3-b0a8-f674c3e0ea80,/replit-objstore-9d4d7b5c-7c67-4425-bcaf-16d70225523d/public/property-images/16a4d64c-2075-4ad9-8c0c-d2a06b9c50ed,/replit-objstore-9d4d7b5c-7c67-4425-bcaf-16d70225523d/public/property-images/fdd150ed-ee6c-4594-bacf-914d333b1e46,/replit-objstore-9d4d7b5c-7c67-4425-bcaf-16d70225523d/public/property-images/7961073e-7ccd-4331-81d0-00c3a6350c0e,/replit-objstore-9d4d7b5c-7c67-4425-bcaf-16d70225523d/public/property-images/8a87f9be-72bc-4cb7-b3af-1db921d76b0d,/replit-objstore-9d4d7b5c-7c67-4425-bcaf-16d70225523d/public/property-images/ad7a68c9-aa8d-472e-98d8-facd1eba8ac5,/replit-objstore-9d4d7b5c-7c67-4425-bcaf-16d70225523d/public/property-images/db14f39f-7dcf-4e91-b028-f5fac0875bc4,/replit-objstore-9d4d7b5c-7c67-4425-bcaf-16d70225523d/public/property-images/ed97eccd-5bf6-4875-8552-ae94f3d3df47,/replit-objstore-9d4d7b5c-7c67-4425-bcaf-16d70225523d/public/property-images/2aa72d22-6649-4766-bff0-288afd79d74d,/replit-objstore-9d4d7b5c-7c67-4425-bcaf-16d70225523d/public/property-images/211a8e51-b035-4954-8515-da032d048289,/replit-objstore-9d4d7b5c-7c67-4425-bcaf-16d70225523d/public/property-images/6690a9ed-5ab3-478c-93b9-1e5725c8a95f,/replit-objstore-9d4d7b5c-7c67-4425-bcaf-16d70225523d/public/property-images/58df5c2f-b1a6-4154-b256-9c79d1219558,/replit-objstore-9d4d7b5c-7c67-4425-bcaf-16d70225523d/public/property-images/5e8dd518-2574-4ab8-bc3c-c011ac586429}	t	\N	2026-02-05 23:01:34.46664	2026-02-19 02:25:38.826
a225a7aa-b416-4ed9-80b1-6d8cedca8621	3849	3849 NW 90th Ave. Sunrise, FL 33351	3849	2	2.0	Atid Realty LLC	\N	\N	{}	t	\N	2026-02-05 23:01:34.4373	2026-02-13 00:35:34.201
fc18756b-128a-45b7-815a-eebeaad7df9d	711403	711 N. Pine Island Rd Plantation, FL 33324	403	2	2.0	Cocomil LLC	\N	\N	{}	t	\N	2026-02-05 23:01:35.167718	2026-02-13 00:35:35.132
74170e7e-c663-4fe5-8729-84622e3c0f78	701102	701 SW 148th Ave Davie, FL 33325	102	3	3.0	Cocomil LLC	\N	\N	{}	t	\N	2026-02-05 23:01:35.013525	2026-02-13 00:35:35.037
fcc58f3f-cb2a-41d1-bff7-552294cacbb2	8060202	8060 Colony Circle N Tamarac, FL 33321	202	2	2.0	DCPC LLC	\N	\N	{}	t	\N	2026-02-05 23:01:35.649835	2026-02-13 00:35:35.714
850c8d78-54f9-463f-9b68-906afa835504	8000205	8000 Fairview Dr Tamarac, FL 33321	205	2	2.0	Atid Realty LLC	\N	\N	{}	t	\N	2026-02-05 23:01:35.617686	2026-02-13 00:35:35.684
99af5fcb-2de4-4af2-b037-bf7037269efb	99991004	9999 Summerbreeze Dr Sunrise, FL 33322	1004	2	2.0	Elad Goldstein	\N	\N	{}	t	\N	2026-02-05 23:01:35.806798	2026-02-13 00:35:35.867
6dc18f11-82a3-46bd-9fb1-e6582da7d4c3	711203	711 N. Pine Island Rd Plantation, FL 33324	203	2	2.0	Lubren LLC	\N	\N	{}	t	\N	2026-02-05 23:01:35.106101	2026-02-13 00:35:35.163
e1eab10c-bfc1-477d-ab47-05e97e65c0d3	16401	1640 SW 40th Terrace Fort Lauderdale, FL 33317	1	2	2.0	Beraz Investment LLC	\N	\N	{/replit-objstore-9d4d7b5c-7c67-4425-bcaf-16d70225523d/public/property-images/449915c5-a340-4c6d-a6a3-519f57837d29,/replit-objstore-9d4d7b5c-7c67-4425-bcaf-16d70225523d/public/property-images/50aad6db-2c7a-4616-91aa-eaaf76b31614,/replit-objstore-9d4d7b5c-7c67-4425-bcaf-16d70225523d/public/property-images/72e575e6-1aad-4839-a6cd-5ba71ccd9adb,/replit-objstore-9d4d7b5c-7c67-4425-bcaf-16d70225523d/public/property-images/e8390f2d-48ba-48cb-833f-4c9b8c40e3e2,/replit-objstore-9d4d7b5c-7c67-4425-bcaf-16d70225523d/public/property-images/c500a1b8-dac3-441c-a0f4-18f5f7d1ad26,/replit-objstore-9d4d7b5c-7c67-4425-bcaf-16d70225523d/public/property-images/4089476d-ace6-4af0-ad66-b3f90e6c2de0}	t	\N	2026-02-05 23:01:33.985892	2026-02-20 02:17:22.037
5e46250b-7b04-422f-b8d9-4a1a5406d62e	605201	605 S. Pine Island Rd Plantation, FL 33324	201A	3	2.0	Beraz Investment LLC	\N	\N	{}	t	\N	2026-02-05 23:01:34.945942	2026-02-13 00:35:34.741
5c4b3079-a2fc-41a7-a630-3c85e3d4677d	721405	721 N. Pine Island Rd Plantation, FL 33324	405	2	2.0	Martin Piliponsky	\N	\N	{}	t	\N	2026-02-05 23:01:35.349556	2026-02-13 00:35:35.288
eadc0f43-6597-4abd-a659-1b00fab7b9fd	7925210	7925 Fairview Dr. Tamarac, FL 33321	210	2	2.0	Yehoshua Mizrahi	\N	\N	{}	t	\N	2026-02-05 23:01:35.58733	2026-02-13 00:35:35.652
d952a10d-53c3-4ca1-a243-bfef0293db06	485201	485 N. Pine Island Rd Plantation, FL 33324	201A	2	2.0	Prosperity ARN LLC	\N	\N	{}	t	\N	2026-02-05 23:01:34.855855	2026-02-13 00:35:34.646
b4509aa6-55f4-4141-a270-af88f592f0ee	10050103	10050 Winding Lakes Sunrise, FL 33351	103	2	2.0	Niluc LLC	\N	\N	{}	t	\N	2026-02-05 23:01:33.788856	2026-02-13 00:35:33.527
89e380f7-c416-4aee-822d-46a5b5db0f4d	129202	12920 Westview Dr Miami, FL 33167	2	0	1.0	Niritb LLC	\N	\N	{}	t	\N	2026-02-05 23:01:33.891004	2026-02-13 00:35:33.657
e0a41b41-51e4-4d95-8b52-10ef24c35ebc	129203	12920 Westview Dr Miami, FL 33167	3	0	1.0	Niritb LLC	\N	\N	{}	t	\N	2026-02-05 23:01:33.924035	2026-02-13 00:35:33.688
36c03f97-910e-4c8f-9928-c76ee114f421	7925205	7925 Colony Cir S Tamarac, FL 33321	205	2	2.0	Atid Realty LLC	\N	\N	{}	t	\N	2026-02-05 23:01:35.557734	2026-02-13 00:35:35.616
548bd909-1244-49f6-929f-7439859283b4	16402	1640 SW 40th Terrace Fort Lauderdale, FL 33317	2	1	1.0	Beraz Investment LLC	\N	\N	{/replit-objstore-9d4d7b5c-7c67-4425-bcaf-16d70225523d/public/property-images/2d843081-36ca-4919-bee1-452a0c5e9204,/replit-objstore-9d4d7b5c-7c67-4425-bcaf-16d70225523d/public/property-images/e8fdc9bf-f378-4f12-b7dd-d1aa8f84d333,/replit-objstore-9d4d7b5c-7c67-4425-bcaf-16d70225523d/public/property-images/01dc0cdd-1991-4044-9551-9262f503e1ac,/replit-objstore-9d4d7b5c-7c67-4425-bcaf-16d70225523d/public/property-images/6b33a3f7-6e35-4af1-8660-43dc8c437d52,/replit-objstore-9d4d7b5c-7c67-4425-bcaf-16d70225523d/public/property-images/c9a35c3d-30cc-42d4-ae0b-79f9a93f186d,/replit-objstore-9d4d7b5c-7c67-4425-bcaf-16d70225523d/public/property-images/044f008c-f5ca-46e3-9dc4-dfbb02ac13e0,/replit-objstore-9d4d7b5c-7c67-4425-bcaf-16d70225523d/public/property-images/b3463b2e-30f7-4ea1-8cb3-2022365d292e,/replit-objstore-9d4d7b5c-7c67-4425-bcaf-16d70225523d/public/property-images/355bfb19-b5f4-47bf-b4b0-a30f2e2e3a78,/replit-objstore-9d4d7b5c-7c67-4425-bcaf-16d70225523d/public/property-images/5f23342a-c732-4293-8116-37ca9d836719,/replit-objstore-9d4d7b5c-7c67-4425-bcaf-16d70225523d/public/property-images/75d9b746-2eeb-4b7e-922f-b9297258dea0,/replit-objstore-9d4d7b5c-7c67-4425-bcaf-16d70225523d/public/property-images/c5dbb6e2-3f2f-4f99-b9b0-0fb0134eebe1,/replit-objstore-9d4d7b5c-7c67-4425-bcaf-16d70225523d/public/property-images/9f3278aa-8376-40f0-947e-9a990b9d61f8,/replit-objstore-9d4d7b5c-7c67-4425-bcaf-16d70225523d/public/property-images/91f621c4-b70f-4197-9097-db1b02013e9a,/replit-objstore-9d4d7b5c-7c67-4425-bcaf-16d70225523d/public/property-images/c7f458fe-43de-4ed0-a4f6-927964588e6d,/replit-objstore-9d4d7b5c-7c67-4425-bcaf-16d70225523d/public/property-images/ecdc5c6b-31ca-4c11-9795-64d514058ede,/replit-objstore-9d4d7b5c-7c67-4425-bcaf-16d70225523d/public/property-images/b31f9f18-7c3a-4d5b-8667-4e1d05fb5028,/replit-objstore-9d4d7b5c-7c67-4425-bcaf-16d70225523d/public/property-images/0030d749-b4da-4170-888f-1bc3c76c04e8,/replit-objstore-9d4d7b5c-7c67-4425-bcaf-16d70225523d/public/property-images/57cbf3c3-8225-4924-8b21-d4e60affc988,/replit-objstore-9d4d7b5c-7c67-4425-bcaf-16d70225523d/public/property-images/6a938d9e-8351-4391-a5f1-3d3bc805b7f4,/replit-objstore-9d4d7b5c-7c67-4425-bcaf-16d70225523d/public/property-images/5ead2d75-a769-4972-a9c8-17764c6fe17f,/replit-objstore-9d4d7b5c-7c67-4425-bcaf-16d70225523d/public/property-images/0c9a356d-f7bb-4fa9-bdef-96b6f3d2f5a9,/replit-objstore-9d4d7b5c-7c67-4425-bcaf-16d70225523d/public/property-images/a5db2780-ff73-4cb0-8dde-f244bc0a5992,/replit-objstore-9d4d7b5c-7c67-4425-bcaf-16d70225523d/public/property-images/939c259d-3243-4ba4-9d68-2cb437a5ddee,/replit-objstore-9d4d7b5c-7c67-4425-bcaf-16d70225523d/public/property-images/24361479-69d9-493b-ab02-dffc2ac75d36,/replit-objstore-9d4d7b5c-7c67-4425-bcaf-16d70225523d/public/property-images/81771915-b906-4ddc-8089-d23b18dc2ca2,/replit-objstore-9d4d7b5c-7c67-4425-bcaf-16d70225523d/public/property-images/d3a6123f-5193-41d3-ae5e-71e1127598a6,/replit-objstore-9d4d7b5c-7c67-4425-bcaf-16d70225523d/public/property-images/a1267539-0666-4469-8084-bcf0a8f33b85,/replit-objstore-9d4d7b5c-7c67-4425-bcaf-16d70225523d/public/property-images/5f2dc0f9-98ba-4b63-9e52-0029025ab7a7,/replit-objstore-9d4d7b5c-7c67-4425-bcaf-16d70225523d/public/property-images/2b642d87-c677-4297-846f-7eb0e14ebd0c,/replit-objstore-9d4d7b5c-7c67-4425-bcaf-16d70225523d/public/property-images/1abee8ad-228c-4a94-a7d6-eef532c11a82,/replit-objstore-9d4d7b5c-7c67-4425-bcaf-16d70225523d/public/property-images/287e52cf-f0bc-4608-9944-7fe0e18925ae,/replit-objstore-9d4d7b5c-7c67-4425-bcaf-16d70225523d/public/property-images/99acdc36-3e90-4a3d-9517-105479e41f80,/replit-objstore-9d4d7b5c-7c67-4425-bcaf-16d70225523d/public/property-images/a83a4134-ee77-4388-b57d-b7b44be097a2,/replit-objstore-9d4d7b5c-7c67-4425-bcaf-16d70225523d/public/property-images/10f6a021-81aa-479b-963c-0419c5991bad,/replit-objstore-9d4d7b5c-7c67-4425-bcaf-16d70225523d/public/property-images/cbfd309b-46b5-447c-9ec3-02dea3d9261c,/replit-objstore-9d4d7b5c-7c67-4425-bcaf-16d70225523d/public/property-images/6ef6d346-81cf-4e8b-a965-9192e12918b4,/replit-objstore-9d4d7b5c-7c67-4425-bcaf-16d70225523d/public/property-images/7a19232c-f871-4afc-b082-1db88f010264}	t	\N	2026-02-05 23:01:34.016162	2026-02-19 02:24:56.158
54f4110a-9ee8-4330-bd51-2108abf81297	483202	483 N. Pine Island Rd Plantation, FL 33324	202C	2	2.0	Prosperity ARN LLC	\N	\N	{}	t	\N	2026-02-05 23:01:34.825577	2026-02-13 00:35:34.615
eba5b546-d1fe-4c32-8230-a3326afa3994	505408	505 S. Pine Island Rd Plantation, FL 33324	408B	2	2.0	Prosperity ARN LLC	\N	\N	{}	t	\N	2026-02-05 23:01:34.885816	2026-02-13 00:35:34.678
f565bd12-9e29-42d3-9385-c246f7d75884	7027	7027 W. Sunrise Blvd Plantation, FL 33313	7027	2	2.5	Factory 26 LLC	\N	\N	{}	t	\N	2026-02-05 23:01:35.046158	2026-02-13 00:35:35.069
82934dbf-cf10-4943-bf5e-03c31c1fe4f7	7800102	7800 Colony Circle S Tamarac, FL 33321	102	2	2.0	DCPC LLC	\N	\N	{}	t	\N	2026-02-05 23:01:35.468143	2026-02-13 00:35:35.518
dacd12f9-cc1f-4edb-9470-186337b87270	7901205	7901 Colony Cir S Tamarac, FL 33321	205	2	2.0	Atid Realty LLC	\N	\N	{}	t	\N	2026-02-05 23:01:35.527922	2026-02-13 00:35:35.583
6b4acb7a-2453-4d09-b0e7-7924578ca894	18203216	1820 SW 81st Ave North Lauderdale, FL 33068	3216	2	2.0	DCPC LLC	\N	\N	{}	t	\N	2026-02-05 23:01:34.228084	2026-02-13 00:35:33.978
af460b11-1e5f-494d-ae27-ec7ec781beef	7341	7341 W. Sunrise Blvd Plantation, FL 33313	7341	2	2.0	Cocomil LLC	\N	\N	{}	t	\N	2026-02-05 23:01:35.438815	2026-02-13 00:35:35.486
066a5546-82bc-46ce-9035-19aff37cd90e	18102110	1810 SW 81st Ave North Lauderdale, FL 33068	2110	2	2.0	Asher Ron	\N	\N	{}	t	\N	2026-02-05 23:01:34.318635	2026-02-13 00:35:33.916
221c55fd-14b7-491d-bfec-0f8783683fd9	443919	4439 Treehouse Lane Tamarac, FL 33319	19D	3	2.0	Yehoshua Mizrahi	\N	\N	{}	t	\N	2026-02-05 23:01:34.675487	2026-02-13 00:35:34.451
2d0d2f04-32ff-4c1f-b4f2-796a6f819f15	18001401	1800 SW 81st Ave North Lauderdale, FL 33068	1401	1	1.5	DCPC LLC	\N	\N	{}	t	\N	2026-02-05 23:01:34.137437	2026-02-13 00:35:33.854
454765a6-b77f-4801-926f-88e1c0871028	5090105	5090 SW 64th Ave Davie, FL 33314	105	2	2.0	Yehoshua Mizrahi	\N	\N	{}	t	\N	2026-02-05 23:01:34.915264	2026-02-13 00:35:34.71
675a243c-33b3-4188-ab07-1f55ba714455	7300201	7300 NW 17th St Plantation, FL 33313	201	2	2.0	Factory 26 LLC	\N	\N	{}	t	\N	2026-02-05 23:01:35.408692	2026-02-13 00:35:35.455
5bd6b7cb-f3b9-4b67-adb5-f43c7b1e4ddb	18203200	1820 SW 81st Ave North Lauderdale, FL 33068	3200	1	1.5	DCPC LLC	\N	\N	{}	t	\N	2026-02-05 23:01:34.167082	2026-02-13 00:35:34.01
24a2dc9e-4c4d-41da-9d8f-738b0ca10894	18304215	1830 SW 81st Ave North Lauderdale, FL 33068	4215	2	2.0	DCPC LLC	\N	\N	{}	t	\N	2026-02-05 23:01:34.258246	2026-02-13 00:35:34.041
e92a5477-fd0b-426d-979d-48cbb7069813	3262	3262 Coral Ridge Dr Coral Springs, FL 33065	3262	2	2.0	Factory 26 LLC	\N	\N	{}	t	\N	2026-02-05 23:01:34.377182	2026-02-13 00:35:34.139
58992ec0-510f-42c9-9b7b-7025455920d8	3634	3634 NW 95th Terrace Sunrise, FL 33351	8L	3	2.0	Factory 26 LLC	\N	\N	{}	t	\N	2026-02-05 23:01:34.407464	2026-02-13 00:35:34.17
2db432af-0111-4d26-8a6f-7c937f6ce6e2	4169205	4169 SW 67 Ave Davie, FL 33314	205A	2	2.0	Factory 26 LLC	\N	\N	{}	t	\N	2026-02-05 23:01:34.614974	2026-02-13 00:35:34.388
833386b3-230d-4600-a86a-bcf3663d22e4	4204	4204 NW 114th Terrace Coral Springs, FL 33065	4204	3	2.5	Cocomil LLC	\N	\N	{}	t	\N	2026-02-05 23:01:34.64472	2026-02-13 00:35:34.42
bab2d165-0df2-4bf6-916d-4e8d1440fccd	1699	1699 NW 127th Street North Miami, FL 33167	1699	3	2.0	Niritb LLC	\N	\N	{}	t	\N	2026-02-05 23:01:34.046653	2026-02-13 00:35:33.792
2be0a5e3-a7f7-4700-a351-bd2100ad793e	3100202	3100 N. Pine Island Rd Sunrise, FL 33351	202	2	2.0	Factory 26 LLC	\N	\N	{}	t	\N	2026-02-05 23:01:34.347748	2026-02-13 00:35:34.101
34b57a34-ea34-4203-b7cd-578a92387719	721205	721 N. Pine Island Rd Plantation, FL 33324	205	2	2.0	Lubren LLC	\N	\N	{}	t	\N	2026-02-05 23:01:35.259867	2026-02-13 00:35:35.39
ae6d2a44-5f47-49ea-a46a-336886217117	455304	455 S. Pine Island Rd Plantation, FL 33324	304C	2	2.0	Beraz Investment LLC	\N	\N	{}	t	\N	2026-02-05 23:01:34.704993	2026-02-13 00:35:34.549
3525a1aa-b17d-40e1-b990-b3746763823c	605304	605 S. Pine Island Rd Plantation, FL 33324	304A	2	2.0	Beraz Investment LLC	\N	\N	{}	t	\N	2026-02-05 23:01:34.978307	2026-02-13 00:35:34.773
ea310309-d19a-4a0d-a943-346be258016a	711301	711 N. Pine Island Rd Plantation, FL 33324	301	2	2.0	Lubren LLC	\N	\N	{}	t	\N	2026-02-05 23:01:35.138015	2026-02-13 00:35:35.195
a353a3ec-9b65-4002-83e8-0cdc81409908	455409	455 S. Pine Island Rd Plantation, FL 33324	409C	2	2.0	Eliyahu Sabag	\N	\N	{}	t	\N	2026-02-05 23:01:34.76598	2026-02-13 00:35:34.484
a5c22c2a-10d5-4df2-b119-625db3bfa5e7	455407	455 S. Pine Island Rd Plantation, FL 33324	407C	2	2.0	Eliyahu Sabag	\N	\N	{}	t	\N	2026-02-05 23:01:34.735833	2026-02-13 00:35:34.518
9bc367a7-469b-4fc7-9c9e-91dc92bd1ee6	406509	406 NW 68th Ave Plantation, FL 33317	509	1	1.5	Factory 26 LLC	\N	\N	{}	t	\N	2026-02-05 23:01:34.585297	2026-02-13 00:35:34.326
c3c7c2ab-90f9-43bf-89d0-35435ddb7b2e	406308	406 NW 68th Ave Plantation, FL 33317	308	1	1.5	Factory 26 LLC	\N	\N	{}	t	\N	2026-02-05 23:01:34.55545	2026-02-13 00:35:34.357
2be831d1-393f-4325-b539-28c1357de2d3	471408	471 N. Pine Island Rd Plantation, FL 33324	408D	3	2.0	Cocomil LLC	\N	\N	{}	t	\N	2026-02-05 23:01:34.795673	2026-02-13 00:35:34.583
a8f50e23-a72e-4f60-b8cc-d12e276bb1a7	711102	711 N. Pine Island Rd Plantation, FL 33324	102	2	2.0	Cocomil LLC	\N	\N	{}	t	\N	2026-02-05 23:01:35.076066	2026-02-13 00:35:35.1
\.


--
-- Data for Name: rent_charges; Type: TABLE DATA; Schema: public; Owner: neondb_owner
--

COPY public.rent_charges (id, lease_id, tenant_id, property_id, charge_month, base_rent, late_fee_amount, late_fee_applied, late_fee_applied_at, total_due, amount_paid, status, due_date, paid_at, created_at) FROM stdin;
f562c7e7-1586-413f-a509-458ee8c11877	036ee103-d1ba-4bc5-8a5c-f0eeea5c58eb	05562977-ba94-4ab0-95b5-6f8f079d26c5	269da26f-21d6-4b5f-88fb-064a6ee484d8	2026-02	3700.00	0.00	f	2026-02-13 05:01:11.453	3700.00	3700.00	paid	2026-02-01 00:00:00	2026-02-18 23:08:04.014	2026-02-11 05:54:01.021502
a884108f-3124-4fd4-a01e-9ba641acb4c8	27415c42-877f-4b05-b0ad-221a9cd2fc40	9a061ce9-a28c-4c65-acfc-13afbae8f1b2	8a948e9e-08c6-441b-9088-7d07c453b370	2026-02	17775.00	0.00	f	2026-02-13 05:01:10.753	17775.00	17775.00	paid	2026-02-01 00:00:00	2026-02-18 15:40:05.727	2026-02-11 05:54:00.766784
e1bc0c7a-2d5e-4d19-8fc6-31e1b8b490b2	e0eecb68-0eb3-49f5-9afb-e222a43fbf90	775fda8a-0a5c-4265-b129-561208527fa6	8f1d97be-3e81-41cf-9fc0-8919857ff31d	2026-02	2830.18	0.00	f	2026-02-17 22:15:24.143	2830.18	2830.18	paid	2026-02-01 00:00:00	2026-02-19 02:44:04.401	2026-02-11 05:54:00.707426
17a986da-afbc-44e1-aa2b-5d43796ce403	091557a4-e4e2-408d-ad0d-a9b78a2acd0d	4af12acd-6b9d-4594-bc38-e8f9ad363ff5	a676d548-44b7-4650-9d48-f2018d70ace2	2026-02	4940.83	0.00	f	2026-02-17 00:19:30.999	4940.83	4940.83	paid	2026-02-01 00:00:00	2026-02-18 23:07:15.449	2026-02-11 05:54:00.885569
10ac4a61-4d1b-46ec-9408-58e50da88385	e3afb1e1-60d0-4a88-b25b-14e6128c6712	f4ad0dde-2f80-4fc6-a72a-52f8c459aeed	42c6c99f-893a-4b5c-8b3b-0a565f66a82d	2026-02	6194.60	0.00	f	2026-02-13 05:01:12.353	6194.60	6194.60	paid	2026-02-01 00:00:00	2026-02-19 02:46:48.079	2026-02-11 05:54:01.198933
5138b643-79f5-456b-ac1e-de3902bca5b1	2abe3e09-f69f-4413-af11-eb0a67d85659	95fda6d0-8705-4bad-aea8-16f89386264d	4366c6a4-72a1-4252-b6a5-64a33fdd170c	2026-02	18344.02	0.00	f	2026-02-17 23:15:10.443	18344.02	18344.02	paid	2026-02-01 00:00:00	2026-02-18 15:09:20.967	2026-02-11 05:54:00.962726
72fa11e8-9b7b-4001-81fe-61a52cef7064	3d5a0477-e964-42eb-b835-2e95f2d7e3c6	19d74eec-4607-4e74-a8ff-f110a0e303f3	67199d1c-bff2-4b61-b9d5-e8c705d7a6be	2026-02	3379.06	0.00	f	2026-02-13 05:01:12.153	3379.06	3379.06	paid	2026-02-01 00:00:00	2026-02-18 23:08:34.697	2026-02-11 05:54:01.13983
1958ce2b-5e27-43ef-bf81-4889622cafd3	292eecab-0fef-4c8f-b844-c147c9ce3dc1	29be5c7c-205b-4851-a829-1108fcd5c3a4	fc8496d2-6418-452c-b00f-933f0e6ac1a9	2026-02	1850.00	0.00	f	2026-02-11 05:54:56.581	1850.00	1850.00	paid	2026-02-01 00:00:00	2026-02-18 23:10:44.082	2026-02-11 05:54:02.02262
0ba97d62-6330-400a-8ce9-c00d881a5b5d	cc7bac68-e28d-4ebe-8007-cd7bd7ea4587	92351ec6-bd88-4325-bf78-40b792f7d86a	cc7c14fc-3218-493c-bd93-3924788d0bfa	2026-02	1850.00	0.00	f	2026-02-13 05:01:12.953	1850.00	1850.00	paid	2026-02-01 00:00:00	2026-02-18 23:08:51.798	2026-02-11 05:54:01.672504
00260b7e-eecd-400e-86b3-a8fa05224685	6da5d7db-41fc-46d7-ae8d-7dd54453724e	d7a221fc-0dcd-4504-874e-5ef686290b93	02da684a-bd59-4c73-bdd6-f58d5c2eba87	2026-02	1850.00	0.00	f	2026-02-11 05:54:53.181	1850.00	1850.00	paid	2026-02-01 00:00:00	2026-02-19 02:47:19.405	2026-02-11 05:54:01.552895
315ea754-6ed7-416b-b2a4-d8515ea20d74	e98a262a-7c0f-40e6-bf7e-56c920d29f71	86aa7513-2cfc-481e-8ef3-799e54a4ad78	09e02c29-ca98-4401-a02c-bf7ff8c05690	2026-02	1550.00	0.00	f	2026-02-11 05:54:51.881	1550.00	1550.00	paid	2026-02-01 00:00:00	2026-02-18 23:09:16.127	2026-02-11 05:54:01.493882
65c147c6-a2a7-486e-b116-b34a661711e1	ab57b285-385e-459b-b3dd-4015e42da4d1	4c7acff0-69a8-4492-b9ce-83e88037b125	2ad6b6cc-0ddd-411b-b04d-f3b443faef79	2026-02	1850.00	92.50	t	2026-02-11 05:54:50.881	1942.50	1850.00	partial	2026-02-01 00:00:00	\N	2026-02-11 05:54:01.257788
e0abb730-7384-4e4d-8c00-ceb975e5e1d3	65febff4-3847-42e8-a707-2015c9e87f5b	156a0479-b7ec-4409-83cd-df2cfcd42fd8	969baf09-8994-41fb-afde-ac67fd532fa6	2026-02	3427.74	0.00	f	2026-02-13 05:01:11.853	3427.74	3427.74	paid	2026-02-01 00:00:00	2026-02-18 23:09:57.087	2026-02-11 05:54:01.080705
636d1432-45f5-470b-901f-8b15aee7d572	fd435234-8554-4401-abc6-b7b81154b3f0	b5b430a2-cf8e-417b-a758-56b8e05488ca	bb4dbf04-dd29-4cf2-9c72-310b3388698f	2026-02	3000.00	150.00	t	2026-02-11 05:54:51.481	3150.00	3000.00	partial	2026-02-01 00:00:00	\N	2026-02-11 05:54:01.374573
9862312b-92e3-422a-b9b6-a493ddf3b319	7b1664ae-53ad-4cf5-9f2b-f700edd0c128	6d28935a-c2c0-4b11-8aa2-98aaf948f15b	183262a6-dfef-45f2-b103-cdf3cb232877	2026-02	1875.00	0.00	f	2026-02-11 05:54:55.481	1968.75	1968.75	paid	2026-02-01 00:00:00	2026-02-19 04:08:24.639	2026-02-11 05:54:01.789423
6542ec81-b610-4eb1-91f4-d9514b45ee05	ce6d33c9-a4e9-43d2-8c2f-b0cd819b3e48	387fdafb-4fc9-4628-b3c4-8e01cdbbbc4c	be8fe484-b83e-4a28-9563-a3ef22d34862	2026-02	1650.00	0.00	f	2026-02-11 05:54:58.681	1650.00	1650.00	paid	2026-02-01 00:00:00	2026-02-18 23:11:01.161	2026-02-11 05:54:02.296677
25a07226-e12c-4315-a221-fca41e3a7b3e	b2ca8462-a53e-4d11-99b1-69af254515f8	7f3cf108-79c5-41c5-a8d8-1cdcfe7b9192	b2d5c003-a7d9-48d8-92b5-140a63e41fc9	2026-02	1850.00	0.00	f	2026-02-16 23:19:32.193	1850.00	1850.00	paid	2026-02-01 00:00:00	2026-02-19 03:49:50.402	2026-02-11 05:54:00.583854
3a5298f0-0db6-467c-997d-d49c922b91c4	79577654-1eab-49ff-ab6c-0c35ec850af0	c20b400c-982f-41e4-8a3f-e03a540f6e44	14768530-05db-4656-b419-8ca2a1c664d9	2026-02	1800.00	0.00	f	2026-02-11 05:54:53.881	1800.00	1800.00	paid	2026-02-01 00:00:00	2026-02-13 04:24:19.331	2026-02-11 05:54:01.612446
b8ccb1c9-3096-448d-b7cb-717b16bcbc14	b1dcaa8a-80ec-4d38-97c7-f2a6ebf79814	a5996f00-086c-4ceb-82a5-7c98d442f799	c6b6c9a9-56f9-4aaa-bb36-195ca6bf816b	2026-02	1825.00	0.00	f	2026-02-11 05:54:56.281	1825.00	1825.00	paid	2026-02-01 00:00:00	2026-02-19 03:50:08.099	2026-02-11 05:54:01.964402
f28f57f3-d135-4c6a-a856-bb66c2a70276	ac82b0e5-0ceb-435d-a2fe-bc0f633df32e	ef9e1cf1-5bc5-41e6-bbd5-5277650ccc14	51faa6a3-a75f-4c02-ab1a-24a25c42917d	2026-02	6270.83	0.00	f	2026-02-13 05:01:10.553	6270.83	6270.83	paid	2026-02-01 00:00:00	2026-02-19 02:39:44.261	2026-02-11 05:54:00.461464
9b7c26e6-7976-44ba-b46f-e6f8e2fe0490	4dd2e94e-35df-4e69-a355-d1b91a499cad	cc87fbd3-42ae-42b8-a0bf-393ad8d98b08	42cb0b25-7347-4d58-8194-298763c49d33	2026-02	1650.00	0.00	f	2026-02-11 05:54:55.681	1650.00	1650.00	paid	2026-02-01 00:00:00	2026-02-13 04:24:34.31	2026-02-11 05:54:01.84752
715856ae-d1bc-4453-b33c-8d98f7b9e958	f0bc1797-34f3-4dec-befc-a00948f68001	b3fcd381-a046-4c25-a28d-71992ac1ebf1	1c6aa700-bc22-4acb-9159-01eab97f09f9	2026-02	2050.00	0.00	f	2026-02-11 05:54:58.381	2050.00	2050.00	paid	2026-02-01 00:00:00	2026-02-19 03:22:29.192	2026-02-11 05:54:02.199368
cd6d6799-0f2e-49f5-8006-eabd2a8c759e	8ddbf2e8-545a-433d-bdb8-1855066368a2	d5789aeb-3df6-413d-be54-f85190e324c2	e8bac227-c8ff-42fe-adb4-c131e85bf61d	2026-02	1875.00	0.00	f	2026-02-11 05:54:57.081	1875.00	1875.00	paid	2026-02-01 00:00:00	2026-02-19 03:50:37.501	2026-02-11 05:54:02.081244
3ca71100-a3d4-44c6-8376-b76192afe315	cdcf6eae-8d79-4d61-8ff3-0eeb4edaada4	676223ba-a96d-419f-84c0-70e53399b9b9	abe74a99-2bb2-495a-9602-bbefaa9d30a0	2026-02	1600.00	0.00	f	2026-02-19 03:00:41.733	1600.00	1600.00	paid	2026-02-01 00:00:00	2026-02-19 03:26:07.002	2026-02-11 05:54:01.905778
afd6d82e-45c6-466e-90b0-487f2372143c	e09441b4-686b-4536-a094-c1847ff8c88c	e98f0623-49a8-4eac-a0e4-330c92900ff2	5eb0172c-2bd3-497a-8aa0-eab3e6151aa8	2026-02	1850.00	0.00	f	2026-02-11 05:54:57.781	1850.00	1850.00	paid	2026-02-01 00:00:00	2026-02-19 03:51:37.586	2026-02-11 05:54:02.140761
caf6973f-aa79-4d07-889c-1c208719a5b7	5dbe1e69-a6e7-4152-9c8b-0201a00bb7cf	bf180b48-07c9-4d0f-beba-acab894d5a66	d91bcd2a-01e1-48c8-94bf-4f4070c108f6	2026-02	1850.00	0.00	f	2026-02-13 05:01:09.898	1850.00	1850.00	paid	2026-02-01 00:00:00	2026-02-19 03:52:23.197	2026-02-11 05:54:00.522862
e90ea450-2a62-4354-8c04-e9c1c6aefb97	43319232-c196-4182-8a50-92fc03ee5fed	40167b05-30f6-4952-94c8-edc9e7c550ad	98074ce8-8e6b-43d7-b364-6df96cd393a2	2026-02	1900.00	0.00	f	2026-02-11 05:54:59.481	1900.00	1900.00	paid	2026-02-01 00:00:00	2026-02-19 03:52:58.378	2026-02-11 05:54:02.896768
6646cfd5-50e1-4795-8ea8-5b569876a6ab	97613182-1000-4a55-bb31-e22d5b91c0f6	47346ea8-fa52-4ba9-a9b5-ccc77972f869	455195c3-bd74-418f-b604-b8973e63888d	2026-02	1850.00	0.00	f	2026-02-11 05:54:59.781	1850.00	1850.00	paid	2026-02-01 00:00:00	2026-02-19 03:53:15.948	2026-02-11 05:54:04.899519
c49c3bb9-71af-4517-8db4-4ccc0c9d9d4e	e6cbcc99-b084-4f97-aecd-206281a27e88	02715854-9903-4614-83bd-ababe94e0bda	72d41b3a-57da-401e-b935-e4df326e908d	2026-02	2300.00	115.00	t	2026-02-11 05:54:46.581	2415.00	2415.00	paid	2026-02-01 00:00:00	2026-02-12 03:29:02.665	2026-02-11 05:54:00.647602
569e50d4-d12a-4218-9b91-888971779b99	b42e4e08-a6ee-434b-a7f0-f0124accf161	7845ce20-b115-4785-a452-ecda45d633b0	a591f7bd-9537-4d4d-a3dd-ade92561d0a9	2026-02	1700.00	0.00	f	2026-02-13 05:01:13.753	1700.00	1700.00	paid	2026-02-01 00:00:00	2026-02-19 03:53:32.218	2026-02-11 05:54:09.896652
320d253e-55b7-458f-ae74-74938f34972f	1f75c58e-c016-4872-9071-53705ce27cd9	ec6b578f-2814-4e56-8ec8-f3b78956585b	83e3e8c8-3a19-43e7-ac98-decf70e07373	2026-02	2247.00	0.00	f	2026-02-13 05:01:13.253	2247.00	2247.00	paid	2026-02-01 00:00:00	2026-02-19 03:53:48.966	2026-02-11 05:54:10.696856
b3d192f7-82c8-455b-bca7-b176ffdf3665	13142a3f-ed20-4201-bd67-6efb89f8e65f	5285bdc3-fd24-4657-ad05-95fc6158d319	86f68b5a-519e-451b-aa3f-3715e0d4e312	2026-02	2200.00	0.00	f	2026-02-11 05:55:01.583	2200.00	2200.00	paid	2026-02-01 00:00:00	2026-02-19 03:54:04.92	2026-02-11 05:54:11.996508
ef4f3dc7-9e40-4028-a8e6-028a628e9b85	b4b192da-9e07-427b-964c-02c4d011fd46	57daac38-7e27-4bd0-9124-9518be954dc9	f8481f03-f05a-48f3-9c41-49dd2ceb22b7	2026-02	3500.00	175.00	t	2026-02-19 03:54:28.764	3675.00	3675.00	paid	2026-02-01 00:00:00	2026-02-19 03:54:32.47	2026-02-11 05:54:13.596475
a2ddfd0e-3f7c-4f2a-a6fd-e60d833cd71e	3d7e16df-219e-4249-8c81-7df230acf6f8	98a9fbb2-2d28-4b6c-91cd-70a95b97022a	d77557c8-e5c1-4bb8-a615-91b762b4ce44	2026-02	1900.00	0.00	f	2026-02-11 05:55:03.381	1900.00	1900.00	paid	2026-02-01 00:00:00	2026-02-19 03:55:20.728	2026-02-11 05:54:13.896881
6176e733-ca90-4946-8a2a-ce12ad478b68	ddf0b58b-71c1-4338-8587-c43a6c0bbd83	b8179d2a-2831-4889-b6a2-46e621f62da2	d4c28d6e-b53a-47e9-b162-596be30afdc4	2026-02	2000.00	0.00	f	2026-02-11 05:55:05.698	2000.00	2000.00	paid	2026-02-01 00:00:00	2026-02-19 03:59:17.561	2026-02-11 05:54:28.196443
721da1dd-cdeb-40e7-8508-bd4e738b84f4	21477e28-59bb-4e0d-9000-c8c4d4bddba8	b0174803-da61-4ff8-8ed8-f57d03d4cbb0	b3049bba-0101-4c43-9f9f-4444591f9d1a	2026-02	2000.00	0.00	f	2026-02-11 05:55:03.581	2000.00	2000.00	paid	2026-02-01 00:00:00	2026-02-19 03:56:07.373	2026-02-11 05:54:14.096621
f52ac336-99c6-4470-83d7-33b8a80f492a	d38ffc32-8c53-45e8-bef4-8ed7da4f29b7	da1db128-3ee4-4648-b736-5b4cf1f6d83a	59ef9f3d-685c-4557-92f8-7bb67244d303	2026-02	1900.00	0.00	f	2026-02-11 05:55:03.881	1900.00	1900.00	paid	2026-02-01 00:00:00	2026-02-19 03:54:50.831	2026-02-11 05:54:14.396669
d8ec4d3a-483a-4146-ae14-2dd35336552d	ee2ee37d-c4be-4251-b783-518d44c06577	443f3c98-78c2-4344-b378-1b60a711255e	43195ca4-5135-4371-bce8-3b5e6ecc7372	2026-02	3500.00	0.00	f	2026-02-11 05:55:04.781	3500.00	3500.00	paid	2026-02-01 00:00:00	2026-02-19 03:55:37.935	2026-02-11 05:54:16.296727
b89e64ce-10ec-4637-bf6b-9caaf9f15539	eb97b9bd-9e8e-4957-8697-343ab5e2ec6a	90460276-b6bb-4859-b5eb-06d5a452fb67	4d0b1796-73dc-4845-a88e-15defa0a6597	2026-02	2200.00	0.00	f	2026-02-11 05:55:02.481	2200.00	2200.00	paid	2026-02-01 00:00:00	2026-02-19 03:56:20.48	2026-02-11 05:54:13.096549
d19788cc-e7e5-4439-bf2f-434e04939482	6b31a584-091d-4edb-b318-b6cb7e35330f	db290e15-abbc-4293-aa64-604cf78d9796	90070f5e-3a98-4ebf-8ad5-3e6f40e10a89	2026-02	1900.00	0.00	f	2026-02-11 05:55:02.081	1900.00	1900.00	paid	2026-02-01 00:00:00	2026-02-19 03:55:06.849	2026-02-11 05:54:12.596708
e48b3e88-67eb-4d58-9553-42f4f4fa6039	b6c318f6-2abe-469e-8c3b-411efaf2de4f	44ae318e-01e2-429a-8fb5-a5808c1ea797	ddd7b82e-4db2-40a0-bcbe-fe71d2929a23	2026-02	1050.00	0.00	f	2026-02-11 05:55:10.281	1050.00	1050.00	paid	2026-02-01 00:00:00	2026-02-19 03:46:31.645	2026-02-11 05:54:31.696838
d2c4bff3-69b4-4298-a904-02edb31d350d	bcc784b1-fc07-4419-9c1f-d4fadcbebbf5	0eb4a8cf-ecac-4106-9847-76b875c048b4	e0d13e3b-0693-4a08-a08a-a08f96743052	2026-02	3200.00	0.00	f	2026-02-11 05:55:02.681	3200.00	3200.00	paid	2026-02-01 00:00:00	2026-02-19 03:55:52.177	2026-02-11 05:54:13.396631
513e9623-9362-4758-a909-acb7aee2d162	a7c2e607-b16d-47dd-b805-52de32710674	14044383-1b71-42b2-8777-82d3cc09dcb1	67708874-dff1-4013-baa7-7781a95ed6a6	2026-02	1843.96	0.00	f	2026-02-11 05:55:06.681	1843.96	1843.96	paid	2026-02-01 00:00:00	2026-02-19 04:05:10.65	2026-02-11 05:54:28.996966
79ab8def-74af-4f12-bea7-91ab92fdc524	225684ec-89cb-426c-9da8-87f851167db7	dd0e9bff-2c5b-41e3-898d-a5eb61797aab	a86ac1b9-2e41-4e82-bef0-f89a4c2c6af3	2026-02	1050.00	0.00	f	2026-02-11 05:55:09.681	1050.00	1050.00	paid	2026-02-01 00:00:00	2026-02-19 04:05:58.131	2026-02-11 05:54:30.896924
d16521b6-bd8f-43f5-90b3-6b67c198615a	13c0d43e-c327-4d50-bf21-65cdd968b05a	0946dcb5-100a-417e-9810-505628513a45	e3816d0c-ecf7-4513-bc85-c8bfd9cd8205	2026-02	1823.20	0.00	f	2026-02-11 05:55:06.281	1823.20	1823.20	paid	2026-02-01 00:00:00	2026-02-19 04:03:06.838	2026-02-11 05:54:28.696509
547c5679-1aec-4daa-98f8-77332ad8a7c0	da67beac-6a3f-46da-b825-4a1a8b5f1732	0e6a0f87-c26a-4810-adaa-93eb993b0e90	36586d77-bd0e-46b2-95e0-bf8eae913eb9	2026-02	7936.49	0.00	f	2026-02-11 05:55:05.579	7936.49	7936.49	paid	2026-02-01 00:00:00	2026-02-19 03:59:47.482	2026-02-11 05:54:26.796513
8c0f87bf-cc5f-4fc6-98dc-ca6ff5f87852	fb71289f-60ff-4b5d-911a-b031952e5c16	d48f96fc-74c4-4ae8-a1a8-125c294aaef2	08a4ac57-f238-4da3-9bae-2fe844271b97	2026-02	1700.00	0.00	f	2026-02-11 05:55:05.639	1700.00	1700.00	paid	2026-02-01 00:00:00	2026-02-19 03:59:30.151	2026-02-11 05:54:27.896581
120e0c0a-1e6c-45a6-96d9-2fc1c38f6aac	1f13c4ae-1a25-4c44-bbc0-8cefa575ac6e	3ba53dee-cbc3-44cc-9bf4-1b956c8258c7	c772f7e6-edc6-4152-9b94-f47653df0094	2026-02	2200.00	0.00	f	2026-02-11 05:55:04.981	2200.00	2200.00	paid	2026-02-01 00:00:00	2026-02-19 04:04:42.615	2026-02-11 05:54:17.296817
f2f7c2da-c49c-4d44-b513-d76b93d8b3c1	4b3cdcd6-3640-4029-8ba8-be27495eed1b	e482bc80-5b03-4556-93cf-0a945c5de35c	196b5689-3295-4b2a-a79b-cb111ad934ec	2026-02	11000.00	0.00	f	2026-02-11 05:55:05.981	11000.00	11000.00	paid	2026-02-01 00:00:00	2026-02-19 04:03:23.639	2026-02-11 05:54:28.396842
39baa2da-f26b-4f76-8234-e9c07b57d591	2f60ba43-9926-4c70-bff9-0d205c483902	3feb20b8-aa55-465d-9ee1-161a5ca508d6	5b25bdca-4101-4e1e-b4cd-36e8ce0e2b0e	2026-02	1500.00	0.00	f	2026-02-11 05:55:05.518	1500.00	1500.00	paid	2026-02-01 00:00:00	2026-02-19 04:05:24.58	2026-02-11 05:54:25.497338
ac52df17-021a-484e-ab0a-09c3696791bc	6377cfaa-28c0-44cd-9c00-10af8c90dffb	f66f312c-7270-4a9a-8b46-bfc07687bdd3	0da4bc3f-b4af-4d76-9236-6d357eb629d6	2026-02	3800.00	0.00	f	2026-02-11 05:55:06.981	3800.00	3800.00	paid	2026-02-01 00:00:00	2026-02-19 04:06:41.26	2026-02-11 05:54:29.296702
2d7c75c7-604f-4249-a877-0353a4746e19	bf29a770-2cf8-44c5-be65-09babaf66220	4f6730b8-5351-48d3-af64-485a8ba3ff19	e88fd285-ed8f-4704-a29e-9453177c1a78	2026-02	5400.00	0.00	f	2026-02-11 05:55:07.481	5400.00	5400.00	paid	2026-02-01 00:00:00	2026-02-19 04:06:28.212	2026-02-11 05:54:29.696444
b7725de0-8b25-41bc-aa0f-d98d10c6ea69	9f67e196-ddce-48b3-bcae-e60bfeaacdf1	48d65dcf-badd-44c2-8cea-48f380e85805	fa3d9be2-16fc-4144-aec3-d484b7b08de7	2026-02	1250.00	0.00	f	2026-02-11 05:55:08.081	1250.00	1250.00	paid	2026-02-01 00:00:00	2026-02-19 04:06:14.656	2026-02-11 05:54:29.896404
acad8129-bf27-4b92-ac04-9b516b128423	1c9d630b-8a2c-45d8-9da3-4e9c679c0860	507b7e5c-655d-48f7-b9b4-17c1441c77ae	011896b8-9ba6-4d23-9513-b63271aa508f	2026-02	1700.00	0.00	f	2026-02-11 05:55:11.981	1700.00	1700.00	paid	2026-02-01 00:00:00	2026-02-19 03:46:55.817	2026-02-11 05:54:35.096588
255cda7e-6550-4ee4-a542-65c49aa89e67	650334fd-aa3d-40cf-bedb-191e670f1e0e	1e95d34d-5dce-4ec2-a749-0ce70d7e5ff5	1f346dfa-32c1-44eb-a9dd-556d4d1de13f	2026-02	2000.00	0.00	f	2026-02-19 03:00:42.333	2000.00	2000.00	paid	2026-02-01 00:00:00	2026-02-19 03:52:40.635	2026-02-11 05:54:15.196795
3cc2f742-21cf-40e9-b8be-1f6d9c1180e3	9c6156a3-c50b-4e18-b847-6ee08e8ac1d3	e73e273f-1c08-4b92-a73c-e03b6ff26518	9026f5c4-57cd-424a-b2f5-530bf180c84f	2026-02	1900.00	0.00	f	2026-02-11 05:55:12.281	1900.00	1900.00	paid	2026-02-01 00:00:00	2026-02-19 03:48:44.309	2026-02-11 05:54:35.396445
9a44fd31-79a2-45cf-8aeb-d70e06d4a2d4	fde9a8a0-2f8f-44a2-86a4-3da365143e47	fe5243c2-dca1-46b0-a98c-b9bd09e8edde	b89f602d-1298-41e5-90fc-9b63afec44e9	2026-02	1825.00	0.00	f	2026-02-11 05:55:11.581	1825.00	1825.00	paid	2026-02-01 00:00:00	2026-02-19 03:47:52.192	2026-02-11 05:54:34.896455
d2b41fd7-416d-4b7b-a2b1-37e2b06dc019	45da57e1-7967-45b5-bd81-4e4c076720c5	69f472b0-c0b1-4c0d-a016-f51cd07c9a8a	8cee52a3-83f8-4901-b8dd-dd4cb7ce691b	2026-02	1900.00	0.00	f	2026-02-11 05:55:12.681	1900.00	1900.00	paid	2026-02-01 00:00:00	2026-02-19 03:49:10.129	2026-02-11 05:54:35.69651
15c78dcd-e330-4161-b756-980f5c02d74b	a807700e-9e65-41f4-88cf-3a1f442e4843	6a5073bc-24d2-421f-b8b5-7ee1ae241b15	90a27344-6e91-46d9-953a-8ed29d05d856	2026-02	1900.00	0.00	f	2026-02-11 05:55:11.381	1900.00	1900.00	paid	2026-02-01 00:00:00	2026-02-19 03:49:26.17	2026-02-11 05:54:34.696484
14d7299a-cd33-42bb-bd57-8c42700fcde8	c1ea5ea4-78c8-42ac-9097-b65173587f51	755fd861-0122-48b8-a0d2-fa33d9266758	30edf4a6-bcec-4a51-b113-a67ba4162030	2026-02	1900.00	0.00	f	2026-02-13 05:01:13.453	1900.00	1900.00	paid	2026-02-01 00:00:00	2026-02-18 23:16:45.647	2026-02-11 05:54:11.597741
eeedac96-0cf7-4f3b-9363-0828915154db	b8ddbfe3-792c-49e6-ac9c-d3e7cc8442e9	319c445e-131e-4beb-b85b-44e58ae2b06f	21aa2680-ec07-4f0d-9422-73a55b6fb60d	2026-02	2325.00	0.00	f	2026-02-11 05:55:11.081	2325.00	2325.00	paid	2026-02-01 00:00:00	2026-02-19 03:42:31.053	2026-02-11 05:54:34.297172
5667a73e-b5fb-42a0-bb54-221a24cc5e55	ba307b62-df7f-46e8-b18d-6ab4047552d2	b1ac5f2e-f232-405c-a20f-2e121313bd3f	6ff38c86-1c2f-4c91-9acf-7458690fee8a	2026-02	1900.00	0.00	f	2026-02-11 05:55:12.881	1900.00	1900.00	paid	2026-02-01 00:00:00	2026-02-19 03:42:13.6	2026-02-11 05:54:35.896348
5cc43447-39ae-42da-8f70-6259c2dd8171	02e444a6-af65-4c97-93ad-afb30c7c38e2	8a3ac9d3-7d4a-473f-bf80-f43a8cd5db64	164584b9-d32b-46e8-aa11-b09957e47c3e	2026-02	1750.00	0.00	f	2026-02-19 03:43:35.377	1750.00	1750.00	paid	2026-02-01 00:00:00	2026-02-19 03:43:58.779	2026-02-11 05:54:14.696824
47d4f907-322f-4480-908a-ec1d031b891b	9c3cc3be-0354-4fb9-9724-b90f6d752ab5	38211b59-9de9-4767-be3a-02ba13c8ca02	7ce7b18e-da70-49ee-b9c3-204e3142a749	2026-02	1875.00	0.00	f	2026-02-11 05:55:13.181	1875.00	1875.00	paid	2026-02-01 00:00:00	2026-02-19 03:41:48.53	2026-02-11 05:54:36.096529
7ca57c2c-9b0a-47f9-b1df-7214f45acd90	7b190fab-a3c8-45d3-a113-a4d6b15f2096	1dd67894-ce61-4481-a7f9-5333f7d75f00	a4ca4214-210f-436d-8f8c-6fc1b51fb7fb	2026-02	2000.00	0.00	f	2026-02-11 05:55:15.081	2000.00	2000.00	paid	2026-02-01 00:00:00	2026-02-19 03:38:38.194	2026-02-11 05:54:38.69672
8168f68b-e24e-44ae-aad7-a11cb9f20deb	6073b604-86b5-440e-be97-fc5355ad2eba	73666509-04c7-4196-bbb1-32bb625aabc8	aa936a22-415e-421f-a8f6-864de4bea92e	2026-02	2300.00	0.00	f	2026-02-11 05:55:13.682	2300.00	2300.00	paid	2026-02-01 00:00:00	2026-02-19 03:40:48.537	2026-02-11 05:54:36.796355
03a77ae2-1d35-4b3b-8233-278c544d6426	710a0cf7-5008-4690-9b82-2ef6170a37f5	8c95b41e-1670-40e6-a3b7-41cca215b272	46e7ec52-2246-44b6-9c77-640bd843dba7	2026-02	1650.00	0.00	f	2026-02-11 05:55:15.281	1650.00	1650.00	paid	2026-02-01 00:00:00	2026-02-19 03:37:02.704	2026-02-11 05:54:38.896685
5b296f3e-bc5c-4486-945a-269649cc1f7d	e560b5db-4033-4a1e-b78a-42b3238d8eff	1ec163c9-fd42-45a1-ad8f-810523061042	92930759-61f7-4699-98a1-bc5fdd072327	2026-02	2600.00	0.00	f	2026-02-11 05:55:14.281	2600.00	2600.00	paid	2026-02-01 00:00:00	2026-02-19 03:40:06.752	2026-02-11 05:54:37.296782
f806ad68-b184-498f-be20-5e9231ab2b00	8ebb7b20-e804-4890-8cb1-472c9a039f90	ec0175d2-39cf-4c93-9b36-704922b9f9f2	e22bddd3-4771-4451-bdd9-95cd11e328ea	2026-02	2150.00	0.00	f	2026-02-11 05:55:14.781	2150.00	2150.00	paid	2026-02-01 00:00:00	2026-02-19 03:39:02.45	2026-02-11 05:54:38.196864
4e3ab693-9ffc-4003-913e-9622e5215997	c88fc26e-2885-4053-8a0d-c39f6d7cf207	7f75947a-6576-4644-9061-01f593d5b975	4f6a2ee5-190f-4234-96ce-c22b8c496e9a	2026-02	1850.00	0.00	f	2026-02-11 05:55:14.081	1850.00	1850.00	paid	2026-02-01 00:00:00	2026-02-19 03:37:41.762	2026-02-11 05:54:37.096884
1052d794-2385-4176-b671-dd428876832a	738c4af9-7982-40b2-acf8-7a0ae849d1e3	41d84dfe-4957-44af-8a98-cd2d59c4d711	5af20f69-9c8a-4e08-a4fb-1424a3c8b4ba	2026-02	2100.00	0.00	f	2026-02-11 05:55:14.581	2100.00	2100.00	paid	2026-02-01 00:00:00	2026-02-19 03:36:32.899	2026-02-11 05:54:37.696706
9f157c16-34fe-41b9-9422-fe4c3827fb81	30260d12-5414-4b86-a549-0e663992c872	f1a1a294-4139-4bb2-8483-b4985ea104b4	8c330a58-e474-4b1c-a2d0-294d9edf0a7f	2026-02	2300.00	0.00	f	2026-02-11 05:55:17.481	2300.00	2300.00	paid	2026-02-01 00:00:00	2026-02-19 03:32:42.955	2026-02-11 05:54:41.996874
b78da935-2ef0-43dc-9968-b3b6550f2aed	519e532b-5c82-4400-bb7e-306aaf1fae41	088d235c-277f-4a8b-9ebe-33f7d0f20221	2b357005-1311-4eb2-82de-ae4017d78303	2026-02	1875.00	0.00	f	2026-02-11 05:55:18.981	1875.00	1875.00	paid	2026-02-01 00:00:00	2026-02-19 03:31:40.935	2026-02-11 05:54:43.296627
b3fbb527-cc7d-42d4-8139-12187bf808be	4a5fb498-0496-4754-881e-21d87a32e307	60b12745-2f37-463b-8122-68959b522b81	27abbaba-c587-4e63-8904-e6aca672a77b	2026-02	1850.00	0.00	f	2026-02-13 05:01:12.78	1850.00	1850.00	paid	2026-02-01 00:00:00	2026-02-19 03:33:50.279	2026-02-11 05:54:02.596702
7dc1ad68-521f-436c-a593-08b73944d083	68bd918e-8af5-462c-a1aa-a93793a314e5	2cf23989-3794-41f0-bc24-2fd7b104f285	9c83270c-dae1-4cad-a21a-a6fb64f13b59	2026-02	2250.00	0.00	f	2026-02-11 05:55:15.881	2250.00	2250.00	paid	2026-02-01 00:00:00	2026-02-19 03:32:23.491	2026-02-11 05:54:39.39706
ec63da5a-6972-4884-928e-91f2d4afcbdc	866bcf7b-087f-4a3f-9746-60df4073bbe6	303409bf-06de-49cc-842c-88cb9b25930c	1498ec04-ea47-48ab-affd-6bc5e645db54	2026-02	1700.00	0.00	f	2026-02-11 05:55:16.081	1700.00	1700.00	paid	2026-02-01 00:00:00	2026-02-19 03:30:59.8	2026-02-11 05:54:39.796695
4e816f6a-8983-4786-9670-85ba093041e5	94e95a05-fc41-4a7f-87b2-df207dea12ca	216b86ab-2883-493e-ab68-f1a3ef1503e4	569d10ea-aadf-4416-9ece-4564c90b2da9	2026-02	2250.00	0.00	f	2026-02-11 05:55:17.881	2250.00	2250.00	paid	2026-02-01 00:00:00	2026-02-19 03:33:02.856	2026-02-11 05:54:42.396584
ba727435-26cd-4aff-af20-63b917ca964b	b79d77f4-eb40-4968-96e6-65965124cccd	7b106bde-0ce3-4ae1-97f3-1ff0a6136af6	a99f9e45-fecc-4c64-8914-7929e6c98ae9	2026-02	2050.00	0.00	f	2026-02-11 05:55:16.381	2050.00	2050.00	paid	2026-02-01 00:00:00	2026-02-19 03:33:22.763	2026-02-11 05:54:40.096778
7785ef94-0822-4300-89a0-4b39dcd2d702	beb55f34-0bb8-4cd4-9a7f-2a705a55cc87	72842a58-b129-40f1-9d36-ae87ef2a0969	c2aaa73a-7f84-4c7d-931d-d5fba202d61c	2026-02	2050.00	0.00	f	2026-02-11 05:55:16.981	2050.00	2050.00	paid	2026-02-01 00:00:00	2026-02-19 03:29:01.029	2026-02-11 05:54:41.196764
bb67023e-91b9-442f-ab03-a7b90f5b2297	36471db9-43e0-4014-b296-53da729f9fa0	38828046-9d17-417e-a704-f96137e60581	a1c05875-31c4-474f-8cd8-20e36fc1372f	2026-02	1850.00	0.00	f	2026-02-11 05:55:18.181	1850.00	1850.00	paid	2026-02-01 00:00:00	2026-02-19 03:27:26.712	2026-02-11 05:54:42.796639
94742379-a41b-4d4c-817e-7049078ea324	416552ea-4ad5-4950-8a11-bf7f07e802ef	c1317972-e10e-4ff5-9dfc-b7a49065b703	fa291d82-436a-4552-a950-fc76c4ef3f94	2026-02	1700.00	0.00	f	2026-02-11 05:55:16.681	1700.00	1700.00	paid	2026-02-01 00:00:00	2026-02-19 03:32:04.103	2026-02-11 05:54:40.396787
bd8783b8-cf84-4898-8dbc-fdfb402aa65b	184f54bb-e74d-4c82-9f82-c60267c38752	5c60223e-f188-4b9d-9fb7-b1550ea2525e	d8a88cf6-3d2b-4d68-b777-b9a59b0559de	2026-02	1900.00	0.00	f	2026-02-11 05:55:15.581	1900.00	1900.00	paid	2026-02-01 00:00:00	2026-02-19 03:35:20.014	2026-02-11 05:54:39.196724
2def3d8a-ab54-4b95-874f-a00c85bb1802	eb38211f-0970-42c7-ab44-9edee1d2d87d	e38460d5-c080-40d9-a3d3-7d03a045108e	5bc42ae3-b5cc-4d58-9333-b33bec9dd821	2026-02	1695.00	84.75	t	2026-02-18 02:14:59.244	1779.75	1695.00	partial	2026-02-01 00:00:00	\N	2026-02-18 02:14:58.685908
141f2142-e549-491e-9695-96b565a52ea4	8672f231-0a7e-49cc-bde1-62eb48183e29	18dbb1ab-a366-48fa-9aaf-3cdb5ae65c7a	b3e38bb5-c629-4dbe-a8e7-ba12833b79b7	2026-02	1800.00	90.00	t	2026-02-20 04:00:34.556	1890.00	0.00	late	2026-02-01 00:00:00	\N	2026-02-19 23:00:37.348841
aa617310-a3ff-46f5-99db-e44ce870e689	0defb5b2-04c9-4edd-b3eb-2a4c37a5d140	6deb9d17-9d36-40cd-b1fd-f0967c04c3fc	ac746e92-6ecb-4e56-b4e7-eebbc1f7b27d	2026-02	1975.00	0.00	f	2026-02-11 05:55:13.381	1975.00	1975.00	paid	2026-02-01 00:00:00	2026-02-19 03:42:53.808	2026-02-11 05:54:36.396701
04eca39b-c1df-4666-9e5d-98e7e4fcbc23	eab56592-bd8e-441e-a946-20c189ab9d9b	c5553482-066e-4931-bdfc-19e33ca0c712	4d0aa3df-a596-4365-90dd-daa354f7e54c	2026-02	1800.00	0.00	f	2026-02-11 05:55:00.081	1800.00	1800.00	paid	2026-02-01 00:00:00	2026-02-19 03:44:23.247	2026-02-11 05:54:09.49686
8373e774-0554-4a33-ab59-4afd3ab4fd14	3aac5884-9026-4278-8808-8f5407c424e1	418c14d6-8945-48f4-ad32-50c3e8f537e1	7b30c68a-d317-4ee2-97aa-f4bbf42f9b12	2026-02	2150.00	0.00	f	2026-02-19 03:44:47.208	2150.00	2150.00	paid	2026-02-01 00:00:00	2026-02-19 03:45:04.828	2026-02-11 05:54:01.730851
83365ac3-3d63-4ffd-b3d7-924872dca363	d367f74c-66c8-42ba-b363-5b0ce0405b40	e601757e-e0bf-4f9d-98eb-aab1e07d7b84	60ea4864-efb7-43eb-bf7b-89289ae0a5ef	2026-02	111296.80	0.00	f	2026-02-11 05:54:47.681	111296.80	111296.80	paid	2026-02-01 00:00:00	2026-02-19 03:45:33.844	2026-02-11 05:54:00.826324
c5cb3401-04be-4e32-bc27-61ef86a0be37	17a3f2f6-44c2-4189-9de2-e745c3dd7c5c	e407f7e6-c8de-4e44-9467-9ffae0074195	89b8685b-d8e4-43fa-9739-913898d1322e	2026-02	2000.00	0.00	f	2026-02-11 05:54:44.581	2000.00	2000.00	paid	2026-02-01 00:00:00	2026-02-19 03:45:51.427	2026-02-11 05:54:00.395766
\.


--
-- Data for Name: sessions; Type: TABLE DATA; Schema: public; Owner: neondb_owner
--

COPY public.sessions (sid, sess, expire) FROM stdin;
CDlQbEKthD-V5RNCPhTbsjAoYi0ayVEN	{"cookie": {"path": "/", "secure": true, "expires": "2026-02-27T02:12:29.724Z", "httpOnly": true, "sameSite": "none", "originalMaxAge": 604800000}, "replit.com": {"code_verifier": "HvmRPl6DdnmThGD48X5EBgBD1DzWSpJWjNyVDkee1rs"}}	2026-02-27 02:12:30
Yu6xE1_oQ-qdG40U-ymXts0q7I1Rvg7q	{"cookie": {"path": "/", "secure": true, "expires": "2026-02-23T01:02:57.721Z", "httpOnly": true, "sameSite": "none", "originalMaxAge": 604800000}, "replit.com": {"code_verifier": "VCcXIWYnHzZqu61Lbic9xdbeH9Rfhuv0U9TU3NWn8Xo"}}	2026-02-23 01:02:58
_FegmJocwWKwLi1ifLV_Zg4WMVXBtCYH	{"cookie": {"path": "/", "secure": true, "expires": "2026-02-15T03:22:58.762Z", "httpOnly": true, "sameSite": "none", "originalMaxAge": 604800000}, "replit.com": {"code_verifier": "oNgxBsr8fKvu_XEMaoAox_1KxABRMkr3rXf7H89N9io"}}	2026-02-20 19:54:58
gCL5tIyqEOw6Gi6XiyO_1DSUb7s-90rj	{"cookie": {"path": "/", "secure": true, "expires": "2026-02-26T13:51:46.060Z", "httpOnly": true, "sameSite": "none", "originalMaxAge": 604800000}, "replit.com": {"code_verifier": "FEwvSdbSPBf8UuqofQjkhncnxbzYqe-CydsEtvGhYlQ"}}	2026-02-26 13:51:47
ii-egkB81f86itaABrYyUfDo2vPVvU2w	{"cookie": {"path": "/", "secure": true, "expires": "2026-02-25T02:37:04.907Z", "httpOnly": true, "sameSite": "none", "originalMaxAge": 604800000}, "passport": {"user": {"claims": {"aud": "ba78d033-2fe4-4c70-8bd0-2c0486dcbf56", "exp": 1771385824, "iat": 1771382224, "iss": "https://replit.com/oidc", "sub": "53984724", "email": "yanisho@hotmail.com", "at_hash": "a8jqTqoIIlN0Kow87duy2w", "username": "Yannisabag", "auth_time": 1771382224, "last_name": "Sabag", "first_name": "Yanni", "email_verified": true}, "expires_at": 1771385824, "access_token": "fjKhz3dOWDDl8g4Y26yfNcO0CrOQOjTSyGemTSuUiHr", "refresh_token": "yjhVqczaztqyailUMqR2I8POvRH9pDaXUqekEQypoPn"}}}	2026-02-25 02:37:22
XpStOU4sKNh2WoEIRV-ZyzTv4yXkn0Sq	{"cookie": {"path": "/", "secure": true, "expires": "2026-02-26T13:14:10.994Z", "httpOnly": true, "sameSite": "none", "originalMaxAge": 604800000}, "adminRole": "ADMIN", "adminUserId": "9c3ffe01-bcd0-443b-a249-3816aa2c2521"}	2026-02-27 13:20:50
1X8xo6x7Px2HxIItwTZcaz8h3Jh3L0Iy	{"cookie": {"path": "/", "secure": true, "expires": "2026-02-24T22:37:53.956Z", "httpOnly": true, "sameSite": "none", "originalMaxAge": 604800000}, "adminRole": "ADMIN", "adminUserId": "9c3ffe01-bcd0-443b-a249-3816aa2c2521"}	2026-02-25 17:59:16
Opatc5XDEu8_W5Sd1Xwp_QTeGPqFbwWd	{"cookie": {"path": "/", "secure": true, "expires": "2026-02-24T03:36:11.447Z", "httpOnly": true, "sameSite": "none", "originalMaxAge": 604800000}, "passport": {"user": {"claims": {"aud": "544360db-ced8-49e3-8e39-4c767d1d2d9c", "exp": 1771302971, "iat": 1771299371, "iss": "https://replit.com/oidc", "sub": "53984724", "email": "yanisho@hotmail.com", "at_hash": "pLUUqEA2JVJy0l-YWLkt7Q", "username": "Yannisabag", "auth_time": 1771299370, "last_name": "Sabag", "first_name": "Yanni", "email_verified": true}, "expires_at": 1771302971, "access_token": "Vo-Y-c0MounXMAQ1fArzOLIU1chfb56QUS-sk-W91BK", "refresh_token": "J0Y91Hwzpv0mdKkHXHdCtGB-JgXdMP9PvDlLhlOyhEg"}}}	2026-02-24 03:36:19
w6twLEkJNAC_j_uquu0JFmuFfSejdiT2	{"cookie": {"path": "/", "secure": true, "expires": "2026-02-25T23:24:10.071Z", "httpOnly": true, "sameSite": "none", "originalMaxAge": 604800000}, "adminRole": "ADMIN", "replit.com": {"code_verifier": "eVzAhkUSuWTjJwSnbRdWQmtt4KzeUS3mlYpzY6h0sks"}, "adminUserId": "9c3ffe01-bcd0-443b-a249-3816aa2c2521"}	2026-02-26 15:22:25
6VOAlABI-kTRSeiELZQ7n8iGcVpqZ2Ro	{"cookie": {"path": "/", "secure": true, "expires": "2026-02-25T20:33:43.224Z", "httpOnly": true, "sameSite": "none", "originalMaxAge": 604800000}, "adminRole": "ADMIN", "adminUserId": "9c3ffe01-bcd0-443b-a249-3816aa2c2521"}	2026-02-25 21:36:53
DVvbQUMXILl7MfZvRnk0E76F1oXeYNW0	{"cookie": {"path": "/", "secure": true, "expires": "2026-02-25T20:24:51.081Z", "httpOnly": true, "sameSite": "none", "originalMaxAge": 604800000}, "adminRole": "ADMIN", "adminUserId": "9c3ffe01-bcd0-443b-a249-3816aa2c2521"}	2026-02-25 20:31:18
b9gWoLABn19c3dLmw3S-hBK97Rq3rCxR	{"cookie": {"path": "/", "secure": true, "expires": "2026-02-26T00:11:04.735Z", "httpOnly": true, "sameSite": "none", "originalMaxAge": 604800000}, "adminRole": "ADMIN", "replit.com": {"code_verifier": "Jarh1Uuez31svABFAm7IT2gAR058oJmqrMFeYox-nWQ"}, "adminUserId": "9c3ffe01-bcd0-443b-a249-3816aa2c2521"}	2026-02-26 00:11:05
LyhBrmIMgI-l_u04-1wbMOiVcMOocA9k	{"cookie": {"path": "/", "secure": true, "expires": "2026-02-23T21:55:21.538Z", "httpOnly": true, "sameSite": "none", "originalMaxAge": 604800000}, "adminRole": "MANAGER", "adminUserId": "33fa6fcc-d5ca-4671-aab3-3c40310d20bd"}	2026-02-27 14:19:42
ICegLH5qJIzk8QUi1Hz1HYvpSEhb4e0C	{"cookie": {"path": "/", "secure": true, "expires": "2026-02-26T08:41:38.716Z", "httpOnly": true, "sameSite": "none", "originalMaxAge": 604800000}, "replit.com": {"code_verifier": "nb0XnNNGZfS6I541GEoVlVK6ltffDa-ZzuUF_6TR4wc"}}	2026-02-26 08:41:39
MLyUnEQWV3QsPLs7-9zGyx-mJlcgvZPs	{"cookie": {"path": "/", "secure": true, "expires": "2026-02-26T09:09:17.230Z", "httpOnly": true, "sameSite": "none", "originalMaxAge": 604800000}, "replit.com": {"code_verifier": "OjNsP2gFE_9YJDmrObeOiPJsqWkuAv9KKXWKSePq2pA"}}	2026-02-26 09:09:18
VawaV92WbdC03bbr_-D3vR0uIBe1ACIT	{"cookie": {"path": "/", "secure": true, "expires": "2026-02-24T13:08:33.043Z", "httpOnly": true, "sameSite": "none", "originalMaxAge": 604800000}, "adminRole": "ADMIN", "adminUserId": "9c3ffe01-bcd0-443b-a249-3816aa2c2521"}	2026-02-24 21:04:25
yHpxQivkB38bz54YFKEGOe16SU_N-ct4	{"cookie": {"path": "/", "secure": true, "expires": "2026-02-25T20:42:22.940Z", "httpOnly": true, "sameSite": "none", "originalMaxAge": 604800000}, "passport": {"user": {"claims": {"aud": "cecb5f54-7ce2-4f86-8926-d2850ee3af41", "exp": 1771450942, "iat": 1771447342, "iss": "https://replit.com/oidc", "sub": "53984724", "email": "yanisho@hotmail.com", "at_hash": "99izb1fiyA7opwfj_NTAxg", "username": "Yannisabag", "auth_time": 1771447340, "last_name": "Sabag", "first_name": "Yanni", "email_verified": true}, "expires_at": 1771450942, "access_token": "SX4inc5OfkzS6sGtVgdTjeXBmVz_IIXhEb7C78pFRWM", "refresh_token": "R_zOtslstOtvimbkIQRYJ35V0uJPvm2txp8UdKz9T-x"}}, "adminRole": "ADMIN", "adminUserId": "9c3ffe01-bcd0-443b-a249-3816aa2c2521"}	2026-02-27 03:36:02
y2l81UFcQW-eD9oNX7ogS7eitDy-G0Si	{"cookie": {"path": "/", "secure": true, "expires": "2026-02-18T04:34:29.917Z", "httpOnly": true, "sameSite": "none", "originalMaxAge": 604800000}, "adminRole": "ADMIN", "adminUserId": "9c3ffe01-bcd0-443b-a249-3816aa2c2521"}	2026-02-25 04:23:23
r_nC0pGJIa6hvzBECnxR0lYSy2W8UPHB	{"cookie": {"path": "/", "secure": true, "expires": "2026-02-17T13:03:57.450Z", "httpOnly": true, "sameSite": "none", "originalMaxAge": 604800000}, "adminRole": "ADMIN", "adminUserId": "9c3ffe01-bcd0-443b-a249-3816aa2c2521"}	2026-02-24 03:55:26
\.


--
-- Data for Name: tenants; Type: TABLE DATA; Schema: public; Owner: neondb_owner
--

COPY public.tenants (id, user_id, property_id, unit_id, first_name, last_name, email, phone, status, move_in_date, move_out_date, created_at, rent_amount, security_deposit, last_month_payment) FROM stdin;
b5b430a2-cf8e-417b-a758-56b8e05488ca	\N	bb4dbf04-dd29-4cf2-9c72-310b3388698f	\N	Marta & Maylo	Sazo	zoereyes58@gmail.com	561.633.5460	inactive	2024-10-01 00:00:00	\N	2026-02-05 15:25:44.112778	3000.00	\N	\N
9a061ce9-a28c-4c65-acfc-13afbae8f1b2	\N	8a948e9e-08c6-441b-9088-7d07c453b370	\N	Imran	Chakkiwala	ichakkiwala@gmail.com	407.928.5172	inactive	2022-04-01 00:00:00	\N	2026-02-05 15:25:43.820501	17483.63	\N	\N
d7a221fc-0dcd-4504-874e-5ef686290b93	\N	02da684a-bd59-4c73-bdd6-f58d5c2eba87	\N	Paul	Metro	pmetro@nextpointe.com	954.683.3927	inactive	2025-03-01 00:00:00	\N	2026-02-05 15:25:44.229832	1850.00	\N	\N
4c7acff0-69a8-4492-b9ce-83e88037b125	\N	2ad6b6cc-0ddd-411b-b04d-f3b443faef79	\N	Jah	Pierreline	pierrelinegermain1234@gmail.com	786.538.9388	inactive	2024-04-01 00:00:00	\N	2026-02-05 15:25:44.316385	1800.00	\N	\N
05562977-ba94-4ab0-95b5-6f8f079d26c5	\N	269da26f-21d6-4b5f-88fb-064a6ee484d8	\N	Lucian	Pirone	lucianpirone@yahoo.com	954.297.7834	inactive	2023-04-01 00:00:00	\N	2026-02-05 15:25:43.733019	3656.50	\N	\N
47346ea8-fa52-4ba9-a9b5-ccc77972f869	\N	455195c3-bd74-418f-b604-b8973e63888d	\N	Georgia	Smith	georgiaswatt1403@yahoo.com	954.816.3043	inactive	2024-09-01 00:00:00	\N	2026-02-05 15:25:43.936625	1800.00	\N	\N
bf180b48-07c9-4d0f-beba-acab894d5a66	\N	d91bcd2a-01e1-48c8-94bf-4f4070c108f6	\N	Janick	Serrallonga	janickserrallonga@gmail.com	786.270.8070	inactive	2024-12-01 00:00:00	\N	2026-02-05 15:25:44.142485	1750.00	\N	\N
40167b05-30f6-4952-94c8-edc9e7c550ad	\N	98074ce8-8e6b-43d7-b364-6df96cd393a2	\N	Barbara	Chanlatte	bpenna102@gmail.com	347.301.1766	inactive	2024-10-01 00:00:00	\N	2026-02-05 15:25:43.965854	1900.00	\N	\N
19d74eec-4607-4e74-a8ff-f110a0e303f3	\N	67199d1c-bff2-4b61-b9d5-e8c705d7a6be	\N	Iulia	Tyshhchenko	prccloudnine@gmail.com	631.507.6364	inactive	2024-08-01 00:00:00	\N	2026-02-05 15:25:43.877525	3296.00	\N	\N
cc87fbd3-42ae-42b8-a0bf-393ad8d98b08	\N	42cb0b25-7347-4d58-8194-298763c49d33	\N	Katie	Sherman	misskatie723@gmail.com	954.477.4357	inactive	2024-07-01 00:00:00	\N	2026-02-05 15:25:44.431908	1550.00	\N	\N
c5553482-066e-4931-bdfc-19e33ca0c712	\N	4d0aa3df-a596-4365-90dd-daa354f7e54c	\N	Catia	Fenelus	nelusse@yahoo.fr	954.702.7919	inactive	2023-06-01 00:00:00	\N	2026-02-05 15:25:44.200644	1800.00	\N	\N
e407f7e6-c8de-4e44-9467-9ffae0074195	\N	89b8685b-d8e4-43fa-9739-913898d1322e	\N	Evencia Jackenson	Bastien	Evenciapointdujour3@gmail.com	786.608.8952	inactive	2025-01-01 00:00:00	\N	2026-02-05 15:25:44.345576	1825.00	\N	\N
775fda8a-0a5c-4265-b129-561208527fa6	\N	8f1d97be-3e81-41cf-9fc0-8919857ff31d	\N	Doron	Doar	ddoar@bellsouth.net	954.709.2555	inactive	2022-01-01 00:00:00	\N	2026-02-05 15:25:43.616792	2817.93	\N	\N
418c14d6-8945-48f4-ad32-50c3e8f537e1	\N	7b30c68a-d317-4ee2-97aa-f4bbf42f9b12	\N	Rochambeau	Dolcine	dolcrj@gmail.com	954.599.8987	inactive	2024-09-01 00:00:00	\N	2026-02-05 15:25:44.374107	2150.00	\N	\N
f4ad0dde-2f80-4fc6-a72a-52f8c459aeed	\N	42c6c99f-893a-4b5c-8b3b-0a565f66a82d	\N	Dymitro	Dekanozishvili	deka2333@gmail.com	954.681.2628	inactive	2024-10-01 00:00:00	\N	2026-02-05 15:25:43.906865	6180.00	\N	\N
95fda6d0-8705-4bad-aea8-16f89386264d	\N	4366c6a4-72a1-4252-b6a5-64a33fdd170c	\N	Eddie	Fishman	artemgoldman@gmail.com	440.317.1637	inactive	2022-04-01 00:00:00	\N	2026-02-05 15:25:43.674244	18344.02	\N	\N
156a0479-b7ec-4409-83cd-df2cfcd42fd8	\N	969baf09-8994-41fb-afde-ac67fd532fa6	\N	Avi	Gershon	avi@abcscreens.com	305.903.7980	inactive	2024-09-01 00:00:00	\N	2026-02-05 15:25:43.849087	3296.00	\N	\N
4af12acd-6b9d-4594-bc38-e8f9ad363ff5	\N	a676d548-44b7-4650-9d48-f2018d70ace2	\N	Josef	Gopin	joe@koshercentral.com	917.860.8839	inactive	2022-04-01 00:00:00	\N	2026-02-05 15:25:43.645549	4644.09	\N	\N
c20b400c-982f-41e4-8a3f-e03a540f6e44	\N	14768530-05db-4656-b419-8ca2a1c664d9	\N	Germanie	Jean	germanie201@gmail.com	954.380.2207	inactive	2025-02-01 00:00:00	\N	2026-02-05 15:25:44.259373	1800.00	\N	\N
ef9e1cf1-5bc5-41e6-bbd5-5277650ccc14	\N	51faa6a3-a75f-4c02-ab1a-24a25c42917d	\N	Edward	Lisenko	wudconceptstudio@gmail.com	917.359.7949	inactive	2023-04-01 00:00:00	\N	2026-02-05 15:25:43.702605	5693.42	\N	\N
e601757e-e0bf-4f9d-98eb-aab1e07d7b84	\N	60ea4864-efb7-43eb-bf7b-89289ae0a5ef	\N	Elizabeth	Levy	elizabeth@polarmonkeys.com	954.993.6767	inactive	2024-06-01 00:00:00	\N	2026-02-05 15:25:43.549639	11124.00	\N	\N
6d28935a-c2c0-4b11-8aa2-98aaf948f15b	\N	183262a6-dfef-45f2-b103-cdf3cb232877	\N	Jamal	King	ljking36@gmail.com	803.431.9427	inactive	2025-02-01 00:00:00	\N	2026-02-05 15:25:44.402517	1875.00	\N	\N
92351ec6-bd88-4325-bf78-40b792f7d86a	\N	cc7c14fc-3218-493c-bd93-3924788d0bfa	\N	Iraida	Liriano	iraidaduran16@hotmail.com	786.252.1889	inactive	2023-05-01 00:00:00	\N	2026-02-05 15:25:44.287881	1850.00	\N	\N
0e6a0f87-c26a-4810-adaa-93eb993b0e90	\N	36586d77-bd0e-46b2-95e0-bf8eae913eb9	\N	Imran	Chakkiwala	ichakkiwala@gmail.com	407.928.5172	inactive	\N	\N	2026-02-06 02:43:22.739489	\N	\N	\N
507b7e5c-655d-48f7-b9b4-17c1441c77ae	\N	011896b8-9ba6-4d23-9513-b63271aa508f	\N	Rene	Torres	renejtorres@gmail.com	787.628.3334	inactive	2025-01-01 00:00:00	\N	2026-02-05 15:25:45.021674	1650.00	\N	\N
3ba53dee-cbc3-44cc-9bf4-1b956c8258c7	\N	ddd7b82e-4db2-40a0-bcbe-fe71d2929a23	\N	Giovana	Blanco	giovanna.blanco@hotmail.com	786.992.5941	inactive	\N	\N	2026-02-06 02:50:35.751985	\N	\N	\N
2cf23989-3794-41f0-bc24-2fd7b104f285	\N	9c83270c-dae1-4cad-a21a-a6fb64f13b59	\N	Christian	Arbelaez	carbelaez77@gmail.com	516.528.2835	inactive	2024-11-01 00:00:00	\N	2026-02-06 19:34:35.422033	\N	\N	\N
38211b59-9de9-4767-be3a-02ba13c8ca02	\N	7ce7b18e-da70-49ee-b9c3-204e3142a749	\N	Mario	Cagigas	luvycagigas@gmail.com	954.801.8171	inactive	2025-01-01 00:00:00	\N	2026-02-05 15:25:45.141663	1850.00	\N	\N
98a9fbb2-2d28-4b6c-91cd-70a95b97022a	\N	d77557c8-e5c1-4bb8-a615-91b762b4ce44	\N	Ana Maria	Chanlatte	bpenna102@gmail.com	850.977.4014	inactive	\N	\N	2026-02-06 19:24:51.602421	\N	\N	\N
7f3cf108-79c5-41c5-a8d8-1cdcfe7b9192	\N	b2d5c003-a7d9-48d8-92b5-140a63e41fc9	\N	Adams	Tilus	tilusadams44@gmail.com	561.888.2822	inactive	2024-09-01 00:00:00	\N	2026-02-05 15:25:44.666545	1850.00	\N	\N
755fd861-0122-48b8-a0d2-fa33d9266758	\N	30edf4a6-bcec-4a51-b113-a67ba4162030	\N	Dominique	Garreau	dominique.g@me.com	954.632.2285	inactive	2024-07-01 00:00:00	\N	2026-02-05 15:25:45.287342	1900.00	\N	\N
7f75947a-6576-4644-9061-01f593d5b975	\N	4f6a2ee5-190f-4234-96ce-c22b8c496e9a	\N	Myanna	Campbell	mymycampbell19@gmail.com	954.268.0092	inactive	2025-03-01 00:00:00	\N	2026-02-05 15:25:45.229085	1850.00	\N	\N
69f472b0-c0b1-4c0d-a016-f51cd07c9a8a	\N	8cee52a3-83f8-4901-b8dd-dd4cb7ce691b	\N	Carmen Naranjo	Rattia	luinar70@gmail.com	786.260.4287	inactive	2024-06-01 00:00:00	\N	2026-02-05 15:25:45.083342	1900.00	\N	\N
44ae318e-01e2-429a-8fb5-a5808c1ea797	\N	ddd7b82e-4db2-40a0-bcbe-fe71d2929a23	\N	Gloria	Gonzalez	urbinamichael17@gmail.com	786.820.9477	inactive	\N	\N	2026-02-06 19:49:10.462356	\N	\N	\N
8c95b41e-1670-40e6-a3b7-41cca215b272	\N	46e7ec52-2246-44b6-9c77-640bd843dba7	\N	Fidel	Jolly	medicroot14@gmail.com	954.245.2124	inactive	2024-07-01 00:00:00	\N	2026-02-05 15:25:44.844622	1650.00	\N	\N
a5996f00-086c-4ceb-82a5-7c98d442f799	\N	c6b6c9a9-56f9-4aaa-bb36-195ca6bf816b	\N	Donell	Lott	donnell_lott@yahoo.com	954.856.5318	inactive	2025-02-01 00:00:00	\N	2026-02-05 15:25:44.520641	1825.00	\N	\N
db290e15-abbc-4293-aa64-604cf78d9796	\N	90070f5e-3a98-4ebf-8ad5-3e6f40e10a89	\N	Andrei	Stamate	andymiami25@yahoo.com	305.519.5449	inactive	\N	\N	2026-02-06 19:29:13.437273	\N	\N	\N
f1a1a294-4139-4bb2-8483-b4985ea104b4	\N	8c330a58-e474-4b1c-a2d0-294d9edf0a7f	\N	Alan	Martinez	alan_barber_rd@hotmail.com	954.508.9800	inactive	\N	\N	2026-02-06 19:23:41.850778	\N	\N	\N
6deb9d17-9d36-40cd-b1fd-f0967c04c3fc	\N	ac746e92-6ecb-4e56-b4e7-eebbc1f7b27d	\N	Michael	Castillo	mikecast7@gmail.com	305.684.2511	inactive	2024-11-01 00:00:00	\N	2026-02-05 15:25:45.170736	1975.00	\N	\N
6a5073bc-24d2-421f-b8b5-7ee1ae241b15	\N	90a27344-6e91-46d9-953a-8ed29d05d856	\N	Joseph	Raussell	roussell.joseph@gmail.com	954.670.3603	inactive	2025-03-01 00:00:00	\N	2026-02-05 15:25:44.93277	1900.00	\N	\N
e73e273f-1c08-4b92-a73c-e03b6ff26518	\N	9026f5c4-57cd-424a-b2f5-530bf180c84f	\N	Chris	Brooks	chrisbrooks269@gmail.com	954.279.7434	inactive	2024-07-01 00:00:00	\N	2026-02-05 15:25:45.05176	1900.00	\N	\N
60b12745-2f37-463b-8122-68959b522b81	\N	27abbaba-c587-4e63-8904-e6aca672a77b	\N	Sheeba & Mason	Cole	ColeRealtyFL@gmail.com	954.778.6886	inactive	2025-03-01 00:00:00	\N	2026-02-05 15:25:44.756385	1850.00	\N	\N
dd0e9bff-2c5b-41e3-898d-a5eb61797aab	\N	a86ac1b9-2e41-4e82-bef0-f89a4c2c6af3	\N	Grendha Torres	Fernandez	torresgrendha@gmail.com	803.205.9363	inactive	\N	\N	2026-02-06 19:51:29.126987	\N	\N	\N
ec0175d2-39cf-4c93-9b36-704922b9f9f2	\N	e22bddd3-4771-4451-bdd9-95cd11e328ea	\N	Chong Hui	Yim	yimch1965.cy@gmail.com	901.631.0001	inactive	\N	\N	2026-02-06 19:33:00.974403	\N	\N	\N
4f6730b8-5351-48d3-af64-485a8ba3ff19	\N	e88fd285-ed8f-4704-a29e-9453177c1a78	\N	Aida	Matos	amatos@palmmedicalcenters.com	954.865.2867	inactive	\N	\N	2026-02-06 19:19:47.41978	\N	\N	\N
d5789aeb-3df6-413d-be54-f85190e324c2	\N	e8bac227-c8ff-42fe-adb4-c131e85bf61d	\N	Raymond	Rodriguez	Rays6090@yahoo.com	954.234.0027	inactive	2025-01-01 00:00:00	\N	2026-02-05 15:25:44.577803	1850.00	\N	\N
1e95d34d-5dce-4ec2-a749-0ce70d7e5ff5	\N	1f346dfa-32c1-44eb-a9dd-556d4d1de13f	\N	Harold	Barranco	harold.barranco@outlook.com	305.600.8780	inactive	\N	\N	2026-02-06 19:54:22.405317	\N	\N	\N
73666509-04c7-4196-bbb1-32bb625aabc8	\N	aa936a22-415e-421f-a8f6-864de4bea92e	\N	Luis	Mejias	ldmejis@gmail.com	954.630.6598	inactive	2024-10-01 00:00:00	\N	2026-02-05 15:25:45.199574	2300.00	\N	\N
b8179d2a-2831-4889-b6a2-46e621f62da2	\N	d4c28d6e-b53a-47e9-b162-596be30afdc4	\N	Eli 	Zeno	limorzeno@gmail.com	786.543.0687	inactive	\N	\N	2026-02-06 19:40:13.10483	\N	\N	\N
b0174803-da61-4ff8-8ed8-f57d03d4cbb0	\N	b3049bba-0101-4c43-9f9f-4444591f9d1a	\N	Evana	Francois	francoisevena80@gmail.com	754.204.7931	inactive	\N	\N	2026-02-06 19:42:19.136605	\N	\N	\N
86aa7513-2cfc-481e-8ef3-799e54a4ad78	\N	09e02c29-ca98-4401-a02c-bf7ff8c05690	\N	Luc & Kimberly	Atis	atislouco8@gmail.com	754.245.9328	inactive	2026-02-01 00:00:00	2027-01-31 00:00:00	2026-02-05 15:25:44.698108	1500.00	\N	\N
b3fcd381-a046-4c25-a28d-71992ac1ebf1	\N	1c6aa700-bc22-4acb-9159-01eab97f09f9	\N	Anthony	Darden	tonydarden677@gmail.com	954.628.2838	inactive	2024-10-01 00:00:00	\N	2026-02-05 15:25:44.636548	2050.00	\N	\N
3feb20b8-aa55-465d-9ee1-161a5ca508d6	\N	5b25bdca-4101-4e1e-b4cd-36e8ce0e2b0e	\N	Daniel	Figueroa	c.m.d.787@live.com	786.750.2743	inactive	\N	\N	2026-02-06 19:36:13.558783	\N	\N	\N
b1ac5f2e-f232-405c-a20f-2e121313bd3f	\N	6ff38c86-1c2f-4c91-9acf-7458690fee8a	\N	Nate	Philipson	natephilipson@yahoo.com	973.830.9772	inactive	2025-01-01 00:00:00	\N	2026-02-05 15:25:45.112757	1850.00	\N	\N
e98f0623-49a8-4eac-a0e4-330c92900ff2	\N	5eb0172c-2bd3-497a-8aa0-eab3e6151aa8	\N	Aura	Garces	auraandre@hotmail.com	305.992.3055	inactive	2025-01-01 00:00:00	\N	2026-02-05 15:25:44.606492	1825.00	\N	\N
5c60223e-f188-4b9d-9fb7-b1550ea2525e	\N	d8a88cf6-3d2b-4d68-b777-b9a59b0559de	\N	Doris	Navarro	dorisnava81@gmail.com	786.923.6116	inactive	2024-08-01 00:00:00	\N	2026-02-05 15:25:44.992673	1800.00	\N	\N
29be5c7c-205b-4851-a829-1108fcd5c3a4	\N	fc8496d2-6418-452c-b00f-933f0e6ac1a9	\N	Ann	Hamilton	rhodaannhamilton@gmail.com	305.335.0995	inactive	2024-06-01 00:00:00	\N	2026-02-05 15:25:44.549155	1800.00	\N	\N
387fdafb-4fc9-4628-b3c4-8e01cdbbbc4c	\N	be8fe484-b83e-4a28-9563-a3ef22d34862	\N	Antonio	Munroe	randellmunroe@gmail.com	954.909.8074	inactive	2024-07-01 00:00:00	\N	2026-02-05 15:25:44.727148	1650.00	\N	\N
676223ba-a96d-419f-84c0-70e53399b9b9	\N	abe74a99-2bb2-495a-9602-bbefaa9d30a0	\N	Terry	Mais	terimaiswalters@gmail.com	954.371.9048	inactive	2024-07-01 00:00:00	\N	2026-02-05 15:25:44.460563	1600.00	\N	\N
fe5243c2-dca1-46b0-a98c-b9bd09e8edde	\N	b89f602d-1298-41e5-90fc-9b63afec44e9	\N	Marialina	Villa Rivas	translationaid@aol.com	541.613.3215	inactive	2024-05-01 00:00:00	\N	2026-02-05 15:25:44.962041	1800.00	\N	\N
319c445e-131e-4beb-b85b-44e58ae2b06f	\N	21aa2680-ec07-4f0d-9422-73a55b6fb60d	\N	Indira	Ramdial	iramdial928@yahoo.com	954.446.3037	inactive	2024-08-01 00:00:00	\N	2026-02-05 15:25:44.903998	2300.00	\N	\N
48d65dcf-badd-44c2-8cea-48f380e85805	\N	fa3d9be2-16fc-4144-aec3-d484b7b08de7	\N	Marta	Morazan	marthamorazan09@gmail.com	786.926.0157	inactive	\N	\N	2026-02-06 20:23:30.685806	\N	\N	\N
e38460d5-c080-40d9-a3d3-7d03a045108e	\N	5bc42ae3-b5cc-4d58-9333-b33bec9dd821	\N	Peterson	Pierre	petersonnoel2012@gmail.com	954.553.6919	inactive	2025-12-01 00:00:00	2026-11-30 00:00:00	2026-02-18 01:21:02.880572	\N	\N	\N
1ec163c9-fd42-45a1-ad8f-810523061042	\N	92930759-61f7-4699-98a1-bc5fdd072327	\N	Reinier	Soto	reiniersoto20@gmail.com	719.726.0997	inactive	\N	\N	2026-02-06 22:17:35.903752	\N	\N	\N
72842a58-b129-40f1-9d36-ae87ef2a0969	\N	c2aaa73a-7f84-4c7d-931d-d5fba202d61c	\N	Javier	Gomez	jjgomezcruz78@gmail.com	954.872.6504	inactive	\N	\N	2026-02-06 20:03:10.476819	\N	\N	\N
f66f312c-7270-4a9a-8b46-bfc07687bdd3	\N	0da4bc3f-b4af-4d76-9236-6d357eb629d6	\N	Norma	Feldman	stevenleefeldmanmd@gmail.com	954.816.2212	inactive	\N	\N	2026-02-06 20:26:44.521525	\N	\N	\N
da1db128-3ee4-4648-b736-5b4cf1f6d83a	\N	59ef9f3d-685c-4557-92f8-7bb67244d303	\N	Scott	Parmley	scott@alphacgc.com	305.389.4766	inactive	\N	\N	2026-02-06 20:40:23.930232	\N	\N	\N
57daac38-7e27-4bd0-9124-9518be954dc9	\N	f8481f03-f05a-48f3-9c41-49dd2ceb22b7	\N	Katia	Acevedo	infoatouchofmagic@gmail.com	786.510.7049	inactive	\N	\N	2026-02-06 20:12:40.355155	\N	\N	\N
d48f96fc-74c4-4ae8-a1a8-125c294aaef2	\N	08a4ac57-f238-4da3-9bae-2fe844271b97	\N	Rayon	Angell	jhopp2021@gmail.com	954.816.3043	inactive	\N	\N	2026-02-06 20:32:28.1287	\N	\N	\N
443f3c98-78c2-4344-b378-1b60a711255e	\N	43195ca4-5135-4371-bce8-3b5e6ecc7372	\N	Hershel	Brach	hershy@sheilamanagement.com	917.494.4348	inactive	\N	\N	2026-02-06 19:55:52.15788	\N	\N	\N
41d84dfe-4957-44af-8a98-cd2d59c4d711	\N	5af20f69-9c8a-4e08-a4fb-1424a3c8b4ba	\N	Luz	Betancur	luzb077@yahoo.com	603.966.8545	inactive	\N	\N	2026-02-06 20:21:05.878222	\N	\N	\N
e482bc80-5b03-4556-93cf-0a945c5de35c	\N	196b5689-3295-4b2a-a79b-cb111ad934ec	\N	Yuda	Cohen	bek.envy@yahoo.com	954.868.0100	inactive	\N	\N	2026-02-06 20:46:34.616778	\N	\N	\N
90460276-b6bb-4859-b5eb-06d5a452fb67	\N	4d0b1796-73dc-4845-a88e-15defa0a6597	\N	Julissa	Fermin	jufermin@yahoo.com	864.509.4833	inactive	\N	\N	2026-02-06 20:11:24.678197	\N	\N	\N
14044383-1b71-42b2-8777-82d3cc09dcb1	\N	67708874-dff1-4013-baa7-7781a95ed6a6	\N	Jones	John	drjjohn3@gmail.com	954.465.9819	inactive	\N	\N	2026-02-06 20:06:41.550622	\N	\N	\N
303409bf-06de-49cc-842c-88cb9b25930c	\N	1498ec04-ea47-48ab-affd-6bc5e645db54	\N	Shaquila	Ford	shaquilaford0@gmail.com	954.439.9442	inactive	\N	\N	2026-02-06 20:41:45.494411	\N	\N	\N
02715854-9903-4614-83bd-ababe94e0bda	\N	72d41b3a-57da-401e-b935-e4df326e908d	\N	Jose	Gnecco	fellohtlm@gmail.com	561.801.5082	inactive	\N	\N	2026-02-06 20:10:05.793296	\N	\N	\N
38828046-9d17-417e-a704-f96137e60581	\N	a1c05875-31c4-474f-8cd8-20e36fc1372f	\N	Carolyn	Perez	carolynreyespe@gmail.com	786.413.8302	inactive	2026-02-01 00:00:00	\N	2026-02-09 13:44:55.924479	\N	\N	\N
7b106bde-0ce3-4ae1-97f3-1ff0a6136af6	\N	a99f9e45-fecc-4c64-8914-7929e6c98ae9	\N	Lori	Gray	calypso4life@gmail.com	954.696.7467	inactive	\N	\N	2026-02-06 20:19:24.498284	\N	\N	\N
c1317972-e10e-4ff5-9dfc-b7a49065b703	\N	fa291d82-436a-4552-a950-fc76c4ef3f94	\N	Joanna	Kearns	loren7296@gmail.com	786.382.5401	inactive	\N	\N	2026-02-06 20:04:31.984765	\N	\N	\N
0eb4a8cf-ecac-4106-9847-76b875c048b4	\N	e0d13e3b-0693-4a08-a08a-a08f96743052	\N	Valerii	Kononenko	business.mail1832@gmail.com	754.801.1832	inactive	\N	\N	2026-02-06 20:43:09.551421	\N	\N	\N
216b86ab-2883-493e-ab68-f1a3ef1503e4	\N	569d10ea-aadf-4416-9ece-4564c90b2da9	\N	Jackie	Moncada	usmaanmoncada@gmail.com	754.210.4933	inactive	\N	\N	2026-02-06 20:01:30.912166	\N	\N	\N
ec6b578f-2814-4e56-8ec8-f3b78956585b	\N	83e3e8c8-3a19-43e7-ac98-decf70e07373	\N	William	Mathurin	wmathurin64@gmail.com	504.710.5269	inactive	\N	\N	2026-02-06 20:45:47.302581	\N	\N	\N
088d235c-277f-4a8b-9ebe-33f7d0f20221	\N	2b357005-1311-4eb2-82de-ae4017d78303	\N	Olga	Martinez	olga.velasquez1@gmail.com	954.661.3854	inactive	\N	\N	2026-02-06 20:30:44.761182	\N	\N	\N
0946dcb5-100a-417e-9810-505628513a45	\N	e3816d0c-ecf7-4513-bc85-c8bfd9cd8205	\N	Michele	Oleary	michele.debuonooleary@usoncology.com	954.695.5392	inactive	\N	\N	2026-02-06 20:25:14.054216	\N	\N	\N
1dd67894-ce61-4481-a7f9-5333f7d75f00	\N	a4ca4214-210f-436d-8f8c-6fc1b51fb7fb	\N	Lannie	Walker	lannie_walker@yahoo.com	954.383.7031	inactive	\N	\N	2026-02-06 20:14:35.128076	\N	\N	\N
8a3ac9d3-7d4a-473f-bf80-f43a8cd5db64	\N	164584b9-d32b-46e8-aa11-b09957e47c3e	\N	Olenni	Rosario	lennyrosario99@gmail.com	786.376.9552	inactive	\N	\N	2026-02-06 20:29:37.877492	\N	\N	\N
5285bdc3-fd24-4657-ad05-95fc6158d319	\N	86f68b5a-519e-451b-aa3f-3715e0d4e312	\N	Jorge	Galvez	paveldominguez33@gmail.com	786.539.6579	inactive	2026-03-01 00:00:00	2029-02-28 00:00:00	2026-02-06 20:08:29.122404	\N	\N	\N
7845ce20-b115-4785-a452-ecda45d633b0	\N	a591f7bd-9537-4d4d-a3dd-ade92561d0a9	\N	Roger	Vilca	vilcaespinozaroger@gmail.com	954.982.4659	inactive	\N	\N	2026-02-06 20:39:00.032862	1700.00	\N	\N
113c4ba7-e8f2-4230-baaa-c087d8fd9c1f	\N	8ba371a7-9289-4d65-b742-7c9f46568829	\N	Yanni	Sabag	yanisho@hotmail.com	9543383885	inactive	2026-02-18 00:00:00	2026-04-30 00:00:00	2026-02-18 17:45:45.102123	\N	\N	\N
18dbb1ab-a366-48fa-9aaf-3cdb5ae65c7a	\N	b3e38bb5-c629-4dbe-a8e7-ba12833b79b7	\N	Stephanie	Thelemaque	Stephaniethelemaque4@gmail.com	239.234.9063	inactive	2026-03-01 00:00:00	2027-02-28 00:00:00	2026-02-19 22:40:20.12395	1800.00	1800.00	\N
\.


--
-- Data for Name: units; Type: TABLE DATA; Schema: public; Owner: neondb_owner
--

COPY public.units (id, property_id, unit_label, bedrooms, bathrooms, sqft, rent_amount, status, created_at) FROM stdin;
\.


--
-- Data for Name: user_profiles; Type: TABLE DATA; Schema: public; Owner: neondb_owner
--

COPY public.user_profiles (id, user_id, role, phone, status, created_at, updated_at, profile_image) FROM stdin;
4ffcd49c-963b-465f-856a-59fd82475266	VrrvTB	ADMIN	\N	active	2026-01-27 04:46:56.619105	2026-01-27 04:46:56.619105	\N
87e4654c-19fe-49c5-8405-a4d42a913978	48030321	ADMIN	\N	active	2026-01-31 00:00:53.317074	2026-01-31 00:00:53.317074	\N
e9e1a312-168d-425b-8b18-6a7383ce06cf	53984724	ADMIN	\N	active	2026-01-31 01:44:26.112673	2026-01-31 01:44:26.112673	\N
9d1acc87-40d8-4af9-bf08-ef60fa34024b	53972680	ADMIN	\N	active	2026-01-31 20:07:27.238763	2026-01-31 20:07:27.238763	\N
\.


--
-- Data for Name: users; Type: TABLE DATA; Schema: public; Owner: neondb_owner
--

COPY public.users (id, email, first_name, last_name, profile_image_url, created_at, updated_at) FROM stdin;
VrrvTB	VrrvTB@example.com	John	Doe	\N	2026-01-27 04:46:32.789065	2026-01-27 04:46:32.789065
48030321	manceraj215@gmail.com	\N	\N	\N	2026-01-29 03:07:22.307036	2026-01-31 00:00:51.992
53893346	entpnrseb29@gmail.com	\N	\N	\N	2026-01-29 03:05:24.257275	2026-01-31 20:05:08.975
53972680	kairosaiagency@gmail.com	\N	\N	\N	2026-01-30 18:27:21.022586	2026-01-31 20:07:25.617
53984724	yanisho@hotmail.com	Yanni	Sabag	\N	2026-01-31 01:44:24.307248	2026-02-18 20:42:22.845
\.



--
-- Name: replit_database_migrations_v1 replit_database_migrations_v1_pkey; Type: CONSTRAINT; Schema: _system; Owner: neondb_owner
--

ALTER TABLE ONLY _system.replit_database_migrations_v1
    ADD CONSTRAINT replit_database_migrations_v1_pkey PRIMARY KEY (id);


--
-- Name: applications applications_pkey; Type: CONSTRAINT; Schema: public; Owner: neondb_owner
--

ALTER TABLE ONLY public.applications
    ADD CONSTRAINT applications_pkey PRIMARY KEY (id);


--
-- Name: audit_logs audit_logs_pkey; Type: CONSTRAINT; Schema: public; Owner: neondb_owner
--

ALTER TABLE ONLY public.audit_logs
    ADD CONSTRAINT audit_logs_pkey PRIMARY KEY (id);


--
-- Name: entities entities_pkey; Type: CONSTRAINT; Schema: public; Owner: neondb_owner
--

ALTER TABLE ONLY public.entities
    ADD CONSTRAINT entities_pkey PRIMARY KEY (id);


--
-- Name: expenses expenses_pkey; Type: CONSTRAINT; Schema: public; Owner: neondb_owner
--

ALTER TABLE ONLY public.expenses
    ADD CONSTRAINT expenses_pkey PRIMARY KEY (id);


--
-- Name: files files_pkey; Type: CONSTRAINT; Schema: public; Owner: neondb_owner
--

ALTER TABLE ONLY public.files
    ADD CONSTRAINT files_pkey PRIMARY KEY (id);


--
-- Name: invoice_items invoice_items_pkey; Type: CONSTRAINT; Schema: public; Owner: neondb_owner
--

ALTER TABLE ONLY public.invoice_items
    ADD CONSTRAINT invoice_items_pkey PRIMARY KEY (id);


--
-- Name: leases leases_pkey; Type: CONSTRAINT; Schema: public; Owner: neondb_owner
--

ALTER TABLE ONLY public.leases
    ADD CONSTRAINT leases_pkey PRIMARY KEY (id);


--
-- Name: maintenance_attachments maintenance_attachments_pkey; Type: CONSTRAINT; Schema: public; Owner: neondb_owner
--

ALTER TABLE ONLY public.maintenance_attachments
    ADD CONSTRAINT maintenance_attachments_pkey PRIMARY KEY (id);


--
-- Name: maintenance_messages maintenance_messages_pkey; Type: CONSTRAINT; Schema: public; Owner: neondb_owner
--

ALTER TABLE ONLY public.maintenance_messages
    ADD CONSTRAINT maintenance_messages_pkey PRIMARY KEY (id);


--
-- Name: maintenance_requests maintenance_requests_pkey; Type: CONSTRAINT; Schema: public; Owner: neondb_owner
--

ALTER TABLE ONLY public.maintenance_requests
    ADD CONSTRAINT maintenance_requests_pkey PRIMARY KEY (id);


--
-- Name: maintenance_requests maintenance_requests_ticket_number_unique; Type: CONSTRAINT; Schema: public; Owner: neondb_owner
--

ALTER TABLE ONLY public.maintenance_requests
    ADD CONSTRAINT maintenance_requests_ticket_number_unique UNIQUE (ticket_number);


--
-- Name: payments payments_pkey; Type: CONSTRAINT; Schema: public; Owner: neondb_owner
--

ALTER TABLE ONLY public.payments
    ADD CONSTRAINT payments_pkey PRIMARY KEY (id);


--
-- Name: properties properties_pkey; Type: CONSTRAINT; Schema: public; Owner: neondb_owner
--

ALTER TABLE ONLY public.properties
    ADD CONSTRAINT properties_pkey PRIMARY KEY (id);


--
-- Name: properties properties_property_code_unique; Type: CONSTRAINT; Schema: public; Owner: neondb_owner
--

ALTER TABLE ONLY public.properties
    ADD CONSTRAINT properties_property_code_unique UNIQUE (property_code);


--
-- Name: public_properties public_properties_pkey; Type: CONSTRAINT; Schema: public; Owner: neondb_owner
--

ALTER TABLE ONLY public.public_properties
    ADD CONSTRAINT public_properties_pkey PRIMARY KEY (id);


--
-- Name: public_properties public_properties_property_id_unique; Type: CONSTRAINT; Schema: public; Owner: neondb_owner
--

ALTER TABLE ONLY public.public_properties
    ADD CONSTRAINT public_properties_property_id_unique UNIQUE (property_id);


--
-- Name: rent_charges rent_charges_pkey; Type: CONSTRAINT; Schema: public; Owner: neondb_owner
--

ALTER TABLE ONLY public.rent_charges
    ADD CONSTRAINT rent_charges_pkey PRIMARY KEY (id);


--
-- Name: sessions sessions_pkey; Type: CONSTRAINT; Schema: public; Owner: neondb_owner
--

ALTER TABLE ONLY public.sessions
    ADD CONSTRAINT sessions_pkey PRIMARY KEY (sid);


--
-- Name: tenants tenants_pkey; Type: CONSTRAINT; Schema: public; Owner: neondb_owner
--

ALTER TABLE ONLY public.tenants
    ADD CONSTRAINT tenants_pkey PRIMARY KEY (id);


--
-- Name: units units_pkey; Type: CONSTRAINT; Schema: public; Owner: neondb_owner
--

ALTER TABLE ONLY public.units
    ADD CONSTRAINT units_pkey PRIMARY KEY (id);


--
-- Name: user_profiles user_profiles_pkey; Type: CONSTRAINT; Schema: public; Owner: neondb_owner
--

ALTER TABLE ONLY public.user_profiles
    ADD CONSTRAINT user_profiles_pkey PRIMARY KEY (id);


--
-- Name: user_profiles user_profiles_user_id_unique; Type: CONSTRAINT; Schema: public; Owner: neondb_owner
--

ALTER TABLE ONLY public.user_profiles
    ADD CONSTRAINT user_profiles_user_id_unique UNIQUE (user_id);


--
-- Name: users users_email_unique; Type: CONSTRAINT; Schema: public; Owner: neondb_owner
--

ALTER TABLE ONLY public.users
    ADD CONSTRAINT users_email_unique UNIQUE (email);


--
-- Name: users users_pkey; Type: CONSTRAINT; Schema: public; Owner: neondb_owner
--

ALTER TABLE ONLY public.users
    ADD CONSTRAINT users_pkey PRIMARY KEY (id);


--
-- Name: idx_replit_database_migrations_v1_build_id; Type: INDEX; Schema: _system; Owner: neondb_owner
--

CREATE UNIQUE INDEX idx_replit_database_migrations_v1_build_id ON _system.replit_database_migrations_v1 USING btree (build_id);


--
-- Name: IDX_session_expire; Type: INDEX; Schema: public; Owner: neondb_owner
--

CREATE INDEX "IDX_session_expire" ON public.sessions USING btree (expire);


--
-- Name: idx_audit_logs_entity; Type: INDEX; Schema: public; Owner: neondb_owner
--

CREATE INDEX idx_audit_logs_entity ON public.audit_logs USING btree (entity_type, entity_id);


--
-- Name: applications applications_property_id_properties_id_fk; Type: FK CONSTRAINT; Schema: public; Owner: neondb_owner
--

ALTER TABLE ONLY public.applications
    ADD CONSTRAINT applications_property_id_properties_id_fk FOREIGN KEY (property_id) REFERENCES public.properties(id);


--
-- Name: applications applications_unit_id_units_id_fk; Type: FK CONSTRAINT; Schema: public; Owner: neondb_owner
--

ALTER TABLE ONLY public.applications
    ADD CONSTRAINT applications_unit_id_units_id_fk FOREIGN KEY (unit_id) REFERENCES public.units(id);


--
-- Name: expenses expenses_maintenance_request_id_maintenance_requests_id_fk; Type: FK CONSTRAINT; Schema: public; Owner: neondb_owner
--

ALTER TABLE ONLY public.expenses
    ADD CONSTRAINT expenses_maintenance_request_id_maintenance_requests_id_fk FOREIGN KEY (maintenance_request_id) REFERENCES public.maintenance_requests(id);


--
-- Name: expenses expenses_property_id_properties_id_fk; Type: FK CONSTRAINT; Schema: public; Owner: neondb_owner
--

ALTER TABLE ONLY public.expenses
    ADD CONSTRAINT expenses_property_id_properties_id_fk FOREIGN KEY (property_id) REFERENCES public.properties(id);


--
-- Name: expenses expenses_tenant_id_tenants_id_fk; Type: FK CONSTRAINT; Schema: public; Owner: neondb_owner
--

ALTER TABLE ONLY public.expenses
    ADD CONSTRAINT expenses_tenant_id_tenants_id_fk FOREIGN KEY (tenant_id) REFERENCES public.tenants(id);


--
-- Name: invoice_items invoice_items_rent_charge_id_rent_charges_id_fk; Type: FK CONSTRAINT; Schema: public; Owner: neondb_owner
--

ALTER TABLE ONLY public.invoice_items
    ADD CONSTRAINT invoice_items_rent_charge_id_rent_charges_id_fk FOREIGN KEY (rent_charge_id) REFERENCES public.rent_charges(id) ON DELETE CASCADE;


--
-- Name: leases leases_property_id_properties_id_fk; Type: FK CONSTRAINT; Schema: public; Owner: neondb_owner
--

ALTER TABLE ONLY public.leases
    ADD CONSTRAINT leases_property_id_properties_id_fk FOREIGN KEY (property_id) REFERENCES public.properties(id);


--
-- Name: leases leases_tenant_id_tenants_id_fk; Type: FK CONSTRAINT; Schema: public; Owner: neondb_owner
--

ALTER TABLE ONLY public.leases
    ADD CONSTRAINT leases_tenant_id_tenants_id_fk FOREIGN KEY (tenant_id) REFERENCES public.tenants(id);


--
-- Name: leases leases_unit_id_units_id_fk; Type: FK CONSTRAINT; Schema: public; Owner: neondb_owner
--

ALTER TABLE ONLY public.leases
    ADD CONSTRAINT leases_unit_id_units_id_fk FOREIGN KEY (unit_id) REFERENCES public.units(id);


--
-- Name: maintenance_attachments maintenance_attachments_file_id_files_id_fk; Type: FK CONSTRAINT; Schema: public; Owner: neondb_owner
--

ALTER TABLE ONLY public.maintenance_attachments
    ADD CONSTRAINT maintenance_attachments_file_id_files_id_fk FOREIGN KEY (file_id) REFERENCES public.files(id);


--
-- Name: maintenance_attachments maintenance_attachments_request_id_maintenance_requests_id_fk; Type: FK CONSTRAINT; Schema: public; Owner: neondb_owner
--

ALTER TABLE ONLY public.maintenance_attachments
    ADD CONSTRAINT maintenance_attachments_request_id_maintenance_requests_id_fk FOREIGN KEY (request_id) REFERENCES public.maintenance_requests(id);


--
-- Name: maintenance_messages maintenance_messages_request_id_maintenance_requests_id_fk; Type: FK CONSTRAINT; Schema: public; Owner: neondb_owner
--

ALTER TABLE ONLY public.maintenance_messages
    ADD CONSTRAINT maintenance_messages_request_id_maintenance_requests_id_fk FOREIGN KEY (request_id) REFERENCES public.maintenance_requests(id);


--
-- Name: maintenance_requests maintenance_requests_property_id_properties_id_fk; Type: FK CONSTRAINT; Schema: public; Owner: neondb_owner
--

ALTER TABLE ONLY public.maintenance_requests
    ADD CONSTRAINT maintenance_requests_property_id_properties_id_fk FOREIGN KEY (property_id) REFERENCES public.properties(id);


--
-- Name: maintenance_requests maintenance_requests_tenant_id_tenants_id_fk; Type: FK CONSTRAINT; Schema: public; Owner: neondb_owner
--

ALTER TABLE ONLY public.maintenance_requests
    ADD CONSTRAINT maintenance_requests_tenant_id_tenants_id_fk FOREIGN KEY (tenant_id) REFERENCES public.tenants(id);


--
-- Name: maintenance_requests maintenance_requests_unit_id_units_id_fk; Type: FK CONSTRAINT; Schema: public; Owner: neondb_owner
--

ALTER TABLE ONLY public.maintenance_requests
    ADD CONSTRAINT maintenance_requests_unit_id_units_id_fk FOREIGN KEY (unit_id) REFERENCES public.units(id);


--
-- Name: payments payments_entity_id_entities_id_fk; Type: FK CONSTRAINT; Schema: public; Owner: neondb_owner
--

ALTER TABLE ONLY public.payments
    ADD CONSTRAINT payments_entity_id_entities_id_fk FOREIGN KEY (entity_id) REFERENCES public.entities(id);


--
-- Name: payments payments_property_id_properties_id_fk; Type: FK CONSTRAINT; Schema: public; Owner: neondb_owner
--

ALTER TABLE ONLY public.payments
    ADD CONSTRAINT payments_property_id_properties_id_fk FOREIGN KEY (property_id) REFERENCES public.properties(id);


--
-- Name: payments payments_tenant_id_tenants_id_fk; Type: FK CONSTRAINT; Schema: public; Owner: neondb_owner
--

ALTER TABLE ONLY public.payments
    ADD CONSTRAINT payments_tenant_id_tenants_id_fk FOREIGN KEY (tenant_id) REFERENCES public.tenants(id);


--
-- Name: properties properties_entity_id_entities_id_fk; Type: FK CONSTRAINT; Schema: public; Owner: neondb_owner
--

ALTER TABLE ONLY public.properties
    ADD CONSTRAINT properties_entity_id_entities_id_fk FOREIGN KEY (entity_id) REFERENCES public.entities(id);


--
-- Name: rent_charges rent_charges_lease_id_leases_id_fk; Type: FK CONSTRAINT; Schema: public; Owner: neondb_owner
--

ALTER TABLE ONLY public.rent_charges
    ADD CONSTRAINT rent_charges_lease_id_leases_id_fk FOREIGN KEY (lease_id) REFERENCES public.leases(id);


--
-- Name: rent_charges rent_charges_property_id_properties_id_fk; Type: FK CONSTRAINT; Schema: public; Owner: neondb_owner
--

ALTER TABLE ONLY public.rent_charges
    ADD CONSTRAINT rent_charges_property_id_properties_id_fk FOREIGN KEY (property_id) REFERENCES public.properties(id);


--
-- Name: rent_charges rent_charges_tenant_id_tenants_id_fk; Type: FK CONSTRAINT; Schema: public; Owner: neondb_owner
--

ALTER TABLE ONLY public.rent_charges
    ADD CONSTRAINT rent_charges_tenant_id_tenants_id_fk FOREIGN KEY (tenant_id) REFERENCES public.tenants(id);


--
-- Name: tenants tenants_property_id_properties_id_fk; Type: FK CONSTRAINT; Schema: public; Owner: neondb_owner
--

ALTER TABLE ONLY public.tenants
    ADD CONSTRAINT tenants_property_id_properties_id_fk FOREIGN KEY (property_id) REFERENCES public.properties(id);


--
-- Name: tenants tenants_unit_id_units_id_fk; Type: FK CONSTRAINT; Schema: public; Owner: neondb_owner
--

ALTER TABLE ONLY public.tenants
    ADD CONSTRAINT tenants_unit_id_units_id_fk FOREIGN KEY (unit_id) REFERENCES public.units(id);


--
-- Name: tenants tenants_user_id_users_id_fk; Type: FK CONSTRAINT; Schema: public; Owner: neondb_owner
--

ALTER TABLE ONLY public.tenants
    ADD CONSTRAINT tenants_user_id_users_id_fk FOREIGN KEY (user_id) REFERENCES public.users(id);


--
-- Name: units units_property_id_properties_id_fk; Type: FK CONSTRAINT; Schema: public; Owner: neondb_owner
--

ALTER TABLE ONLY public.units
    ADD CONSTRAINT units_property_id_properties_id_fk FOREIGN KEY (property_id) REFERENCES public.properties(id);


--
-- Name: user_profiles user_profiles_user_id_users_id_fk; Type: FK CONSTRAINT; Schema: public; Owner: neondb_owner
--

ALTER TABLE ONLY public.user_profiles
    ADD CONSTRAINT user_profiles_user_id_users_id_fk FOREIGN KEY (user_id) REFERENCES public.users(id);


--
-- Name: DEFAULT PRIVILEGES FOR SEQUENCES; Type: DEFAULT ACL; Schema: public; Owner: cloud_admin
--

ALTER DEFAULT PRIVILEGES FOR ROLE cloud_admin IN SCHEMA public GRANT ALL ON SEQUENCES TO neon_superuser WITH GRANT OPTION;


--
-- Name: DEFAULT PRIVILEGES FOR TABLES; Type: DEFAULT ACL; Schema: public; Owner: cloud_admin
--

ALTER DEFAULT PRIVILEGES FOR ROLE cloud_admin IN SCHEMA public GRANT ALL ON TABLES TO neon_superuser WITH GRANT OPTION;